This is the mail archive of the
gcc-testresults@gcc.gnu.org
mailing list for the GCC project.
Results for 3.1 20010904 (experimental) testsuite on i686-pc-linux-gnu
- To: gcc-testresults at gcc dot gnu dot org
- Subject: Results for 3.1 20010904 (experimental) testsuite on i686-pc-linux-gnu
- From: Neil Booth <neil at daikokuya dot demon dot co dot uk>
- Date: Wed, 05 Sep 2001 07:50:09 +0100
LAST_UPDATED:
Native configuration is i686-pc-linux-gnu
=== g++ tests ===
Running target unix
FAIL: g++.eh/terminate2.C Execution test
FAIL: g++.other/enum5.C (test for excess errors)
XPASS: g++.robertl/eb17.C Execution test
=== g++ Summary ===
# of expected passes 6614
# of unexpected failures 2
# of unexpected successes 1
# of expected failures 96
# of untested testcases 9
/home/neil/src/gcc/build/gcc/testsuite/../g++ version 3.1 20010904 (experimental)
=== gcc tests ===
Running target unix
FAIL: gcc.misc-tests/gcov-3.c gcov: 4:is 2:should be 1
=== gcc Summary ===
# of expected passes 15726
# of unexpected failures 1
# of expected failures 66
# of unsupported tests 23
/home/neil/src/gcc/build/gcc/xgcc version 3.1 20010904 (experimental)
=== objc tests ===
Running target unix
FAIL: objc/execute/formal_protocol-6.m execution, -O
=== objc Summary ===
# of expected passes 202
# of unexpected failures 1
/home/neil/src/gcc/build/gcc/xgcc version 3.1 20010904 (experimental)
=== libstdc++-v3 tests ===
Running target unix
FAIL: 22_locale/codecvt.cc (test for excess errors)
XPASS: 22_locale/collate_members_wchar_t.cc execution test
XPASS: 22_locale/money_put_members_char.cc execution test
=== libstdc++-v3 Summary ===
# of expected passes 298
# of unexpected failures 1
# of unexpected successes 2
# of expected failures 17
Compiler version: 3.1 20010904 (experimental)
Platform: i686-pc-linux-gnu
configure flags: --host=i686-pc-linux-gnu --enable-shared --enable-threads=posix --enable-languages=c,objc,c++