This is the mail archive of the
gcc-testresults@gcc.gnu.org
mailing list for the GCC project.
Results for 3.1 20010903 (experimental) testsuite on i686-redhat-linux-gnu
- To: gcc-testresults at gcc dot gnu dot org
- Subject: Results for 3.1 20010903 (experimental) testsuite on i686-redhat-linux-gnu
- From: Horst von Brand <vonbrand at sleipnir dot valparaiso dot cl>
- Date: Mon, 3 Sep 2001 23:25:38 -0400
LAST_UPDATED: Mon Sep 3 22:56:54 UTC 2001
Native configuration is i686-redhat-linux-gnu
=== g77 tests ===
Running target unix
=== g77 Summary ===
# of expected passes 1317
=== gcc tests ===
Running target unix
FAIL: gcc.dg/format/c90-scanf-1.c writing into NULL (test for warnings, line 118)
FAIL: gcc.dg/format/c90-scanf-1.c (test for excess errors)
FAIL: gcc.dg/format/xopen-1.c multiple use of scanf argument (test for warnings, line 115)
FAIL: gcc.dg/format/xopen-1.c multiple use of scanf argument (test for warnings, line 115)
FAIL: gcc.misc-tests/gcov-3.c gcov: 4:is 2:should be 1
=== gcc Summary ===
# of expected passes 15722
# of unexpected failures 5
# of expected failures 66
# of unsupported tests 23
/usr/src/build/GCC/build-gcc-20010903/gcc/xgcc version 3.1 20010903 (experimental)
=== g++ tests ===
Running target unix
FAIL: g++.eh/terminate2.C Execution test
FAIL: g++.other/enum5.C (test for excess errors)
XPASS: g++.robertl/eb17.C Execution test
=== g++ Summary ===
# of expected passes 6613
# of unexpected failures 2
# of unexpected successes 1
# of expected failures 95
# of untested testcases 9
/usr/src/build/GCC/build-gcc-20010903/gcc/testsuite/../g++ version 3.1 20010903 (experimental)
=== objc tests ===
Running target unix
FAIL: objc/execute/formal_protocol-6.m execution, -O
=== objc Summary ===
# of expected passes 202
# of unexpected failures 1
/usr/src/build/GCC/build-gcc-20010903/gcc/xgcc version 3.1 20010903 (experimental)
=== libjava tests ===
Running target unix
FAIL: register run
FAIL: Primes output from source compiled test
FAIL: Primes output from bytecode->native test
FAIL: Primes -O output from source compiled test
FAIL: Primes -O output from bytecode->native test
FAIL: final_static_and_friend output from bytecode->native test
FAIL: final_static_and_friend -O output from bytecode->native test
XPASS: stringconst output from bytecode->native test
XPASS: stringconst -O output from bytecode->native test
=== libjava Summary ===
# of expected passes 1877
# of unexpected failures 7
# of unexpected successes 2
# of expected failures 16
# of untested testcases 17
=== libstdc++-v3 tests ===
Running target unix
FAIL: 22_locale/codecvt.cc (test for excess errors)
XPASS: 22_locale/collate_members_wchar_t.cc execution test
XPASS: 22_locale/money_put_members_char.cc execution test
=== libstdc++-v3 Summary ===
# of expected passes 298
# of unexpected failures 1
# of unexpected successes 2
# of expected failures 17
Compiler version: 3.1 20010903 (experimental)
Platform: i686-redhat-linux-gnu
configure flags: --host=i686-redhat-linux --enable-shared --enable-threads --enable-haifa --enable-cpp --with-system-zlib --prefix=/usr