This is the mail archive of the
gcc-testresults@gcc.gnu.org
mailing list for the GCC project.
Results for 3.1 20010901 (experimental) testsuite on m68k-unknown-linux-gnu
- To: gcc-testresults at gcc dot gnu dot org
- Subject: Results for 3.1 20010901 (experimental) testsuite on m68k-unknown-linux-gnu
- From: Roman Zippel <zippel at linux-m68k dot org>
- Date: Mon, 03 Sep 2001 01:15:05 +0200
LAST_UPDATED: Sat Sep 1 11:52:23 UTC 2001
Native configuration is m68k-unknown-linux-gnu
=== g++ tests ===
Running target unix
FAIL: g++.eh/spec3.C Execution test
FAIL: g++.eh/spec4.C Execution test
FAIL: g++.other/enum5.C (test for excess errors)
XPASS: g++.robertl/eb17.C Execution test
=== g++ Summary ===
# of expected passes 6596
# of unexpected failures 3
# of unexpected successes 1
# of expected failures 95
# of untested testcases 21
/old/src/gcc/egcs-build/gcc/testsuite/../g++ version 3.1 20010901 (experimental)
=== g77 tests ===
Running target unix
=== g77 Summary ===
# of expected passes 1301
# of unsupported tests 8
=== gcc tests ===
Running target unix
FAIL: gcc.c-torture/compile/20001226-1.c, -O0
FAIL: gcc.c-torture/compile/20001226-1.c, -O2
FAIL: gcc.c-torture/compile/20001226-1.c, -O3 -fomit-frame-pointer
FAIL: gcc.c-torture/compile/20001226-1.c, -O3 -g
FAIL: gcc.c-torture/compile/20001226-1.c, -Os
FAIL: gcc.c-torture/execute/20010122-1.c execution, -O3 -fomit-frame-pointer
FAIL: gcc.c-torture/execute/20010122-1.c execution, -O3 -fomit-frame-pointer -funroll-loops
FAIL: gcc.c-torture/execute/20010122-1.c execution, -O3 -fomit-frame-pointer -funroll-all-loops -finline-functions
FAIL: gcc.c-torture/execute/loop-2b.c execution, -O2
FAIL: gcc.c-torture/execute/loop-2b.c execution, -O3 -fomit-frame-pointer
FAIL: gcc.c-torture/execute/loop-2b.c execution, -O3 -fomit-frame-pointer -funroll-loops
FAIL: gcc.c-torture/execute/loop-2b.c execution, -O3 -fomit-frame-pointer -funroll-all-loops -finline-functions
FAIL: gcc.c-torture/execute/loop-2b.c execution, -O3 -g
FAIL: gcc.c-torture/execute/loop-2b.c execution, -Os
FAIL: gcc.c-torture/execute/loop-2e.c execution, -O0
FAIL: gcc.c-torture/execute/loop-2e.c execution, -O1
FAIL: gcc.c-torture/execute/loop-2e.c execution, -O2
FAIL: gcc.c-torture/execute/loop-2e.c execution, -O3 -fomit-frame-pointer
FAIL: gcc.c-torture/execute/loop-2e.c execution, -O3 -fomit-frame-pointer -funroll-loops
FAIL: gcc.c-torture/execute/loop-2e.c execution, -O3 -fomit-frame-pointer -funroll-all-loops -finline-functions
FAIL: gcc.c-torture/execute/loop-2e.c execution, -O3 -g
FAIL: gcc.c-torture/execute/loop-2e.c execution, -Os
FAIL: gcc.c-torture/execute/loop-2f.c execution, -O0
FAIL: gcc.c-torture/execute/loop-2f.c execution, -O1
FAIL: gcc.c-torture/execute/loop-2f.c execution, -O2
FAIL: gcc.c-torture/execute/loop-2f.c execution, -O3 -fomit-frame-pointer
FAIL: gcc.c-torture/execute/loop-2f.c execution, -O3 -fomit-frame-pointer -funroll-loops
FAIL: gcc.c-torture/execute/loop-2f.c execution, -O3 -fomit-frame-pointer -funroll-all-loops -finline-functions
FAIL: gcc.c-torture/execute/loop-2f.c execution, -O3 -g
FAIL: gcc.c-torture/execute/loop-2f.c execution, -Os
FAIL: gcc.c-torture/execute/loop-2g.c execution, -O0
FAIL: gcc.c-torture/execute/loop-2g.c execution, -O1
FAIL: gcc.c-torture/execute/loop-2g.c execution, -O2
FAIL: gcc.c-torture/execute/loop-2g.c execution, -O3 -fomit-frame-pointer
FAIL: gcc.c-torture/execute/loop-2g.c execution, -O3 -fomit-frame-pointer -funroll-loops
FAIL: gcc.c-torture/execute/loop-2g.c execution, -O3 -fomit-frame-pointer -funroll-all-loops -finline-functions
FAIL: gcc.c-torture/execute/loop-2g.c execution, -O3 -g
FAIL: gcc.c-torture/execute/loop-2g.c execution, -Os
FAIL: gcc.c-torture/execute/string-opt-10.c execution, -O0
FAIL: gcc.c-torture/execute/string-opt-10.c execution, -O1
FAIL: gcc.c-torture/execute/string-opt-10.c execution, -O2
FAIL: gcc.c-torture/execute/string-opt-10.c execution, -O3 -fomit-frame-pointer
FAIL: gcc.c-torture/execute/string-opt-10.c execution, -O3 -g
FAIL: gcc.c-torture/execute/string-opt-10.c execution, -Os
FAIL: gcc.c-torture/execute/string-opt-9.c execution, -O0
FAIL: gcc.c-torture/execute/string-opt-9.c execution, -O1
FAIL: gcc.c-torture/execute/string-opt-9.c execution, -O2
FAIL: gcc.c-torture/execute/string-opt-9.c execution, -O3 -fomit-frame-pointer
FAIL: gcc.c-torture/execute/string-opt-9.c execution, -O3 -g
FAIL: gcc.c-torture/execute/string-opt-9.c execution, -Os
FAIL: gcc.dg/c99-float-1.c (test for excess errors)
FAIL: gcc.dg/pack-test-1.c (test for excess errors)
FAIL: gcc.misc-tests/gcov-3.c gcov: 4:is 2:should be 1
=== gcc Summary ===
# of expected passes 15606
# of unexpected failures 53
# of expected failures 66
# of unsupported tests 54
/old/src/gcc/egcs-build/gcc/xgcc version 3.1 20010901 (experimental)
=== objc tests ===
Running target unix
FAIL: objc/execute/formal_protocol-6.m execution, -O
=== objc Summary ===
# of expected passes 202
# of unexpected failures 1
/old/src/gcc/egcs-build/gcc/xgcc version 3.1 20010901 (experimental)
=== libstdc++-v3 tests ===
Running target unix
FAIL: 21_strings/c_strings.cc execution test
FAIL: 22_locale/codecvt.cc (test for excess errors)
XPASS: 22_locale/collate_members_wchar_t.cc execution test
XPASS: 22_locale/money_put_members_char.cc execution test
=== libstdc++-v3 Summary ===
# of expected passes 297
# of unexpected failures 2
# of unexpected successes 2
# of expected failures 17
Compiler version: 3.1 20010901 (experimental)
Platform: m68k-unknown-linux-gnu
configure flags: --host=m68k-unknown-linux-gnu --verbose --cache-file=../config.cache --prefix=/usr/local/egcs --enable-languages=c,c++,objc,f77,proto
Counting all warnings,
there are 92 warnings in stage3 of this bootstrap.
Number of warnings per file:
24 gcc/combine.c
8 gcc/config/m68k/m68k.md
7 gcc/calls.c
6 gcc/cse.c
6 gcc/cp/pt.c
5 gcc/cp/error.c
3 gcc/unwind-sjlj.c
3 gcc/reload1.c
3 gcc/libgcc2.c
3 gcc/expr.c
3 gcc/config/m68k/m68k.c
2 gcc/tlink.c
2 gcc/gcc.c
2 gcc/function.c
2 gcc/fold-const.c
1 insn-recog.c
1 gcc/unwind-pe.h
1 gcc/reload.c
1 gcc/regmove.c
1 gcc/predict.c
1 gcc/objc/lang-specs.h
1 gcc/integrate.c
1 gcc/genattrtab.c
1 gcc/f/lang-specs.h
1 gcc/f/data.c
1 gcc/expmed.c
1 gcc/cp/lang-specs.h
1 gcc/cp/errfn.c
Number of warning types:
47 comparison between signed and unsigned
9 signed and unsigned type in conditional expression
5 unused parameter \`???'
5 string length \`???' is greater than the length \`???' ISO C89 compilers are required to support
5 initialization from incompatible pointer type
5 \`???' might be used uninitialized in this function
4 source missing a mode?
2 passing arg ??? of \`???' discards qualifiers from pointer target type
2 operand 1 missing mode?
2 function declaration isn't a prototype
2 destination operand 0 allows non-lvalue
2 \`???' defined but not used
1 unused variable \`???'
1 pointer targets in passing arg ??? of \`???' differ in signedness