This is the mail archive of the gcc-testresults@gcc.gnu.org mailing list for the GCC project.
Index Nav: | [Date Index] [Subject Index] [Author Index] [Thread Index] | |
---|---|---|
Message Nav: | [Date Prev] [Date Next] | [Thread Prev] [Thread Next] |
LAST_UPDATED: Sat Sep 1 05:38:25 UTC 2001 Native configuration is i686-pc-linux-gnu === g++ tests === Running target unix FAIL: g++.eh/terminate2.C Execution test FAIL: g++.other/enum5.C (test for excess errors) XPASS: g++.robertl/eb17.C Execution test === g++ Summary === # of expected passes 6615 # of unexpected failures 2 # of unexpected successes 1 # of expected failures 95 # of untested testcases 9 /builds/gcc/gcc-3.1-devel/gcc/testsuite/../g++ version 3.1 20010831 (experimental) === g77 tests === Running target unix === g77 Summary === # of expected passes 1317 === gcc tests === Running target unix FAIL: gcc.misc-tests/gcov-3.c gcov: 4:is 2:should be 1 === gcc Summary === # of expected passes 15712 # of unexpected failures 1 # of expected failures 66 # of unsupported tests 23 /builds/gcc/gcc-3.1-devel/gcc/xgcc version 3.1 20010831 (experimental) === objc tests === Running target unix FAIL: objc/execute/formal_protocol-6.m execution, -O === objc Summary === # of expected passes 202 # of unexpected failures 1 /builds/gcc/gcc-3.1-devel/gcc/xgcc version 3.1 20010831 (experimental) === libjava tests === Running target unix FAIL: register run FAIL: Primes output from source compiled test FAIL: Primes output from bytecode->native test FAIL: Primes -O output from source compiled test FAIL: Primes -O output from bytecode->native test FAIL: final_static_and_friend output from bytecode->native test FAIL: final_static_and_friend -O output from bytecode->native test XPASS: stringconst output from bytecode->native test XPASS: stringconst -O output from bytecode->native test === libjava Summary === # of expected passes 1877 # of unexpected failures 7 # of unexpected successes 2 # of expected failures 16 # of untested testcases 17 === libstdc++-v3 tests === Running target unix FAIL: 22_locale/codecvt.cc (test for excess errors) XPASS: 22_locale/members.cc execution test XPASS: 22_locale/messages_byname.cc execution test XPASS: 22_locale/messages_members_char.cc execution test XPASS: 22_locale/money_put_members_char.cc execution test XPASS: 22_locale/moneypunct_byname.cc execution test XPASS: 22_locale/moneypunct_members_char.cc execution test XPASS: 22_locale/numpunct_byname.cc execution test XPASS: 22_locale/numpunct_members_char.cc execution test XPASS: 23_containers/map_operators.cc (test for errors, line 43) XPASS: 23_containers/map_operators.cc (test for errors, line 44) === libstdc++-v3 Summary === # of expected passes 298 # of unexpected failures 1 # of unexpected successes 10 # of expected failures 9 Compiler version: 3.1 20010831 (experimental) Platform: i686-pc-linux-gnu configure flags: --host=i686-pc-linux-gnu --prefix=/opt/gcc-3.1-devel --enable-shared --enable-threads=posix --enable-clocale=gnu --with-gnu-as --with-gnu-ld --disable-nls --with-system-zlib --enable-languages=c,objc,c++,f77,java
Index Nav: | [Date Index] [Subject Index] [Author Index] [Thread Index] | |
---|---|---|
Message Nav: | [Date Prev] [Date Next] | [Thread Prev] [Thread Next] |