This is the mail archive of the
gcc-testresults@gcc.gnu.org
mailing list for the GCC project.
Results for 3.1 20010829 (experimental) testsuite on i386-unknown-linux-gnu
- To: gcc-testresults at gcc dot gnu dot org
- Subject: Results for 3.1 20010829 (experimental) testsuite on i386-unknown-linux-gnu
- From: Automatic Build System <build at netwinder dot org>
- Date: Thu, 30 Aug 2001 04:40:56 -0400
LAST_UPDATED: Thu Aug 30 04:05:49 UTC 2001
Native configuration is i386-unknown-linux-gnu
=== g++ tests ===
Running target unix
FAIL: g++.other/enum5.C (test for excess errors)
XPASS: g++.robertl/eb17.C Execution test
=== g++ Summary ===
# of expected passes 6614
# of unexpected failures 1
# of unexpected successes 1
# of expected failures 95
# of untested testcases 9
/home/build-rpm/BUILD/obj-gcc-20010830/gcc/testsuite/../g++ version 3.1 20010829 (experimental)
=== g77 tests ===
Running target unix
=== g77 Summary ===
# of expected passes 1301
# of unsupported tests 8
=== gcc tests ===
Running target unix
FAIL: gcc.c-torture/compile/920501-1.c, -O0
FAIL: gcc.c-torture/compile/labels-1.c, -O0
FAIL: gcc.c-torture/compile/labels-2.c, -O0
FAIL: gcc.c-torture/compile/labels-2.c, -O1
FAIL: gcc.c-torture/compile/labels-2.c, -O2
FAIL: gcc.c-torture/compile/labels-2.c, -O3 -fomit-frame-pointer
FAIL: gcc.c-torture/compile/labels-2.c, -O3 -g
FAIL: gcc.c-torture/compile/labels-2.c, -Os
FAIL: gcc.misc-tests/gcov-3.c gcov: 4:is 2:should be 1
=== gcc Summary ===
# of expected passes 15704
# of unexpected failures 9
# of expected failures 66
# of unsupported tests 23
/home/build-rpm/BUILD/obj-gcc-20010830/gcc/xgcc version 3.1 20010829 (experimental)
=== objc tests ===
Running target unix
FAIL: objc/execute/formal_protocol-6.m execution, -O
=== objc Summary ===
# of expected passes 202
# of unexpected failures 1
/home/build-rpm/BUILD/obj-gcc-20010830/gcc/xgcc version 3.1 20010829 (experimental)
=== libstdc++-v3 tests ===
Running target unix
FAIL: 22_locale/codecvt.cc (test for excess errors)
XPASS: 22_locale/collate_members_wchar_t.cc execution test
XPASS: 22_locale/money_put_members_char.cc execution test
=== libstdc++-v3 Summary ===
# of expected passes 298
# of unexpected failures 1
# of unexpected successes 2
# of expected failures 17
Compiler version: 3.1 20010829 (experimental)
Platform: i386-unknown-linux-gnu
configure flags: --host=i386-unknown-linux-gnu --enable-languages=c,c++,objc,f77 --prefix=/usr/local --enable-shared --enable-threads --without-cvs