This is the mail archive of the
gcc-testresults@gcc.gnu.org
mailing list for the GCC project.
Results for 3.1 20010823 (experimental) testsuite on i686-pc-linux-gnu
- To: gcc-testresults at gcc dot gnu dot org
- Subject: Results for 3.1 20010823 (experimental) testsuite on i686-pc-linux-gnu
- From: aj at suse dot de (Andreas Jaeger)
- Date: Fri, 24 Aug 2001 06:39:58 +0200 (CEST)
LAST_UPDATED: Thu Aug 23 21:27:30 UTC 2001
Native configuration is i686-pc-linux-gnu
=== g++ tests ===
Running target unix
FAIL: g++.other/enum5.C (test for excess errors)
XPASS: g++.robertl/eb17.C Execution test
=== g++ Summary ===
# of expected passes 6615
# of unexpected failures 1
# of unexpected successes 1
# of expected failures 95
# of untested testcases 9
/builds/gcc/gcc-3.1-devel/gcc/testsuite/../g++ version 3.1 20010823 (experimental)
=== g77 tests ===
Running target unix
=== g77 Summary ===
# of expected passes 1317
=== gcc tests ===
Running target unix
FAIL: gcc.misc-tests/gcov-3.c gcov: 4:is 2:should be 1
=== gcc Summary ===
# of expected passes 15693
# of unexpected failures 1
# of expected failures 66
# of unsupported tests 23
/builds/gcc/gcc-3.1-devel/gcc/xgcc version 3.1 20010823 (experimental)
=== objc tests ===
Running target unix
FAIL: objc/execute/formal_protocol-6.m execution, -O
=== objc Summary ===
# of expected passes 202
# of unexpected failures 1
/builds/gcc/gcc-3.1-devel/gcc/xgcc version 3.1 20010823 (experimental)
=== libjava tests ===
Running target unix
FAIL: register run
FAIL: Primes output from source compiled test
FAIL: Primes output from bytecode->native test
FAIL: Primes -O output from source compiled test
FAIL: Primes -O output from bytecode->native test
XPASS: stringconst output from bytecode->native test
XPASS: stringconst -O output from bytecode->native test
=== libjava Summary ===
# of expected passes 1869
# of unexpected failures 5
# of unexpected successes 2
# of expected failures 16
# of untested testcases 17
=== libstdc++-v3 tests ===
Running target unix
XPASS: 22_locale/members.cc execution test
XPASS: 22_locale/messages_byname.cc execution test
XPASS: 22_locale/messages_char_members.cc execution test
XPASS: 22_locale/numpunct_char_members.cc execution test
XPASS: 23_containers/map_operators.cc (test for errors, line 43)
XPASS: 23_containers/map_operators.cc (test for errors, line 44)
=== libstdc++-v3 Summary ===
# of expected passes 290
# of unexpected successes 6
# of expected failures 9
Compiler version: 3.1 20010823 (experimental)
Platform: i686-pc-linux-gnu
configure flags: --host=i686-pc-linux-gnu --prefix=/opt/gcc-3.1-devel --enable-shared --enable-threads=posix --enable-clocale=gnu --with-gnu-as --with-gnu-ld --disable-nls --with-system-zlib --enable-languages=c,objc,c++,f77,java