This is the mail archive of the gcc-testresults@gcc.gnu.org mailing list for the GCC project.


Index Nav: [Date Index] [Subject Index] [Author Index] [Thread Index]
Message Nav: [Date Prev] [Date Next] [Thread Prev] [Thread Next]

Results for 3.0.1 testsuite on hppa1.1-hp-hpux11.00


LAST_UPDATED: 
Native configuration is hppa1.1-hp-hpux11.00

		=== g++ tests ===


Running target unix
FAIL: g++.dg/mangle1.C scan-assembler 
FAIL: g++.dg/mangle1.C scan-assembler 
FAIL: g++.dg/mangle1.C scan-assembler 
FAIL: g++.dg/mangle1.C scan-assembler 
FAIL: g++.dg/mangle1.C scan-assembler 
FAIL: g++.dg/mangle1.C scan-assembler 
FAIL: g++.dg/mangle1.C scan-assembler 
FAIL: g++.dg/mangle1.C scan-assembler 
FAIL: g++.dg/mangle1.C scan-assembler 
FAIL: g++.dg/mangle1.C scan-assembler 
FAIL: g++.dg/mangle1.C scan-assembler 
FAIL: g++.dg/mangle1.C scan-assembler 
FAIL: g++.dg/mangle1.C scan-assembler 
FAIL: g++.dg/mangle1.C scan-assembler 
FAIL: g++.ext/instantiate1.C not instantiated (test for errors, line 20)
FAIL: g++.ext/instantiate1.C not instantiated (test for errors, line 22)
FAIL: g++.law/profile1.C (test for excess errors)
FAIL: g++.other/mangle3.C (test for excess errors)

		=== g++ Summary ===

# of expected passes		6456
# of unexpected failures	18
# of expected failures		114
# of untested testcases		21
/var/compile/alina-auto/gcc/testsuite/../g++ version 3.0.1

		=== gcc tests ===


Running target unix
FAIL: gcc.c-torture/compile/20010605-1.c,  -O0  
FAIL: gcc.c-torture/compile/20010605-1.c,  -O1  
FAIL: gcc.c-torture/compile/20010605-1.c,  -O2  
FAIL: gcc.c-torture/compile/20010605-1.c,  -O3 -fomit-frame-pointer  
FAIL: gcc.c-torture/compile/20010605-1.c,  -O3 -g  
FAIL: gcc.c-torture/compile/20010605-1.c,  -Os  
FAIL: gcc.c-torture/compile/20001226-1.c,  -O2  
FAIL: gcc.c-torture/compile/20001226-1.c,  -O3 -fomit-frame-pointer  
FAIL: gcc.c-torture/compile/20001226-1.c,  -O3 -g  
FAIL: gcc.c-torture/compile/20001226-1.c,  -Os  
FAIL: gcc.c-torture/execute/20010119-1.c compilation,  -O1 
FAIL: gcc.c-torture/execute/20010119-1.c compilation,  -O2 
FAIL: gcc.c-torture/execute/20010119-1.c compilation,  -O3 -fomit-frame-pointer 
FAIL: gcc.c-torture/execute/20010119-1.c compilation,  -O3 -fomit-frame-pointer -funroll-loops 
FAIL: gcc.c-torture/execute/20010119-1.c compilation,  -O3 -fomit-frame-pointer -funroll-all-loops -finline-functions 
FAIL: gcc.c-torture/execute/20010119-1.c compilation,  -O3 -g 
FAIL: gcc.c-torture/execute/20010119-1.c compilation,  -Os 
FAIL: gcc.c-torture/execute/20010122-1.c execution,  -O0 
FAIL: gcc.c-torture/execute/20010122-1.c execution,  -O1 
FAIL: gcc.c-torture/execute/20010122-1.c execution,  -O2 
FAIL: gcc.c-torture/execute/20010122-1.c execution,  -O3 -fomit-frame-pointer 
FAIL: gcc.c-torture/execute/20010122-1.c execution,  -O3 -fomit-frame-pointer -funroll-loops 
FAIL: gcc.c-torture/execute/20010122-1.c execution,  -O3 -fomit-frame-pointer -funroll-all-loops -finline-functions 
FAIL: gcc.c-torture/execute/20010122-1.c execution,  -O3 -g 
FAIL: gcc.c-torture/execute/20010122-1.c execution,  -Os 
FAIL: gcc.c-torture/execute/strct-stdarg-1.c execution,  -O0 
FAIL: gcc.c-torture/execute/strct-stdarg-1.c execution,  -O1 
FAIL: gcc.c-torture/execute/strct-stdarg-1.c execution,  -O2 
FAIL: gcc.c-torture/execute/strct-stdarg-1.c execution,  -O3 -fomit-frame-pointer 
FAIL: gcc.c-torture/execute/strct-stdarg-1.c execution,  -O3 -fomit-frame-pointer -funroll-loops 
FAIL: gcc.c-torture/execute/strct-stdarg-1.c execution,  -O3 -fomit-frame-pointer -funroll-all-loops -finline-functions 
FAIL: gcc.c-torture/execute/strct-stdarg-1.c execution,  -O3 -g 
FAIL: gcc.c-torture/execute/strct-stdarg-1.c execution,  -Os 
FAIL: gcc.c-torture/execute/ieee/mzero2.c execution,  -O1 
FAIL: gcc.c-torture/execute/ieee/mzero2.c execution,  -O2 
FAIL: gcc.c-torture/execute/ieee/mzero2.c execution,  -O3 -fomit-frame-pointer 
FAIL: gcc.c-torture/execute/ieee/mzero2.c execution,  -O3 -g 
FAIL: gcc.c-torture/execute/ieee/mzero2.c execution,  -Os 
FAIL: gcc.dg/asm-fs-1.c (test for excess errors)
FAIL: gcc.dg/asm-names.c (test for excess errors)

		=== gcc Summary ===

# of expected passes		15115
# of unexpected failures	40
# of expected failures		75
# of unresolved testcases	10
# of unsupported tests		57
/var/compile/alina-auto/gcc/xgcc version 3.0.1

		=== libstdc++-v3 tests ===


Running target unix
FAIL: 21_strings/capacity.cc (test for excess errors)
FAIL: 22_locale/ctype_char_members.cc execution test
FAIL: 22_locale/numpunct.cc (test for excess errors)
FAIL: 26_numerics/complex_inserters_extractors.cc (test for excess errors)
FAIL: 27_io/filebuf.cc execution test

		=== libstdc++-v3 Summary ===

# of expected passes		237
# of unexpected failures	5
# of expected failures		8

Compiler version: 3.0.1 
Platform: hppa1.1-hp-hpux11.00
configure flags: --host=hppa1.1-hp-hpux11.00 --enable-languages=c++ --prefix=/opt/gcc-3.0 --with-gnu-as --with-as=/opt/binutils/bin/as


Index Nav: [Date Index] [Subject Index] [Author Index] [Thread Index]
Message Nav: [Date Prev] [Date Next] [Thread Prev] [Thread Next]