This is the mail archive of the gcc-testresults@gcc.gnu.org mailing list for the GCC project.
Index Nav: | [Date Index] [Subject Index] [Author Index] [Thread Index] | |
---|---|---|
Message Nav: | [Date Prev] [Date Next] | [Thread Prev] [Thread Next] |
LAST_UPDATED: Native configuration is i386-unknown-freebsd4.3 === g++ tests === Running target unix === g++ Summary === # of expected passes 6501 # of expected failures 102 # of untested testcases 15 /files/mitchell/gcc_auto_build/gcc/i386-unknown-freebsd4.3/gcc/testsuite/../g++ version 3.0.1 === g77 tests === Running target unix === g77 Summary === # of expected passes 933 # of unsupported tests 8 === gcc tests === Running target unix XPASS: gcc.c-torture/execute/20000801-4.c execution, -O0 XPASS: gcc.c-torture/execute/20000801-4.c execution, -O1 XPASS: gcc.c-torture/execute/20000801-4.c execution, -O2 XPASS: gcc.c-torture/execute/20000801-4.c execution, -O3 -fomit-frame-pointer XPASS: gcc.c-torture/execute/20000801-4.c execution, -O3 -g XPASS: gcc.c-torture/execute/20000801-4.c execution, -Os XPASS: gcc.c-torture/execute/ieee/rbug.c execution, -O3 -fomit-frame-pointer XPASS: gcc.c-torture/execute/ieee/rbug.c execution, -O3 -g FAIL: gcc.dg/wchar_t-1.c (test for excess errors) FAIL: gcc.dg/wint_t-1.c (test for excess errors) === gcc Summary === # of expected passes 15210 # of unexpected failures 2 # of unexpected successes 8 # of expected failures 80 # of unsupported tests 24 /files/mitchell/gcc_auto_build/gcc/i386-unknown-freebsd4.3/gcc/xgcc version 3.0.1 === objc tests === Running target unix === objc Summary === # of expected passes 153 # of expected failures 1 /files/mitchell/gcc_auto_build/gcc/i386-unknown-freebsd4.3/gcc/xgcc version 3.0.1 === libstdc++-v3 tests === Running target unix === libstdc++-v3 Summary === Compiler version: 3.0.1 Platform: i386-unknown-freebsd4.3 configure flags: --host=i386-unknown-freebsd4.3 --prefix=/files/mitchell/gcc_auto_build/install/i386-unknown-freebsd4.3
Index Nav: | [Date Index] [Subject Index] [Author Index] [Thread Index] | |
---|---|---|
Message Nav: | [Date Prev] [Date Next] | [Thread Prev] [Thread Next] |