This is the mail archive of the
gcc-testresults@gcc.gnu.org
mailing list for the GCC project.
Results for 3.1 20010817 (experimental) testsuite on i686-pc-linux-gnu
- To: gcc-testresults at gcc dot gnu dot org
- Subject: Results for 3.1 20010817 (experimental) testsuite on i686-pc-linux-gnu
- From: Gordon Sadler <sadlergb at fssec dot army dot mil>
- Date: Fri, 17 Aug 2001 09:25:21 -0500
LAST_UPDATED: Fri Aug 17 12:34:16 UTC 2001
Native configuration is i686-pc-linux-gnu
=== g++ tests ===
Running target unix
FAIL: g++.dg/template/friend.C (test for excess errors)
FAIL: g++.dg/template/init-list.C (test for excess errors)
FAIL: g++.eh/spec6.C (test for excess errors)
FAIL: g++.other/enum5.C (test for excess errors)
XPASS: g++.robertl/eb17.C Execution test
=== g++ Summary ===
# of expected passes 6608
# of unexpected failures 4
# of unexpected successes 1
# of expected failures 93
# of untested testcases 9
/home/sadlergb/cvs/buildmain/gcc/testsuite/../g++ version 3.1 20010817 (experimental)
=== g77 tests ===
Running target unix
=== g77 Summary ===
# of expected passes 1317
=== gcc tests ===
Running target unix
XPASS: gcc.c-torture/execute/20000801-4.c execution, -O0
XPASS: gcc.c-torture/execute/20000801-4.c execution, -O1
XPASS: gcc.c-torture/execute/20000801-4.c execution, -O2
XPASS: gcc.c-torture/execute/20000801-4.c execution, -O3 -fomit-frame-pointer
XPASS: gcc.c-torture/execute/20000801-4.c execution, -O3 -g
XPASS: gcc.c-torture/execute/20000801-4.c execution, -Os
FAIL: gcc.dg/format/c90-scanf-1.c writing into NULL (test for warnings, line 118)
FAIL: gcc.dg/format/c90-scanf-1.c (test for excess errors)
FAIL: gcc.dg/format/ext-3.c bad %-_ (test for warnings, line 211)
FAIL: gcc.dg/format/ext-3.c bad %-0 (test for warnings, line 212)
FAIL: gcc.dg/format/ext-3.c bad %_0 (test for warnings, line 213)
FAIL: gcc.dg/format/ext-3.c bad %^# (test for warnings, line 215)
FAIL: gcc.dg/format/ext-3.c (test for excess errors)
FAIL: gcc.dg/format/ext-3.c bad %-_ (test for warnings, line 211)
FAIL: gcc.dg/format/ext-3.c bad %-0 (test for warnings, line 212)
FAIL: gcc.dg/format/ext-3.c bad %_0 (test for warnings, line 213)
FAIL: gcc.dg/format/ext-3.c bad %^# (test for warnings, line 215)
FAIL: gcc.dg/format/ext-3.c (test for excess errors)
FAIL: gcc.dg/format/xopen-1.c multiple use of scanf argument (test for warnings, line 115)
FAIL: gcc.dg/format/xopen-1.c multiple use of scanf argument (test for warnings, line 115)
FAIL: gcc.dg/special/gcsec-1.c (test for excess errors)
FAIL: gcov-3.c:4:is 2:should be 1 (PRMS 8294)
=== gcc Summary ===
# of expected passes 15661
# of unexpected failures 16
# of unexpected successes 6
# of expected failures 66
# of unsupported tests 23
/home/sadlergb/cvs/buildmain/gcc/xgcc version 3.1 20010817 (experimental)
=== objc tests ===
Running target unix
FAIL: objc/execute/formal_protocol-6.m execution, -O
=== objc Summary ===
# of expected passes 202
# of unexpected failures 1
/home/sadlergb/cvs/buildmain/gcc/xgcc version 3.1 20010817 (experimental)
=== libjava tests ===
Running target unix
FAIL: register run
XPASS: stringconst output from bytecode->native test
XPASS: stringconst -O output from bytecode->native test
FAIL: Matrix4f compilation from source
FAIL: Matrix4f -O compilation from source
=== libjava Summary ===
# of expected passes 1861
# of unexpected failures 3
# of unexpected successes 2
# of expected failures 16
# of untested testcases 21
=== libstdc++-v3 tests ===
Running target unix
=== libstdc++-v3 Summary ===
# of expected passes 285
# of expected failures 12
Compiler version: 3.1 20010817 (experimental)
Platform: i686-pc-linux-gnu
configure flags: --host=i686-pc-linux-gnu --verbose --enable-threads=posix --with-system-zlib --enable-shared --disable-nls --enable-checking
Counting all warnings,
there are 53 warnings in stage3 of this bootstrap.
Number of warnings per file:
23 gcc/combine.c
6 gcc/cp/pt.c
5 gcc/cse.c
5 gcc/cp/error.c
3 gcc/gcc.c
2 gcc/tlink.c
2 gcc/fold-const.c
1 gcc/unwind-dw2.c
1 gcc/objc/lang-specs.h
1 gcc/java/jvspec.c
1 gcc/f/lang-specs.h
1 gcc/expmed.c
1 gcc/cp/lang-specs.h
1 gcc/cp/errfn.c
Number of warning types:
35 comparison between signed and unsigned
7 string length \`???' is greater than the length \`???' ISO C89 compilers are required to support
5 initialization from incompatible pointer type
2 passing arg ??? of \`???' discards qualifiers from pointer target type
1 signed and unsigned type in conditional expression
1 pointer targets in passing arg ??? of \`???' differ in signedness
1 function declaration isn't a prototype
1 \`???' might be used uninitialized in this function