This is the mail archive of the
gcc-testresults@gcc.gnu.org
mailing list for the GCC project.
Results for 3.1 20010815 (experimental) testsuite on i686-redhat-linux-gnu
- To: gcc-testresults at gcc dot gnu dot org
- Subject: Results for 3.1 20010815 (experimental) testsuite on i686-redhat-linux-gnu
- From: Horst von Brand <vonbrand at sleipnir dot valparaiso dot cl>
- Date: Wed, 15 Aug 2001 21:52:12 -0400
LAST_UPDATED: Wed Aug 15 21:40:00 UTC 2001
Native configuration is i686-redhat-linux-gnu
=== g77 tests ===
Running target unix
=== g77 Summary ===
# of expected passes 1317
=== gcc tests ===
Running target unix
XPASS: gcc.c-torture/execute/20000801-4.c execution, -O0
XPASS: gcc.c-torture/execute/20000801-4.c execution, -O1
XPASS: gcc.c-torture/execute/20000801-4.c execution, -O2
XPASS: gcc.c-torture/execute/20000801-4.c execution, -O3 -fomit-frame-pointer
XPASS: gcc.c-torture/execute/20000801-4.c execution, -O3 -g
XPASS: gcc.c-torture/execute/20000801-4.c execution, -Os
FAIL: gcc.dg/format/c90-scanf-1.c writing into NULL (test for warnings, line 118)
FAIL: gcc.dg/format/c90-scanf-1.c (test for excess errors)
FAIL: gcc.dg/format/xopen-1.c multiple use of scanf argument (test for warnings, line 115)
FAIL: gcc.dg/format/xopen-1.c multiple use of scanf argument (test for warnings, line 115)
FAIL: gcc.dg/special/gcsec-1.c (test for excess errors)
FAIL: gcov-3.c:4:is 2:should be 1 (PRMS 8294)
=== gcc Summary ===
# of expected passes 15671
# of unexpected failures 6
# of unexpected successes 6
# of expected failures 66
# of unsupported tests 23
/usr/src/build/GCC/build-gcc-20010815/gcc/xgcc version 3.1 20010815 (experimental)
=== g++ tests ===
Running target unix
FAIL: g++.dg/template/friend.C (test for excess errors)
FAIL: g++.dg/template/init-list.C (test for excess errors)
FAIL: g++.other/enum5.C (test for excess errors)
XPASS: g++.robertl/eb17.C Execution test
=== g++ Summary ===
# of expected passes 6609
# of unexpected failures 3
# of unexpected successes 1
# of expected failures 93
# of untested testcases 9
/usr/src/build/GCC/build-gcc-20010815/gcc/testsuite/../g++ version 3.1 20010815 (experimental)
=== objc tests ===
Running target unix
FAIL: objc/execute/formal_protocol-6.m execution, -O
=== objc Summary ===
# of expected passes 202
# of unexpected failures 1
/usr/src/build/GCC/build-gcc-20010815/gcc/xgcc version 3.1 20010815 (experimental)
=== libjava tests ===
Running target unix
FAIL: register run
XPASS: stringconst output from bytecode->native test
XPASS: stringconst -O output from bytecode->native test
FAIL: Matrix4f compilation from source
FAIL: Matrix4f -O compilation from source
=== libjava Summary ===
# of expected passes 1861
# of unexpected failures 3
# of unexpected successes 2
# of expected failures 16
# of untested testcases 21
=== libstdc++-v3 tests ===
Running target unix
=== libstdc++-v3 Summary ===
# of expected passes 285
# of expected failures 12
Compiler version: 3.1 20010815 (experimental)
Platform: i686-redhat-linux-gnu
configure flags: --host=i686-redhat-linux --enable-shared --enable-threads --enable-haifa --enable-cpp --with-system-zlib --prefix=/usr