This is the mail archive of the
gcc-testresults@gcc.gnu.org
mailing list for the GCC project.
Results for 3.0.1 20010811 (prerelease) testsuite on i686-pc-linux-gnu
- To: gcc-testresults at gcc dot gnu dot org
- Subject: Results for 3.0.1 20010811 (prerelease) testsuite on i686-pc-linux-gnu
- From: Gordon Sadler <gbsadler1 at lcisp dot com>
- Date: Sat, 11 Aug 2001 05:30:55 -0500
LAST_UPDATED: Sat Aug 11 07:45:53 UTC 2001
Native configuration is i686-pc-linux-gnu
=== g++ tests ===
Running target unix
=== g++ Summary ===
# of expected passes 6509
# of expected failures 102
# of untested testcases 9
/usr/local/src/build/gcc-3.0/gcc/testsuite/../g++ version 3.0.1 20010811 (prerelease)
=== g77 tests ===
Running target unix
=== g77 Summary ===
# of expected passes 949
=== gcc tests ===
Running target unix
XPASS: gcc.c-torture/execute/20000801-4.c execution, -O0
XPASS: gcc.c-torture/execute/20000801-4.c execution, -O1
XPASS: gcc.c-torture/execute/20000801-4.c execution, -O2
XPASS: gcc.c-torture/execute/20000801-4.c execution, -O3 -fomit-frame-pointer
XPASS: gcc.c-torture/execute/20000801-4.c execution, -O3 -g
XPASS: gcc.c-torture/execute/20000801-4.c execution, -Os
=== gcc Summary ===
# of expected passes 15229
# of unexpected successes 6
# of expected failures 76
# of unsupported tests 20
/usr/local/src/build/gcc-3.0/gcc/xgcc version 3.0.1 20010811 (prerelease)
=== objc tests ===
Running target unix
=== objc Summary ===
# of expected passes 153
# of expected failures 1
/usr/local/src/build/gcc-3.0/gcc/xgcc version 3.0.1 20010811 (prerelease)
=== libjava tests ===
Running target unix
FAIL: ArrayClass compilation from source
FAIL: ArrayClass -O compilation from source
FAIL: BlankFinal compilation from source
FAIL: BlankFinal -O compilation from source
FAIL: Case compilation from source
FAIL: Case -O compilation from source
FAIL: G19990210_1 compilation from source
FAIL: G19990210_1 -O compilation from source
FAIL: G19990210_2 compilation from source
FAIL: G19990210_2 -O compilation from source
FAIL: G19990210_3 compilation from source
FAIL: G19990210_3 -O compilation from source
FAIL: G19990217_01 compilation from source
FAIL: G19990217_01 -O compilation from source
FAIL: G19990225_01 compilation from source
FAIL: G19990225_01 -O compilation from source
FAIL: N19990310_01 compilation from source
FAIL: N19990310_01 -O compilation from source
FAIL: N19990317 compilation from source
FAIL: N19990317 -O compilation from source
FAIL: OperatorBenchmark compilation from source
FAIL: OperatorBenchmark -O compilation from source
FAIL: PR206 compilation from source
FAIL: PR206 -O compilation from source
FAIL: PR209 compilation from source
FAIL: PR209 -O compilation from source
FAIL: PR232 compilation from source
FAIL: PR232 -O compilation from source
FAIL: PR232B compilation from source
FAIL: PR232B -O compilation from source
FAIL: PR234 compilation from source
FAIL: PR234 -O compilation from source
FAIL: PR235 compilation from source
FAIL: PR235 -O compilation from source
FAIL: PR295 compilation from source
FAIL: PR295 -O compilation from source
FAIL: PR374 compilation from source
FAIL: PR374 -O compilation from source
FAIL: PR375 compilation from source
FAIL: PR375 -O compilation from source
FAIL: Semi compilation from source
FAIL: Semi -O compilation from source
FAIL: Statics compilation from source
FAIL: Statics -O compilation from source
FAIL: SuperConstr compilation from source
FAIL: SuperConstr -O compilation from source
FAIL: Twice compilation from source
FAIL: Twice -O compilation from source
FAIL: assignment compilation from source
FAIL: assignment -O compilation from source
FAIL: assignment_2 compilation from source
FAIL: assignment_2 -O compilation from source
FAIL: comment compilation from source
FAIL: comment -O compilation from source
FAIL: iface compilation from source
FAIL: iface -O compilation from source
FAIL: inner_data compilation from source
FAIL: inner_data -O compilation from source
FAIL: inner_inherit compilation from source
FAIL: inner_inherit -O compilation from source
FAIL: inner_priv compilation from source
FAIL: inner_priv -O compilation from source
FAIL: inner_pub compilation from source
FAIL: inner_pub -O compilation from source
FAIL: perc compilation from source
FAIL: perc -O compilation from source
FAIL: plusplus compilation from source
FAIL: plusplus -O compilation from source
FAIL: pr172 compilation from source
FAIL: pr172 -O compilation from source
FAIL: pr174 compilation from source
FAIL: pr174 -O compilation from source
FAIL: pr176 compilation from source
FAIL: pr176 -O compilation from source
FAIL: static_init2 compilation from source
FAIL: static_init2 -O compilation from source
FAIL: static_inner compilation from source
FAIL: static_inner -O compilation from source
FAIL: Array_1 compilation from source
FAIL: Array_1 compilation from bytecode
FAIL: Array_1 -O compilation from source
FAIL: Array_1 -O compilation from bytecode
FAIL: Array_2 compilation from source
FAIL: Array_2 compilation from bytecode
FAIL: Array_2 -O compilation from source
FAIL: Array_2 -O compilation from bytecode
FAIL: Class_1 compilation from source
FAIL: Class_1 compilation from bytecode
FAIL: Class_1 -O compilation from source
FAIL: Class_1 -O compilation from bytecode
FAIL: Divide_1 compilation from source
FAIL: Divide_1 compilation from bytecode
FAIL: Divide_1 -O compilation from source
FAIL: Divide_1 -O compilation from bytecode
FAIL: Final compilation from source
FAIL: Final compilation from bytecode
FAIL: Final -O compilation from source
FAIL: Final -O compilation from bytecode
FAIL: Float_1 compilation from source
FAIL: Float_1 compilation from bytecode
FAIL: Float_1 -O compilation from source
FAIL: Float_1 -O compilation from bytecode
FAIL: G19990301_01 compilation from source
FAIL: G19990301_01 compilation from bytecode
FAIL: G19990301_01 -O compilation from source
FAIL: G19990301_01 -O compilation from bytecode
FAIL: G19990302_02 compilation from source
FAIL: G19990302_02 compilation from bytecode
FAIL: G19990302_02 -O compilation from source
FAIL: G19990302_02 -O compilation from bytecode
FAIL: G19990303_01 compilation from source
FAIL: G19990303_01 compilation from bytecode
FAIL: G19990303_01 -O compilation from source
FAIL: G19990303_01 -O compilation from bytecode
FAIL: G19990303_02 compilation from source
FAIL: G19990303_02 compilation from bytecode
FAIL: G19990303_02 -O compilation from source
FAIL: G19990303_02 -O compilation from bytecode
FAIL: G19990304_01 compilation from source
FAIL: G19990304_01 compilation from bytecode
FAIL: G19990304_01 -O compilation from source
FAIL: G19990304_01 -O compilation from bytecode
FAIL: G19990310_01 compilation from source
FAIL: G19990310_01 compilation from bytecode
FAIL: G19990310_01 -O compilation from source
FAIL: G19990310_01 -O compilation from bytecode
FAIL: InterfaceDispatch compilation from source
FAIL: InterfaceDispatch compilation from bytecode
FAIL: InterfaceDispatch -O compilation from source
FAIL: InterfaceDispatch -O compilation from bytecode
FAIL: Invoke_1 compilation from source
FAIL: Invoke_1 compilation from bytecode
FAIL: Invoke_1 -O compilation from source
FAIL: Invoke_1 -O compilation from bytecode
FAIL: Invoke_2 compilation from source
FAIL: Invoke_2 compilation from bytecode
FAIL: Invoke_2 -O compilation from source
FAIL: Invoke_2 -O compilation from bytecode
FAIL: N19990310_02 compilation from source
FAIL: N19990310_02 compilation from bytecode
FAIL: N19990310_02 -O compilation from source
FAIL: N19990310_02 -O compilation from bytecode
FAIL: N19990310_3 compilation from source
FAIL: N19990310_3 compilation from bytecode
FAIL: N19990310_3 -O compilation from source
FAIL: N19990310_3 -O compilation from bytecode
FAIL: N19990310_4 compilation from source
FAIL: N19990310_4 compilation from bytecode
FAIL: N19990310_4 -O compilation from source
FAIL: N19990310_4 -O compilation from bytecode
FAIL: N19990310_5 compilation from source
FAIL: N19990310_5 compilation from bytecode
FAIL: N19990310_5 -O compilation from source
FAIL: N19990310_5 -O compilation from bytecode
FAIL: PR141 compilation from source
FAIL: PR141 compilation from bytecode
FAIL: PR141 -O compilation from source
FAIL: PR141 -O compilation from bytecode
FAIL: PR160 compilation from source
FAIL: PR160 compilation from bytecode
FAIL: PR160 -O compilation from source
FAIL: PR160 -O compilation from bytecode
FAIL: PR162 compilation from source
FAIL: PR162 compilation from bytecode
FAIL: PR162 -O compilation from source
FAIL: PR162 -O compilation from bytecode
FAIL: PR218 compilation from source
FAIL: PR218 compilation from bytecode
FAIL: PR218 -O compilation from source
FAIL: PR218 -O compilation from bytecode
FAIL: PR242 compilation from source
FAIL: PR242 compilation from bytecode
FAIL: PR242 -O compilation from source
FAIL: PR242 -O compilation from bytecode
FAIL: PR260 compilation from source
FAIL: PR260 compilation from bytecode
FAIL: PR260 -O compilation from source
FAIL: PR260 -O compilation from bytecode
FAIL: PR55 compilation from source
FAIL: PR55 compilation from bytecode
FAIL: PR55 -O compilation from source
FAIL: PR55 -O compilation from bytecode
FAIL: PR56 compilation from source
FAIL: PR56 compilation from bytecode
FAIL: PR56 -O compilation from source
FAIL: PR56 -O compilation from bytecode
FAIL: Primes compilation from source
FAIL: Primes compilation from bytecode
FAIL: Primes -O compilation from source
FAIL: Primes -O compilation from bytecode
FAIL: Shazam compilation from source
FAIL: Shazam compilation from bytecode
FAIL: Shazam -O compilation from source
FAIL: Shazam -O compilation from bytecode
FAIL: StringBuffer_1 compilation from source
FAIL: StringBuffer_1 compilation from bytecode
FAIL: StringBuffer_1 -O compilation from source
FAIL: StringBuffer_1 -O compilation from bytecode
FAIL: Synch compilation from source
FAIL: Synch compilation from bytecode
FAIL: Synch -O compilation from source
FAIL: Synch -O compilation from bytecode
FAIL: Thread_Alive compilation from source
FAIL: Thread_Alive compilation from bytecode
FAIL: Thread_Alive -O compilation from source
FAIL: Thread_Alive -O compilation from bytecode
FAIL: Thread_Interrupt compilation from source
FAIL: Thread_Interrupt compilation from bytecode
FAIL: Thread_Interrupt -O compilation from source
FAIL: Thread_Interrupt -O compilation from bytecode
FAIL: Thread_Join compilation from source
FAIL: Thread_Join compilation from bytecode
FAIL: Thread_Join -O compilation from source
FAIL: Thread_Join -O compilation from bytecode
FAIL: Thread_Monitor compilation from source
FAIL: Thread_Monitor compilation from bytecode
FAIL: Thread_Monitor -O compilation from source
FAIL: Thread_Monitor -O compilation from bytecode
FAIL: Thread_Sleep compilation from source
FAIL: Thread_Sleep compilation from bytecode
FAIL: Thread_Sleep -O compilation from source
FAIL: Thread_Sleep -O compilation from bytecode
FAIL: Thread_Wait compilation from source
FAIL: Thread_Wait compilation from bytecode
FAIL: Thread_Wait -O compilation from source
FAIL: Thread_Wait -O compilation from bytecode
FAIL: Thread_Wait_2 compilation from source
FAIL: Thread_Wait_2 compilation from bytecode
FAIL: Thread_Wait_2 -O compilation from source
FAIL: Thread_Wait_2 -O compilation from bytecode
FAIL: Thread_Wait_Interrupt compilation from source
FAIL: Thread_Wait_Interrupt compilation from bytecode
FAIL: Thread_Wait_Interrupt -O compilation from source
FAIL: Thread_Wait_Interrupt -O compilation from bytecode
FAIL: Throw_1 compilation from source
FAIL: Throw_1 compilation from bytecode
FAIL: Throw_1 -O compilation from source
FAIL: Throw_1 -O compilation from bytecode
FAIL: anfi compilation from source
FAIL: anfi compilation from bytecode
FAIL: anfi -O compilation from source
FAIL: anfi -O compilation from bytecode
FAIL: anon compilation from source
FAIL: anon compilation from bytecode
FAIL: anon -O compilation from source
FAIL: anon -O compilation from bytecode
FAIL: anon2 compilation from source
FAIL: anon2 compilation from bytecode
FAIL: anon2 -O compilation from source
FAIL: anon2 -O compilation from bytecode
FAIL: anon3 compilation from source
FAIL: anon3 compilation from bytecode
FAIL: anon3 -O compilation from source
FAIL: anon3 -O compilation from bytecode
FAIL: anon4 compilation from source
FAIL: anon4 compilation from bytecode
FAIL: anon4 -O compilation from source
FAIL: anon4 -O compilation from bytecode
FAIL: anonarray compilation from source
FAIL: anonarray compilation from bytecode
FAIL: anonarray -O compilation from source
FAIL: anonarray -O compilation from bytecode
FAIL: anonarray2 compilation from source
FAIL: anonarray2 compilation from bytecode
FAIL: anonarray2 -O compilation from source
FAIL: anonarray2 -O compilation from bytecode
FAIL: anonarray3 compilation from source
FAIL: anonarray3 compilation from bytecode
FAIL: anonarray3 -O compilation from source
FAIL: anonarray3 -O compilation from bytecode
FAIL: direct_read compilation from source
FAIL: direct_read compilation from bytecode
FAIL: direct_read -O compilation from source
FAIL: direct_read -O compilation from bytecode
FAIL: direct_write compilation from source
FAIL: direct_write compilation from bytecode
FAIL: direct_write -O compilation from source
FAIL: direct_write -O compilation from bytecode
FAIL: err1 compilation from source
FAIL: err1 compilation from bytecode
FAIL: err1 -O compilation from source
FAIL: err1 -O compilation from bytecode
FAIL: err10 compilation from source
FAIL: err10 compilation from bytecode
FAIL: err10 -O compilation from source
FAIL: err10 -O compilation from bytecode
FAIL: err11 compilation from source
FAIL: err11 compilation from bytecode
FAIL: err11 -O compilation from source
FAIL: err11 -O compilation from bytecode
FAIL: err12 compilation from source
FAIL: err12 compilation from bytecode
FAIL: err12 -O compilation from source
FAIL: err12 -O compilation from bytecode
FAIL: err13 compilation from source
FAIL: err13 compilation from bytecode
FAIL: err13 -O compilation from source
FAIL: err13 -O compilation from bytecode
FAIL: err2 compilation from source
FAIL: err2 compilation from bytecode
FAIL: err2 -O compilation from source
FAIL: err2 -O compilation from bytecode
FAIL: err3 compilation from source
FAIL: err3 compilation from bytecode
FAIL: err3 -O compilation from source
FAIL: err3 -O compilation from bytecode
FAIL: err4 compilation from source
FAIL: err4 compilation from bytecode
FAIL: err4 -O compilation from source
FAIL: err4 -O compilation from bytecode
FAIL: err5 compilation from source
FAIL: err5 compilation from bytecode
FAIL: err5 -O compilation from source
FAIL: err5 -O compilation from bytecode
FAIL: err6 compilation from source
FAIL: err6 compilation from bytecode
FAIL: err6 -O compilation from source
FAIL: err6 -O compilation from bytecode
FAIL: err7 compilation from source
FAIL: err7 -O compilation from source
FAIL: err8 compilation from source
FAIL: err8 -O compilation from source
FAIL: err9 compilation from source
FAIL: err9 compilation from bytecode
FAIL: err9 -O compilation from source
FAIL: err9 -O compilation from bytecode
FAIL: final_inner compilation from source
FAIL: final_inner compilation from bytecode
FAIL: final_inner -O compilation from source
FAIL: final_inner -O compilation from bytecode
FAIL: final_int compilation from source
FAIL: final_int compilation from bytecode
FAIL: final_int -O compilation from source
FAIL: final_int -O compilation from bytecode
FAIL: final_static_and_friend compilation from source
FAIL: final_static_and_friend compilation from bytecode
FAIL: final_static_and_friend -O compilation from source
FAIL: final_static_and_friend -O compilation from bytecode
FAIL: indirect compilation from source
FAIL: indirect compilation from bytecode
FAIL: indirect -O compilation from source
FAIL: indirect -O compilation from bytecode
FAIL: indirect_read compilation from source
FAIL: indirect_read compilation from bytecode
FAIL: indirect_read -O compilation from source
FAIL: indirect_read -O compilation from bytecode
FAIL: indirect_write compilation from source
FAIL: indirect_write compilation from bytecode
FAIL: indirect_write -O compilation from source
FAIL: indirect_write -O compilation from bytecode
FAIL: inner1 compilation from source
FAIL: inner1 compilation from bytecode
FAIL: inner1 -O compilation from source
FAIL: inner1 -O compilation from bytecode
FAIL: inner2 compilation from source
FAIL: inner2 compilation from bytecode
FAIL: inner2 -O compilation from source
FAIL: inner2 -O compilation from bytecode
FAIL: inner3 compilation from source
FAIL: inner3 compilation from bytecode
FAIL: inner3 -O compilation from source
FAIL: inner3 -O compilation from bytecode
FAIL: inner4 compilation from source
FAIL: inner4 compilation from bytecode
FAIL: inner4 -O compilation from source
FAIL: inner4 -O compilation from bytecode
FAIL: inner_array compilation from source
FAIL: inner_array compilation from bytecode
FAIL: inner_array -O compilation from source
FAIL: inner_array -O compilation from bytecode
FAIL: inner_interface compilation from source
FAIL: inner_interface compilation from bytecode
FAIL: inner_interface -O compilation from source
FAIL: inner_interface -O compilation from bytecode
FAIL: instance compilation from source
FAIL: instance compilation from bytecode
FAIL: instance -O compilation from source
FAIL: instance -O compilation from bytecode
FAIL: instinit compilation from source
FAIL: instinit compilation from bytecode
FAIL: instinit -O compilation from source
FAIL: instinit -O compilation from bytecode
FAIL: instinit2 compilation from source
FAIL: instinit2 compilation from bytecode
FAIL: instinit2 -O compilation from source
FAIL: instinit2 -O compilation from bytecode
FAIL: klass compilation from source
FAIL: klass compilation from bytecode
FAIL: klass -O compilation from source
FAIL: klass -O compilation from bytecode
FAIL: multiple_finit compilation from source
FAIL: multiple_finit compilation from bytecode
FAIL: multiple_finit -O compilation from source
FAIL: multiple_finit -O compilation from bytecode
FAIL: nested_with_ctor compilation from source
FAIL: nested_with_ctor compilation from bytecode
FAIL: nested_with_ctor -O compilation from source
FAIL: nested_with_ctor -O compilation from bytecode
FAIL: pr109 compilation from source
FAIL: pr109 compilation from bytecode
FAIL: pr109 -O compilation from source
FAIL: pr109 -O compilation from bytecode
FAIL: pr133 compilation from source
FAIL: pr133 compilation from bytecode
FAIL: pr133 -O compilation from source
FAIL: pr133 -O compilation from bytecode
FAIL: pr179 compilation from source
FAIL: pr179 compilation from bytecode
FAIL: pr179 -O compilation from source
FAIL: pr179 -O compilation from bytecode
FAIL: pr184 compilation from source
FAIL: pr184 compilation from bytecode
FAIL: pr184 -O compilation from source
FAIL: pr184 -O compilation from bytecode
FAIL: pr83 compilation from source
FAIL: pr83 compilation from bytecode
FAIL: pr83 -O compilation from source
FAIL: pr83 -O compilation from bytecode
FAIL: private_direct_read compilation from source
FAIL: private_direct_read compilation from bytecode
FAIL: private_direct_read -O compilation from source
FAIL: private_direct_read -O compilation from bytecode
FAIL: search_outer compilation from source
FAIL: search_outer compilation from bytecode
FAIL: search_outer -O compilation from source
FAIL: search_outer -O compilation from bytecode
FAIL: stringconst compilation from source
FAIL: stringconst compilation from bytecode
FAIL: stringconst -O compilation from source
FAIL: stringconst -O compilation from bytecode
FAIL: stringconst2 compilation from source
FAIL: stringconst2 compilation from bytecode
FAIL: stringconst2 -O compilation from source
FAIL: stringconst2 -O compilation from bytecode
XPASS: stub byte compilation
XPASS: stub byte compilation
FAIL: test_long compilation from source
FAIL: test_long compilation from bytecode
FAIL: test_long -O compilation from source
FAIL: test_long -O compilation from bytecode
FAIL: tmi compilation from source
FAIL: tmi compilation from bytecode
FAIL: tmi -O compilation from source
FAIL: tmi -O compilation from bytecode
FAIL: tp compilation from source
FAIL: tp compilation from bytecode
FAIL: tp -O compilation from source
FAIL: tp -O compilation from bytecode
FAIL: update_outer compilation from source
FAIL: update_outer compilation from bytecode
FAIL: update_outer -O compilation from source
FAIL: update_outer -O compilation from bytecode
=== libjava Summary ===
# of expected passes 482
# of unexpected failures 450
# of unexpected successes 2
# of expected failures 14
# of untested testcases 768
=== libstdc++-v3 tests ===
Running target unix
=== libstdc++-v3 Summary ===
# of expected passes 245
# of expected failures 8
Compiler version: 3.0.1 20010811 (prerelease)
Platform: i686-pc-linux-gnu
configure flags: --host=i686-pc-linux-gnu --verbose --enable-threads=posix --with-system-zlib --with-dwarf2 --enable-shared --disable-nls --enable-checking
BOOT_CFLAGS=-g -Os -march=i686
Counting all warnings,
there are 110 warnings in stage3 of this bootstrap.
Number of warnings per file:
28 gcc/combine.c
10 gcc/reg-stack.c
6 gcc/cp/pt.c
5 gcc/cse.c
5 gcc/cp/error.c
5 gcc/cp/call.c
4 gcc/unwind-dw2.c
4 gcc/except.c
3 insn-emit.c
3 gcc/reload1.c
3 gcc/gcc.c
3 gcc/config/i386/i386.md
3 gcc/config/i386/i386.c
2 gcc/reload.c
2 gcc/function.c
2 gcc/fold-const.c
2 gcc/expr.c
2 gcc/cp/class.c
2 gcc/alias.c
1 gcc/unwind-dw2-fde.c
1 gcc/sched-deps.c
1 gcc/regmove.c
1 gcc/objc/lang-specs.h
1 gcc/libgcc2.c
1 gcc/java/jvspec.c
1 gcc/flow.c
1 gcc/final.c
1 gcc/f/lang-specs.h
1 gcc/expmed.c
1 gcc/dwarfout.c
1 gcc/dwarf2out.c
1 gcc/cp/typeck2.c
1 gcc/cp/lang-specs.h
1 gcc/cp/init.c
1 gcc/cp/errfn.c
Number of warning types:
57 comparison between signed and unsigned
15 \`???' might be used uninitialized in this function
7 string length \`???' is greater than the length \`???' ISO C89 compilers are required to support
7 signed and unsigned type in conditional expression
5 initialization from incompatible pointer type
5 implicit declaration of function \`???'
3 unused variable \`???'
2 passing arg ??? of \`???' from incompatible pointer type
2 function declaration isn't a prototype
2 destination missing a mode?
1 unused parameter \`???'
1 pointer targets in passing arg ??? of \`???' differ in signedness
1 passing arg ??? of \`???' discards qualifiers from pointer target type
1 operand 0 missing mode?
1 ??? format, ??? arg (arg ???)