This is the mail archive of the
gcc-testresults@gcc.gnu.org
mailing list for the GCC project.
Results for 3.1 20010802 (experimental) testsuite on i686-redhat-linux-gnu
- To: gcc-testresults at gcc dot gnu dot org
- Subject: Results for 3.1 20010802 (experimental) testsuite on i686-redhat-linux-gnu
- From: Horst von Brand <vonbrand at sleipnir dot valparaiso dot cl>
- Date: Fri, 3 Aug 2001 01:52:05 -0400
LAST_UPDATED: Fri Aug 3 01:56:25 UTC 2001
Native configuration is i686-redhat-linux-gnu
=== g77 tests ===
Running target unix
=== g77 Summary ===
# of expected passes 1317
=== gcc tests ===
Running target unix
FAIL: gcc.dg/format/c90-printf-1.c %s with NULL (test for warnings, line 236)
FAIL: gcc.dg/format/c90-printf-1.c (test for excess errors)
FAIL: gcc.dg/format/c90-scanf-1.c writing into NULL (test for warnings, line 118)
FAIL: gcc.dg/format/c90-scanf-1.c (test for excess errors)
FAIL: gcc.dg/format/ext-3.c bad %-_ (test for warnings, line 211)
FAIL: gcc.dg/format/ext-3.c bad %-0 (test for warnings, line 212)
FAIL: gcc.dg/format/ext-3.c bad %_0 (test for warnings, line 213)
FAIL: gcc.dg/format/ext-3.c bad %^# (test for warnings, line 215)
FAIL: gcc.dg/format/ext-3.c (test for excess errors)
=== gcc Summary ===
# of expected passes 15665
# of unexpected failures 9
# of expected failures 72
# of unsupported tests 23
/usr/src/build/GCC/build-gcc-20010802/gcc/xgcc version 3.1 20010802 (experimental)
=== g++ tests ===
Running target unix
FAIL: g++.other/enum5.C (test for excess errors)
XPASS: g++.robertl/eb17.C Execution test
=== g++ Summary ===
# of expected passes 6582
# of unexpected failures 1
# of unexpected successes 1
# of expected failures 86
# of untested testcases 9
/usr/src/build/GCC/build-gcc-20010802/gcc/testsuite/../g++ version 3.1 20010802 (experimental)
=== objc tests ===
Running target unix
FAIL: objc/execute/formal_protocol-6.m execution, -O
=== objc Summary ===
# of expected passes 202
# of unexpected failures 1
/usr/src/build/GCC/build-gcc-20010802/gcc/xgcc version 3.1 20010802 (experimental)
=== libjava tests ===
Running target unix
FAIL: register run
XPASS: stringconst output from bytecode->native test
XPASS: stringconst -O output from bytecode->native test
=== libjava Summary ===
# of expected passes 1853
# of unexpected failures 1
# of unexpected successes 2
# of expected failures 16
# of untested testcases 17
=== libstdc++-v3 tests ===
Running target unix
=== libstdc++-v3 Summary ===
Compiler version: 3.1 20010802 (experimental)
Platform: i686-redhat-linux-gnu
configure flags: --host=i686-redhat-linux --enable-shared --enable-threads --enable-haifa --enable-cpp --with-system-zlib --prefix=/usr