This is the mail archive of the gcc-testresults@gcc.gnu.org mailing list for the GCC project.
Index Nav: | [Date Index] [Subject Index] [Author Index] [Thread Index] | |
---|---|---|
Message Nav: | [Date Prev] [Date Next] | [Thread Prev] [Thread Next] |
LAST_UPDATED: Wed Aug 1 19:23:36 UTC 2001 Native configuration is i686-pc-linux-gnu === g++ tests === Running target unix FAIL: g++.ext/instantiate1.C not instantiated (test for errors, line 20) FAIL: g++.ext/instantiate3.C not instantiated (test for errors, line 13) === g++ Summary === # of expected passes 6505 # of unexpected failures 2 # of expected failures 102 # of untested testcases 9 /builds/gcc/gcc-3.0-pre/gcc/testsuite/../g++ version 3.0.1 20010801 (prerelease) === g77 tests === Running target unix === g77 Summary === # of expected passes 949 === gcc tests === Running target unix XPASS: gcc.c-torture/execute/20010114-2.c execution, -O0 XPASS: gcc.c-torture/execute/20010114-2.c execution, -O3 -fomit-frame-pointer XPASS: gcc.c-torture/execute/20010114-2.c execution, -O3 -g === gcc Summary === # of expected passes 15222 # of unexpected successes 3 # of expected failures 85 # of unsupported tests 20 /builds/gcc/gcc-3.0-pre/gcc/xgcc version 3.0.1 20010801 (prerelease) === objc tests === Running target unix === objc Summary === # of expected passes 153 # of expected failures 1 /builds/gcc/gcc-3.0-pre/gcc/xgcc version 3.0.1 20010801 (prerelease) === libstdc++-v3 tests === Running target unix === libstdc++-v3 Summary === # of expected passes 245 # of expected failures 8 Compiler version: 3.0.1 20010801 (prerelease) Platform: i686-pc-linux-gnu configure flags: --host=i686-pc-linux-gnu --prefix=/opt/gcc-3.0 --enable-shared --enable-threads=posix --with-gnu-as --with-gnu-ld --disable-nls --with-system-zlib --enable-languages=c,objc,c++,f77
Index Nav: | [Date Index] [Subject Index] [Author Index] [Thread Index] | |
---|---|---|
Message Nav: | [Date Prev] [Date Next] | [Thread Prev] [Thread Next] |