This is the mail archive of the
gcc-testresults@gcc.gnu.org
mailing list for the GCC project.
Results for 3.1 20010728 (experimental) testsuite on alphaev6-unknown-linux-gnu
- To: gcc-testresults at gcc dot gnu dot org
- Subject: Results for 3.1 20010728 (experimental) testsuite on alphaev6-unknown-linux-gnu
- From: Richard Henderson <rth at cygnus dot com>
- Date: Sat, 28 Jul 2001 18:09:18 -0700
LAST_UPDATED: Sat Jul 28 22:08:13 UTC 2001
Native configuration is alphaev6-unknown-linux-gnu
=== libjava tests ===
Running target unix
FAIL: calls.c compilation
FAIL: register run
XPASS: stringconst output from bytecode->native test
XPASS: stringconst -O output from bytecode->native test
=== libjava Summary ===
# of expected passes 1822
# of unexpected failures 2
# of unexpected successes 2
# of expected failures 16
# of untested testcases 17
=== libstdc++-v3 tests ===
Running target unix
FAIL: 27_io/ios_manip_basefield.cc execution test
FAIL: 27_io/ios_manip_fmtflags.cc execution test
=== libstdc++-v3 Summary ===
# of expected passes 279
# of unexpected failures 2
# of expected failures 10
=== g77 tests ===
Running target unix
FAIL: g77.f-torture/compile/20000629-1.f, -O3 -g
FAIL: g77.f-torture/execute/20010430.f execution, -O2
FAIL: g77.f-torture/execute/20010430.f execution, -O3 -fomit-frame-pointer
FAIL: g77.f-torture/execute/20010430.f execution, -O3 -fomit-frame-pointer -funroll-loops
FAIL: g77.f-torture/execute/20010430.f execution, -O3 -fomit-frame-pointer -funroll-all-loops -finline-functions
FAIL: g77.f-torture/execute/20010430.f execution, -O3 -g
=== g77 Summary ===
# of expected passes 1083
# of unexpected failures 6
# of unsupported tests 8
=== gcc tests ===
Running target unix
FAIL: gcc.c-torture/execute/20000605-1.c execution, -O2
FAIL: gcc.c-torture/execute/20000605-1.c execution, -O3 -fomit-frame-pointer
FAIL: gcc.c-torture/execute/20000605-1.c execution, -O3 -fomit-frame-pointer -funroll-loops
FAIL: gcc.c-torture/execute/20000605-1.c execution, -O3 -fomit-frame-pointer -funroll-all-loops -finline-functions
FAIL: gcc.c-torture/execute/20000605-1.c execution, -O3 -g
FAIL: gcc.c-torture/execute/20000605-1.c execution, -Os
FAIL: gcc.c-torture/execute/20010518-2.c execution, -O0
FAIL: gcc.c-torture/execute/20010518-2.c execution, -O1
FAIL: gcc.c-torture/execute/20010518-2.c execution, -O2
FAIL: gcc.c-torture/execute/20010518-2.c execution, -O3 -fomit-frame-pointer
FAIL: gcc.c-torture/execute/20010518-2.c execution, -O3 -g
FAIL: gcc.c-torture/execute/20010518-2.c execution, -Os
FAIL: gcc.dg/cpp/ucs.c (test for warnings, line 24)
FAIL: gcc.dg/cpp/ucs.c (test for excess errors)
=== gcc Summary ===
# of expected passes 15609
# of unexpected failures 14
# of expected failures 70
# of unsupported tests 53
/castro/street/rth/gcc/build/axp/gcc/xgcc version 3.1 20010728 (experimental)
=== g++ tests ===
Running target unix
FAIL: g++.dg/opt/vtgc1.C (test for excess errors)
FAIL: g++.law/copy1.C Execution test
FAIL: g++.other/crash18.C (test for excess errors)
FAIL: g++.other/enum5.C (test for excess errors)
XPASS: g++.robertl/eb17.C Execution test
=== g++ Summary ===
# of expected passes 6547
# of unexpected failures 4
# of unexpected successes 1
# of expected failures 86
# of unresolved testcases 1
# of untested testcases 20
/castro/street/rth/gcc/build/axp/gcc/testsuite/../g++ version 3.1 20010728 (experimental)
=== objc tests ===
Running target unix
FAIL: objc/execute/formal_protocol-6.m execution, -O
=== objc Summary ===
# of expected passes 185
# of unexpected failures 1
/castro/street/rth/gcc/build/axp/gcc/xgcc version 3.1 20010728 (experimental)
Compiler version: 3.1 20010728 (experimental)
Platform: alphaev6-unknown-linux-gnu
configure flags: --host=alphaev6-unknown-linux-gnu --prefix=/castro/street/H-alpha-linux --enable-threads