This is the mail archive of the
gcc-testresults@gcc.gnu.org
mailing list for the GCC project.
Results for 3.0.1 20010723 (prerelease) testsuite on powerpc-unknown-elf
- To: gcc-testresults at gcc dot gnu dot org
- Subject: Results for 3.0.1 20010723 (prerelease) testsuite on powerpc-unknown-elf
- From: Joel Sherrill <joel at britain dot oarcorp dot com>
- Date: Wed, 25 Jul 2001 13:02:10 -0500
This is a C only test run. C++ can not be built as reported
in PR3369.
NOTE: Again the reply to address generated by the script is not
right. Use joel AT OARcorp DOT com or joel AT gcc DOT gnu DOT org.
--joel
Target is powerpc-unknown-elf
Host is i686-pc-linux-gnu
=== g++ tests ===
Running target powerpc-sim
Host is i686-pc-linux-gnu
=== g77 tests ===
Running target powerpc-sim
FAIL: g77.f-torture/compile/19990218-0.f, -O0
FAIL: g77.f-torture/compile/19990218-0.f, -O1
FAIL: g77.f-torture/compile/19990218-0.f, -O2
FAIL: g77.f-torture/compile/19990218-0.f, -O3 -fomit-frame-pointer
FAIL: g77.f-torture/compile/19990218-0.f, -O3 -g
FAIL: g77.f-torture/compile/19990218-0.f, -Os
FAIL: g77.f-torture/compile/19990305-0.f, -O0
FAIL: g77.f-torture/compile/19990305-0.f, -O1
FAIL: g77.f-torture/compile/19990305-0.f, -O2
FAIL: g77.f-torture/compile/19990305-0.f, -O3 -fomit-frame-pointer
FAIL: g77.f-torture/compile/19990305-0.f, -O3 -g
FAIL: g77.f-torture/compile/19990305-0.f, -Os
FAIL: g77.f-torture/compile/19990419-0.f, -O0
FAIL: g77.f-torture/compile/19990419-0.f, -O1
FAIL: g77.f-torture/compile/19990419-0.f, -O2
FAIL: g77.f-torture/compile/19990419-0.f, -O3 -fomit-frame-pointer
FAIL: g77.f-torture/compile/19990419-0.f, -O3 -g
FAIL: g77.f-torture/compile/19990419-0.f, -Os
FAIL: g77.f-torture/compile/19990502-0.f, -O0
FAIL: g77.f-torture/compile/19990502-0.f, -O1
FAIL: g77.f-torture/compile/19990502-0.f, -O2
FAIL: g77.f-torture/compile/19990502-0.f, -O3 -fomit-frame-pointer
FAIL: g77.f-torture/compile/19990502-0.f, -O3 -g
FAIL: g77.f-torture/compile/19990502-0.f, -Os
FAIL: g77.f-torture/compile/19990502-1.f, -O0
FAIL: g77.f-torture/compile/19990502-1.f, -O1
FAIL: g77.f-torture/compile/19990502-1.f, -O2
FAIL: g77.f-torture/compile/19990502-1.f, -O3 -fomit-frame-pointer
FAIL: g77.f-torture/compile/19990502-1.f, -O3 -fomit-frame-pointer -funroll-loops
FAIL: g77.f-torture/compile/19990502-1.f, -O3 -fomit-frame-pointer -funroll-all-loops -finline-functions
FAIL: g77.f-torture/compile/19990502-1.f, -O3 -g
FAIL: g77.f-torture/compile/19990502-1.f, -Os
FAIL: g77.f-torture/compile/19990525-0.f, -O0
FAIL: g77.f-torture/compile/19990525-0.f, -O1
FAIL: g77.f-torture/compile/19990525-0.f, -O2
FAIL: g77.f-torture/compile/19990525-0.f, -O3 -fomit-frame-pointer
FAIL: g77.f-torture/compile/19990525-0.f, -O3 -g
FAIL: g77.f-torture/compile/19990525-0.f, -Os
FAIL: g77.f-torture/compile/19990826-1.f, -O0
FAIL: g77.f-torture/compile/19990826-1.f, -O1
FAIL: g77.f-torture/compile/19990826-1.f, -O2
FAIL: g77.f-torture/compile/19990826-1.f, -O3 -fomit-frame-pointer
FAIL: g77.f-torture/compile/19990826-1.f, -O3 -g
FAIL: g77.f-torture/compile/19990826-1.f, -Os
FAIL: g77.f-torture/compile/19990826-3.f, -O0
FAIL: g77.f-torture/compile/19990826-3.f, -O1
FAIL: g77.f-torture/compile/19990826-3.f, -O2
FAIL: g77.f-torture/compile/19990826-3.f, -O3 -fomit-frame-pointer
FAIL: g77.f-torture/compile/19990826-3.f, -O3 -fomit-frame-pointer -funroll-loops
FAIL: g77.f-torture/compile/19990826-3.f, -O3 -fomit-frame-pointer -funroll-all-loops -finline-functions
FAIL: g77.f-torture/compile/19990826-3.f, -O3 -g
FAIL: g77.f-torture/compile/19990826-3.f, -Os
FAIL: g77.f-torture/compile/19990905-0.f, -O0
FAIL: g77.f-torture/compile/19990905-0.f, -O1
FAIL: g77.f-torture/compile/19990905-0.f, -O2
FAIL: g77.f-torture/compile/19990905-0.f, -O3 -fomit-frame-pointer
FAIL: g77.f-torture/compile/19990905-0.f, -O3 -g
FAIL: g77.f-torture/compile/19990905-0.f, -Os
FAIL: g77.f-torture/compile/19990905-2.f, -O0
FAIL: g77.f-torture/compile/19990905-2.f, -O1
FAIL: g77.f-torture/compile/19990905-2.f, -O2
FAIL: g77.f-torture/compile/19990905-2.f, -O3 -fomit-frame-pointer
FAIL: g77.f-torture/compile/19990905-2.f, -O3 -g
FAIL: g77.f-torture/compile/19990905-2.f, -Os
FAIL: g77.f-torture/compile/20000412-1.f, -O0
FAIL: g77.f-torture/compile/20000412-1.f, -O1
FAIL: g77.f-torture/compile/20000412-1.f, -O2
FAIL: g77.f-torture/compile/20000412-1.f, -O3 -fomit-frame-pointer
FAIL: g77.f-torture/compile/20000412-1.f, -O3 -g
FAIL: g77.f-torture/compile/20000412-1.f, -Os
FAIL: g77.f-torture/compile/20000511-1.f, -O0
FAIL: g77.f-torture/compile/20000511-1.f, -O1
FAIL: g77.f-torture/compile/20000511-1.f, -O2
FAIL: g77.f-torture/compile/20000511-1.f, -O3 -fomit-frame-pointer
FAIL: g77.f-torture/compile/20000511-1.f, -O3 -fomit-frame-pointer -funroll-loops
FAIL: g77.f-torture/compile/20000511-1.f, -O3 -fomit-frame-pointer -funroll-all-loops -finline-functions
FAIL: g77.f-torture/compile/20000511-1.f, -O3 -g
FAIL: g77.f-torture/compile/20000511-1.f, -Os
FAIL: g77.f-torture/compile/20000511-2.f, -O0
FAIL: g77.f-torture/compile/20000511-2.f, -O1
FAIL: g77.f-torture/compile/20000511-2.f, -O2
FAIL: g77.f-torture/compile/20000511-2.f, -O3 -fomit-frame-pointer
FAIL: g77.f-torture/compile/20000511-2.f, -O3 -fomit-frame-pointer -funroll-loops
FAIL: g77.f-torture/compile/20000511-2.f, -O3 -fomit-frame-pointer -funroll-all-loops -finline-functions
FAIL: g77.f-torture/compile/20000511-2.f, -O3 -g
FAIL: g77.f-torture/compile/20000511-2.f, -Os
FAIL: g77.f-torture/compile/20000518.f, -O0
FAIL: g77.f-torture/compile/20000518.f, -O1
FAIL: g77.f-torture/compile/20000518.f, -O2
FAIL: g77.f-torture/compile/20000518.f, -O3 -fomit-frame-pointer
FAIL: g77.f-torture/compile/20000518.f, -O3 -fomit-frame-pointer -funroll-loops
FAIL: g77.f-torture/compile/20000518.f, -O3 -fomit-frame-pointer -funroll-all-loops -finline-functions
FAIL: g77.f-torture/compile/20000518.f, -O3 -g
FAIL: g77.f-torture/compile/20000518.f, -Os
FAIL: g77.f-torture/compile/20000601-1.f, -O0
FAIL: g77.f-torture/compile/20000601-1.f, -O1
FAIL: g77.f-torture/compile/20000601-1.f, -O2
FAIL: g77.f-torture/compile/20000601-1.f, -O3 -fomit-frame-pointer
FAIL: g77.f-torture/compile/20000601-1.f, -O3 -fomit-frame-pointer -funroll-loops
FAIL: g77.f-torture/compile/20000601-1.f, -O3 -fomit-frame-pointer -funroll-all-loops -finline-functions
FAIL: g77.f-torture/compile/20000601-1.f, -O3 -g
FAIL: g77.f-torture/compile/20000601-1.f, -Os
FAIL: g77.f-torture/compile/20000601-2.f, -O0
FAIL: g77.f-torture/compile/20000601-2.f, -O1
FAIL: g77.f-torture/compile/20000601-2.f, -O2
FAIL: g77.f-torture/compile/20000601-2.f, -O3 -fomit-frame-pointer
FAIL: g77.f-torture/compile/20000601-2.f, -O3 -fomit-frame-pointer -funroll-loops
FAIL: g77.f-torture/compile/20000601-2.f, -O3 -fomit-frame-pointer -funroll-all-loops -finline-functions
FAIL: g77.f-torture/compile/20000601-2.f, -O3 -g
FAIL: g77.f-torture/compile/20000601-2.f, -Os
FAIL: g77.f-torture/compile/20000629-1.f, -O0
FAIL: g77.f-torture/compile/20000629-1.f, -O1
FAIL: g77.f-torture/compile/20000629-1.f, -O2
FAIL: g77.f-torture/compile/20000629-1.f, -O3 -fomit-frame-pointer
FAIL: g77.f-torture/compile/20000629-1.f, -O3 -fomit-frame-pointer -funroll-loops
FAIL: g77.f-torture/compile/20000629-1.f, -O3 -fomit-frame-pointer -funroll-all-loops -finline-functions
FAIL: g77.f-torture/compile/20000629-1.f, -O3 -g
FAIL: g77.f-torture/compile/20000629-1.f, -Os
FAIL: g77.f-torture/compile/20000630-2.f, -O0
FAIL: g77.f-torture/compile/20000630-2.f, -O1
FAIL: g77.f-torture/compile/20000630-2.f, -O2
FAIL: g77.f-torture/compile/20000630-2.f, -O3 -fomit-frame-pointer
FAIL: g77.f-torture/compile/20000630-2.f, -O3 -g
FAIL: g77.f-torture/compile/20000630-2.f, -Os
FAIL: g77.f-torture/compile/20010115.f, -O0
FAIL: g77.f-torture/compile/20010115.f, -O1
FAIL: g77.f-torture/compile/20010115.f, -O2
FAIL: g77.f-torture/compile/20010115.f, -O3 -fomit-frame-pointer
FAIL: g77.f-torture/compile/20010115.f, -O3 -g
FAIL: g77.f-torture/compile/20010115.f, -Os
FAIL: g77.f-torture/compile/20010321-1.f, -O0
FAIL: g77.f-torture/compile/20010321-1.f, -O1
FAIL: g77.f-torture/compile/20010321-1.f, -O2
FAIL: g77.f-torture/compile/20010321-1.f, -O3 -fomit-frame-pointer
FAIL: g77.f-torture/compile/20010321-1.f, -O3 -g
FAIL: g77.f-torture/compile/20010321-1.f, -Os
FAIL: g77.f-torture/compile/20010519-1.f, -O0
FAIL: g77.f-torture/compile/20010519-1.f, -O1
FAIL: g77.f-torture/compile/20010519-1.f, -O2
FAIL: g77.f-torture/compile/20010519-1.f, -O3 -fomit-frame-pointer
FAIL: g77.f-torture/compile/20010519-1.f, -O3 -fomit-frame-pointer -funroll-loops
FAIL: g77.f-torture/compile/20010519-1.f, -O3 -fomit-frame-pointer -funroll-all-loops -finline-functions
FAIL: g77.f-torture/compile/20010519-1.f, -O3 -g
FAIL: g77.f-torture/compile/20010519-1.f, -Os
FAIL: g77.f-torture/compile/960317-1.f, -O0
FAIL: g77.f-torture/compile/960317-1.f, -O1
FAIL: g77.f-torture/compile/960317-1.f, -O2
FAIL: g77.f-torture/compile/960317-1.f, -O3 -fomit-frame-pointer
FAIL: g77.f-torture/compile/960317-1.f, -O3 -g
FAIL: g77.f-torture/compile/960317-1.f, -Os
FAIL: g77.f-torture/compile/970125-0.f, -O0
FAIL: g77.f-torture/compile/970125-0.f, -O1
FAIL: g77.f-torture/compile/970125-0.f, -O2
FAIL: g77.f-torture/compile/970125-0.f, -O3 -fomit-frame-pointer
FAIL: g77.f-torture/compile/970125-0.f, -O3 -g
FAIL: g77.f-torture/compile/970125-0.f, -Os
FAIL: g77.f-torture/compile/970915-0.f, -O0
FAIL: g77.f-torture/compile/970915-0.f, -O1
FAIL: g77.f-torture/compile/970915-0.f, -O2
FAIL: g77.f-torture/compile/970915-0.f, -O3 -fomit-frame-pointer
FAIL: g77.f-torture/compile/970915-0.f, -O3 -g
FAIL: g77.f-torture/compile/970915-0.f, -Os
FAIL: g77.f-torture/compile/980310-1.f, -O0
FAIL: g77.f-torture/compile/980310-1.f, -O1
FAIL: g77.f-torture/compile/980310-1.f, -O2
FAIL: g77.f-torture/compile/980310-1.f, -O3 -fomit-frame-pointer
FAIL: g77.f-torture/compile/980310-1.f, -O3 -g
FAIL: g77.f-torture/compile/980310-1.f, -Os
FAIL: g77.f-torture/compile/980310-2.f, -O0
FAIL: g77.f-torture/compile/980310-2.f, -O1
FAIL: g77.f-torture/compile/980310-2.f, -O2
FAIL: g77.f-torture/compile/980310-2.f, -O3 -fomit-frame-pointer
FAIL: g77.f-torture/compile/980310-2.f, -O3 -g
FAIL: g77.f-torture/compile/980310-2.f, -Os
FAIL: g77.f-torture/compile/980310-3.f, -O0
FAIL: g77.f-torture/compile/980310-3.f, -O1
FAIL: g77.f-torture/compile/980310-3.f, -O2
FAIL: g77.f-torture/compile/980310-3.f, -O3 -fomit-frame-pointer
FAIL: g77.f-torture/compile/980310-3.f, -O3 -fomit-frame-pointer -funroll-loops
FAIL: g77.f-torture/compile/980310-3.f, -O3 -fomit-frame-pointer -funroll-all-loops -finline-functions
FAIL: g77.f-torture/compile/980310-3.f, -O3 -g
FAIL: g77.f-torture/compile/980310-3.f, -Os
FAIL: g77.f-torture/compile/980310-4.f, -O0
FAIL: g77.f-torture/compile/980310-4.f, -O1
FAIL: g77.f-torture/compile/980310-4.f, -O2
FAIL: g77.f-torture/compile/980310-4.f, -O3 -fomit-frame-pointer
FAIL: g77.f-torture/compile/980310-4.f, -O3 -fomit-frame-pointer -funroll-loops
FAIL: g77.f-torture/compile/980310-4.f, -O3 -fomit-frame-pointer -funroll-all-loops -finline-functions
FAIL: g77.f-torture/compile/980310-4.f, -O3 -g
FAIL: g77.f-torture/compile/980310-4.f, -Os
FAIL: g77.f-torture/compile/980310-6.f, -O0
FAIL: g77.f-torture/compile/980310-6.f, -O1
FAIL: g77.f-torture/compile/980310-6.f, -O2
FAIL: g77.f-torture/compile/980310-6.f, -O3 -fomit-frame-pointer
FAIL: g77.f-torture/compile/980310-6.f, -O3 -g
FAIL: g77.f-torture/compile/980310-6.f, -Os
FAIL: g77.f-torture/compile/980310-7.f, -O0
FAIL: g77.f-torture/compile/980310-7.f, -O1
FAIL: g77.f-torture/compile/980310-7.f, -O2
FAIL: g77.f-torture/compile/980310-7.f, -O3 -fomit-frame-pointer
FAIL: g77.f-torture/compile/980310-7.f, -O3 -fomit-frame-pointer -funroll-loops
FAIL: g77.f-torture/compile/980310-7.f, -O3 -fomit-frame-pointer -funroll-all-loops -finline-functions
FAIL: g77.f-torture/compile/980310-7.f, -O3 -g
FAIL: g77.f-torture/compile/980310-7.f, -Os
FAIL: g77.f-torture/compile/980310-8.f, -O0
FAIL: g77.f-torture/compile/980310-8.f, -O1
FAIL: g77.f-torture/compile/980310-8.f, -O2
FAIL: g77.f-torture/compile/980310-8.f, -O3 -fomit-frame-pointer
FAIL: g77.f-torture/compile/980310-8.f, -O3 -fomit-frame-pointer -funroll-loops
FAIL: g77.f-torture/compile/980310-8.f, -O3 -fomit-frame-pointer -funroll-all-loops -finline-functions
FAIL: g77.f-torture/compile/980310-8.f, -O3 -g
FAIL: g77.f-torture/compile/980310-8.f, -Os
FAIL: g77.f-torture/compile/980419-2.f, -O0
FAIL: g77.f-torture/compile/980419-2.f, -O1
FAIL: g77.f-torture/compile/980419-2.f, -O2
FAIL: g77.f-torture/compile/980419-2.f, -O3 -fomit-frame-pointer
FAIL: g77.f-torture/compile/980419-2.f, -O3 -fomit-frame-pointer -funroll-loops
FAIL: g77.f-torture/compile/980419-2.f, -O3 -fomit-frame-pointer -funroll-all-loops -finline-functions
FAIL: g77.f-torture/compile/980419-2.f, -O3 -g
FAIL: g77.f-torture/compile/980419-2.f, -Os
FAIL: g77.f-torture/compile/980424-0.f, -O0
FAIL: g77.f-torture/compile/980424-0.f, -O1
FAIL: g77.f-torture/compile/980424-0.f, -O2
FAIL: g77.f-torture/compile/980424-0.f, -O3 -fomit-frame-pointer
FAIL: g77.f-torture/compile/980424-0.f, -O3 -g
FAIL: g77.f-torture/compile/980424-0.f, -Os
FAIL: g77.f-torture/compile/980427-0.f, -O0
FAIL: g77.f-torture/compile/980427-0.f, -O1
FAIL: g77.f-torture/compile/980427-0.f, -O2
FAIL: g77.f-torture/compile/980427-0.f, -O3 -fomit-frame-pointer
FAIL: g77.f-torture/compile/980427-0.f, -O3 -g
FAIL: g77.f-torture/compile/980427-0.f, -Os
FAIL: g77.f-torture/compile/980519-2.f, -O0
FAIL: g77.f-torture/compile/980519-2.f, -O1
FAIL: g77.f-torture/compile/980519-2.f, -O2
FAIL: g77.f-torture/compile/980519-2.f, -O3 -fomit-frame-pointer
FAIL: g77.f-torture/compile/980519-2.f, -O3 -g
FAIL: g77.f-torture/compile/980519-2.f, -Os
FAIL: g77.f-torture/compile/980729-0.f, -O0
FAIL: g77.f-torture/compile/980729-0.f, -O1
FAIL: g77.f-torture/compile/980729-0.f, -O2
FAIL: g77.f-torture/compile/980729-0.f, -O3 -fomit-frame-pointer
FAIL: g77.f-torture/compile/980729-0.f, -O3 -g
FAIL: g77.f-torture/compile/980729-0.f, -Os
FAIL: g77.f-torture/compile/981117-1.f, -O0
FAIL: g77.f-torture/compile/981117-1.f, -O1
FAIL: g77.f-torture/compile/981117-1.f, -O2
FAIL: g77.f-torture/compile/981117-1.f, -O3 -fomit-frame-pointer
FAIL: g77.f-torture/compile/981117-1.f, -O3 -fomit-frame-pointer -funroll-loops
FAIL: g77.f-torture/compile/981117-1.f, -O3 -fomit-frame-pointer -funroll-all-loops -finline-functions
FAIL: g77.f-torture/compile/981117-1.f, -O3 -g
FAIL: g77.f-torture/compile/981117-1.f, -Os
FAIL: g77.f-torture/compile/990115-1.f, -O0
FAIL: g77.f-torture/compile/990115-1.f, -O1
FAIL: g77.f-torture/compile/990115-1.f, -O2
FAIL: g77.f-torture/compile/990115-1.f, -O3 -fomit-frame-pointer
FAIL: g77.f-torture/compile/990115-1.f, -O3 -fomit-frame-pointer -funroll-loops
FAIL: g77.f-torture/compile/990115-1.f, -O3 -fomit-frame-pointer -funroll-all-loops -finline-functions
FAIL: g77.f-torture/compile/990115-1.f, -O3 -g
FAIL: g77.f-torture/compile/990115-1.f, -Os
FAIL: g77.f-torture/compile/alpha1.f, -O0
FAIL: g77.f-torture/compile/alpha1.f, -O1
FAIL: g77.f-torture/compile/alpha1.f, -O2
FAIL: g77.f-torture/compile/alpha1.f, -O3 -fomit-frame-pointer
FAIL: g77.f-torture/compile/alpha1.f, -O3 -g
FAIL: g77.f-torture/compile/alpha1.f, -Os
FAIL: g77.f-torture/compile/toon_1.f, -O0
FAIL: g77.f-torture/compile/toon_1.f, -O1
FAIL: g77.f-torture/compile/toon_1.f, -O2
FAIL: g77.f-torture/compile/toon_1.f, -O3 -fomit-frame-pointer
FAIL: g77.f-torture/compile/toon_1.f, -O3 -g
FAIL: g77.f-torture/compile/toon_1.f, -Os
FAIL: g77.f-torture/compile/cpp.F, -O0
FAIL: g77.f-torture/compile/cpp.F, -O1
FAIL: g77.f-torture/compile/cpp.F, -O2
FAIL: g77.f-torture/compile/cpp.F, -O3 -fomit-frame-pointer
FAIL: g77.f-torture/compile/cpp.F, -O3 -fomit-frame-pointer -funroll-loops
FAIL: g77.f-torture/compile/cpp.F, -O3 -fomit-frame-pointer -funroll-all-loops -finline-functions
FAIL: g77.f-torture/compile/cpp.F, -O3 -g
FAIL: g77.f-torture/compile/cpp.F, -Os
FAIL: g77.f-torture/execute/19981119-0.f compilation, -O0
FAIL: g77.f-torture/execute/19981119-0.f compilation, -O1
FAIL: g77.f-torture/execute/19981119-0.f compilation, -O2
FAIL: g77.f-torture/execute/19981119-0.f compilation, -O3 -fomit-frame-pointer
FAIL: g77.f-torture/execute/19981119-0.f compilation, -O3 -g
FAIL: g77.f-torture/execute/19981119-0.f compilation, -Os
FAIL: g77.f-torture/execute/19990313-0.f compilation, -O0
FAIL: g77.f-torture/execute/19990313-0.f compilation, -O1
FAIL: g77.f-torture/execute/19990313-0.f compilation, -O2
FAIL: g77.f-torture/execute/19990313-0.f compilation, -O3 -fomit-frame-pointer
FAIL: g77.f-torture/execute/19990313-0.f compilation, -O3 -g
FAIL: g77.f-torture/execute/19990313-0.f compilation, -Os
FAIL: g77.f-torture/execute/19990313-1.f compilation, -O0
FAIL: g77.f-torture/execute/19990313-1.f compilation, -O1
FAIL: g77.f-torture/execute/19990313-1.f compilation, -O2
FAIL: g77.f-torture/execute/19990313-1.f compilation, -O3 -fomit-frame-pointer
FAIL: g77.f-torture/execute/19990313-1.f compilation, -O3 -g
FAIL: g77.f-torture/execute/19990313-1.f compilation, -Os
FAIL: g77.f-torture/execute/19990313-2.f compilation, -O0
FAIL: g77.f-torture/execute/19990313-2.f compilation, -O1
FAIL: g77.f-torture/execute/19990313-2.f compilation, -O2
FAIL: g77.f-torture/execute/19990313-2.f compilation, -O3 -fomit-frame-pointer
FAIL: g77.f-torture/execute/19990313-2.f compilation, -O3 -g
FAIL: g77.f-torture/execute/19990313-2.f compilation, -Os
FAIL: g77.f-torture/execute/19990313-3.f compilation, -O0
FAIL: g77.f-torture/execute/19990313-3.f compilation, -O1
FAIL: g77.f-torture/execute/19990313-3.f compilation, -O2
FAIL: g77.f-torture/execute/19990313-3.f compilation, -O3 -fomit-frame-pointer
FAIL: g77.f-torture/execute/19990313-3.f compilation, -O3 -g
FAIL: g77.f-torture/execute/19990313-3.f compilation, -Os
FAIL: g77.f-torture/execute/19990325-0.f compilation, -O0
FAIL: g77.f-torture/execute/19990325-0.f compilation, -O1
FAIL: g77.f-torture/execute/19990325-0.f compilation, -O2
FAIL: g77.f-torture/execute/19990325-0.f compilation, -O3 -fomit-frame-pointer
FAIL: g77.f-torture/execute/19990325-0.f compilation, -O3 -g
FAIL: g77.f-torture/execute/19990325-0.f compilation, -Os
FAIL: g77.f-torture/execute/19990325-1.f compilation, -O0
FAIL: g77.f-torture/execute/19990325-1.f compilation, -O1
FAIL: g77.f-torture/execute/19990325-1.f compilation, -O2
FAIL: g77.f-torture/execute/19990325-1.f compilation, -O3 -fomit-frame-pointer
FAIL: g77.f-torture/execute/19990325-1.f compilation, -O3 -g
FAIL: g77.f-torture/execute/19990325-1.f compilation, -Os
FAIL: g77.f-torture/execute/19990419-1.f compilation, -O0
FAIL: g77.f-torture/execute/19990419-1.f compilation, -O1
FAIL: g77.f-torture/execute/19990419-1.f compilation, -O2
FAIL: g77.f-torture/execute/19990419-1.f compilation, -O3 -fomit-frame-pointer
FAIL: g77.f-torture/execute/19990419-1.f compilation, -O3 -fomit-frame-pointer -funroll-loops
FAIL: g77.f-torture/execute/19990419-1.f compilation, -O3 -fomit-frame-pointer -funroll-all-loops -finline-functions
FAIL: g77.f-torture/execute/19990419-1.f compilation, -O3 -g
FAIL: g77.f-torture/execute/19990419-1.f compilation, -Os
FAIL: g77.f-torture/execute/19990826-0.f compilation, -O0
FAIL: g77.f-torture/execute/19990826-0.f compilation, -O1
FAIL: g77.f-torture/execute/19990826-0.f compilation, -O2
FAIL: g77.f-torture/execute/19990826-0.f compilation, -O3 -fomit-frame-pointer
FAIL: g77.f-torture/execute/19990826-0.f compilation, -O3 -g
FAIL: g77.f-torture/execute/19990826-0.f compilation, -Os
FAIL: g77.f-torture/execute/19990826-2.f compilation, -O0
FAIL: g77.f-torture/execute/19990826-2.f compilation, -O1
FAIL: g77.f-torture/execute/19990826-2.f compilation, -O2
FAIL: g77.f-torture/execute/19990826-2.f compilation, -O3 -fomit-frame-pointer
FAIL: g77.f-torture/execute/19990826-2.f compilation, -O3 -g
FAIL: g77.f-torture/execute/19990826-2.f compilation, -Os
FAIL: g77.f-torture/execute/20000503-1.f compilation, -O0
FAIL: g77.f-torture/execute/20000503-1.f compilation, -O1
FAIL: g77.f-torture/execute/20000503-1.f compilation, -O2
FAIL: g77.f-torture/execute/20000503-1.f compilation, -O3 -fomit-frame-pointer
FAIL: g77.f-torture/execute/20000503-1.f compilation, -O3 -fomit-frame-pointer -funroll-loops
FAIL: g77.f-torture/execute/20000503-1.f compilation, -O3 -fomit-frame-pointer -funroll-all-loops -finline-functions
FAIL: g77.f-torture/execute/20000503-1.f compilation, -O3 -g
FAIL: g77.f-torture/execute/20000503-1.f compilation, -Os
FAIL: g77.f-torture/execute/20001111.f compilation, -O0
FAIL: g77.f-torture/execute/20001111.f compilation, -O1
FAIL: g77.f-torture/execute/20001111.f compilation, -O2
FAIL: g77.f-torture/execute/20001111.f compilation, -O3 -fomit-frame-pointer
FAIL: g77.f-torture/execute/20001111.f compilation, -O3 -fomit-frame-pointer -funroll-loops
FAIL: g77.f-torture/execute/20001111.f compilation, -O3 -fomit-frame-pointer -funroll-all-loops -finline-functions
FAIL: g77.f-torture/execute/20001111.f compilation, -O3 -g
FAIL: g77.f-torture/execute/20001111.f compilation, -Os
FAIL: g77.f-torture/execute/20001201.f compilation, -O0
FAIL: g77.f-torture/execute/20001201.f compilation, -O1
FAIL: g77.f-torture/execute/20001201.f compilation, -O2
FAIL: g77.f-torture/execute/20001201.f compilation, -O3 -fomit-frame-pointer
FAIL: g77.f-torture/execute/20001201.f compilation, -O3 -g
FAIL: g77.f-torture/execute/20001201.f compilation, -Os
FAIL: g77.f-torture/execute/20010116.f compilation, -O0
FAIL: g77.f-torture/execute/20010116.f compilation, -O1
FAIL: g77.f-torture/execute/20010116.f compilation, -O2
FAIL: g77.f-torture/execute/20010116.f compilation, -O3 -fomit-frame-pointer
FAIL: g77.f-torture/execute/20010116.f compilation, -O3 -fomit-frame-pointer -funroll-loops
FAIL: g77.f-torture/execute/20010116.f compilation, -O3 -fomit-frame-pointer -funroll-all-loops -finline-functions
FAIL: g77.f-torture/execute/20010116.f compilation, -O3 -g
FAIL: g77.f-torture/execute/20010116.f compilation, -Os
FAIL: g77.f-torture/execute/970625-2.f compilation, -O0
FAIL: g77.f-torture/execute/970625-2.f compilation, -O1
FAIL: g77.f-torture/execute/970625-2.f compilation, -O2
FAIL: g77.f-torture/execute/970625-2.f compilation, -O3 -fomit-frame-pointer
FAIL: g77.f-torture/execute/970625-2.f compilation, -O3 -fomit-frame-pointer -funroll-loops
FAIL: g77.f-torture/execute/970625-2.f compilation, -O3 -fomit-frame-pointer -funroll-all-loops -finline-functions
FAIL: g77.f-torture/execute/970625-2.f compilation, -O3 -g
FAIL: g77.f-torture/execute/970625-2.f compilation, -Os
FAIL: g77.f-torture/execute/970816-3.f compilation, -O0
FAIL: g77.f-torture/execute/970816-3.f compilation, -O1
FAIL: g77.f-torture/execute/970816-3.f compilation, -O2
FAIL: g77.f-torture/execute/970816-3.f compilation, -O3 -fomit-frame-pointer
FAIL: g77.f-torture/execute/970816-3.f compilation, -O3 -g
FAIL: g77.f-torture/execute/970816-3.f compilation, -Os
FAIL: g77.f-torture/execute/971102-1.f compilation, -O0
FAIL: g77.f-torture/execute/971102-1.f compilation, -O1
FAIL: g77.f-torture/execute/971102-1.f compilation, -O2
FAIL: g77.f-torture/execute/971102-1.f compilation, -O3 -fomit-frame-pointer
FAIL: g77.f-torture/execute/971102-1.f compilation, -O3 -fomit-frame-pointer -funroll-loops
FAIL: g77.f-torture/execute/971102-1.f compilation, -O3 -fomit-frame-pointer -funroll-all-loops -finline-functions
FAIL: g77.f-torture/execute/971102-1.f compilation, -O3 -g
FAIL: g77.f-torture/execute/971102-1.f compilation, -Os
FAIL: g77.f-torture/execute/980520-1.f compilation, -O0
FAIL: g77.f-torture/execute/980520-1.f compilation, -O1
FAIL: g77.f-torture/execute/980520-1.f compilation, -O2
FAIL: g77.f-torture/execute/980520-1.f compilation, -O3 -fomit-frame-pointer
FAIL: g77.f-torture/execute/980520-1.f compilation, -O3 -g
FAIL: g77.f-torture/execute/980520-1.f compilation, -Os
FAIL: g77.f-torture/execute/980628-0.f compilation, -O0
FAIL: g77.f-torture/execute/980628-0.f compilation, -O1
FAIL: g77.f-torture/execute/980628-0.f compilation, -O2
FAIL: g77.f-torture/execute/980628-0.f compilation, -O3 -fomit-frame-pointer
FAIL: g77.f-torture/execute/980628-0.f compilation, -O3 -g
FAIL: g77.f-torture/execute/980628-0.f compilation, -Os
FAIL: g77.f-torture/execute/980628-1.f compilation, -O0
FAIL: g77.f-torture/execute/980628-1.f compilation, -O1
FAIL: g77.f-torture/execute/980628-1.f compilation, -O2
FAIL: g77.f-torture/execute/980628-1.f compilation, -O3 -fomit-frame-pointer
FAIL: g77.f-torture/execute/980628-1.f compilation, -O3 -g
FAIL: g77.f-torture/execute/980628-1.f compilation, -Os
FAIL: g77.f-torture/execute/980628-10.f compilation, -O0
FAIL: g77.f-torture/execute/980628-10.f compilation, -O1
FAIL: g77.f-torture/execute/980628-10.f compilation, -O2
FAIL: g77.f-torture/execute/980628-10.f compilation, -O3 -fomit-frame-pointer
FAIL: g77.f-torture/execute/980628-10.f compilation, -O3 -g
FAIL: g77.f-torture/execute/980628-10.f compilation, -Os
FAIL: g77.f-torture/execute/980628-2.f compilation, -O0
FAIL: g77.f-torture/execute/980628-2.f compilation, -O1
FAIL: g77.f-torture/execute/980628-2.f compilation, -O2
FAIL: g77.f-torture/execute/980628-2.f compilation, -O3 -fomit-frame-pointer
FAIL: g77.f-torture/execute/980628-2.f compilation, -O3 -g
FAIL: g77.f-torture/execute/980628-2.f compilation, -Os
FAIL: g77.f-torture/execute/980628-3.f compilation, -O0
FAIL: g77.f-torture/execute/980628-3.f compilation, -O1
FAIL: g77.f-torture/execute/980628-3.f compilation, -O2
FAIL: g77.f-torture/execute/980628-3.f compilation, -O3 -fomit-frame-pointer
FAIL: g77.f-torture/execute/980628-3.f compilation, -O3 -g
FAIL: g77.f-torture/execute/980628-3.f compilation, -Os
FAIL: g77.f-torture/execute/980628-4.f compilation, -O0
FAIL: g77.f-torture/execute/980628-4.f compilation, -O1
FAIL: g77.f-torture/execute/980628-4.f compilation, -O2
FAIL: g77.f-torture/execute/980628-4.f compilation, -O3 -fomit-frame-pointer
FAIL: g77.f-torture/execute/980628-4.f compilation, -O3 -g
FAIL: g77.f-torture/execute/980628-4.f compilation, -Os
FAIL: g77.f-torture/execute/980628-5.f compilation, -O0
FAIL: g77.f-torture/execute/980628-5.f compilation, -O1
FAIL: g77.f-torture/execute/980628-5.f compilation, -O2
FAIL: g77.f-torture/execute/980628-5.f compilation, -O3 -fomit-frame-pointer
FAIL: g77.f-torture/execute/980628-5.f compilation, -O3 -g
FAIL: g77.f-torture/execute/980628-5.f compilation, -Os
FAIL: g77.f-torture/execute/980628-6.f compilation, -O0
FAIL: g77.f-torture/execute/980628-6.f compilation, -O1
FAIL: g77.f-torture/execute/980628-6.f compilation, -O2
FAIL: g77.f-torture/execute/980628-6.f compilation, -O3 -fomit-frame-pointer
FAIL: g77.f-torture/execute/980628-6.f compilation, -O3 -g
FAIL: g77.f-torture/execute/980628-6.f compilation, -Os
FAIL: g77.f-torture/execute/980628-7.f compilation, -O0
FAIL: g77.f-torture/execute/980628-7.f compilation, -O1
FAIL: g77.f-torture/execute/980628-7.f compilation, -O2
FAIL: g77.f-torture/execute/980628-7.f compilation, -O3 -fomit-frame-pointer
FAIL: g77.f-torture/execute/980628-7.f compilation, -O3 -g
FAIL: g77.f-torture/execute/980628-7.f compilation, -Os
FAIL: g77.f-torture/execute/980628-8.f compilation, -O0
FAIL: g77.f-torture/execute/980628-8.f compilation, -O1
FAIL: g77.f-torture/execute/980628-8.f compilation, -O2
FAIL: g77.f-torture/execute/980628-8.f compilation, -O3 -fomit-frame-pointer
FAIL: g77.f-torture/execute/980628-8.f compilation, -O3 -g
FAIL: g77.f-torture/execute/980628-8.f compilation, -Os
FAIL: g77.f-torture/execute/980628-9.f compilation, -O0
FAIL: g77.f-torture/execute/980628-9.f compilation, -O1
FAIL: g77.f-torture/execute/980628-9.f compilation, -O2
FAIL: g77.f-torture/execute/980628-9.f compilation, -O3 -fomit-frame-pointer
FAIL: g77.f-torture/execute/980628-9.f compilation, -O3 -g
FAIL: g77.f-torture/execute/980628-9.f compilation, -Os
FAIL: g77.f-torture/execute/980701-0.f compilation, -O0
FAIL: g77.f-torture/execute/980701-0.f compilation, -O1
FAIL: g77.f-torture/execute/980701-0.f compilation, -O2
FAIL: g77.f-torture/execute/980701-0.f compilation, -O3 -fomit-frame-pointer
FAIL: g77.f-torture/execute/980701-0.f compilation, -O3 -g
FAIL: g77.f-torture/execute/980701-0.f compilation, -Os
FAIL: g77.f-torture/execute/980701-1.f compilation, -O0
FAIL: g77.f-torture/execute/980701-1.f compilation, -O1
FAIL: g77.f-torture/execute/980701-1.f compilation, -O2
FAIL: g77.f-torture/execute/980701-1.f compilation, -O3 -fomit-frame-pointer
FAIL: g77.f-torture/execute/980701-1.f compilation, -O3 -g
FAIL: g77.f-torture/execute/980701-1.f compilation, -Os
FAIL: g77.f-torture/execute/alpha2.f compilation, -O0
FAIL: g77.f-torture/execute/alpha2.f compilation, -O1
FAIL: g77.f-torture/execute/alpha2.f compilation, -O2
FAIL: g77.f-torture/execute/alpha2.f compilation, -O3 -fomit-frame-pointer
FAIL: g77.f-torture/execute/alpha2.f compilation, -O3 -g
FAIL: g77.f-torture/execute/alpha2.f compilation, -Os
FAIL: g77.f-torture/execute/auto0.f compilation, -O0
FAIL: g77.f-torture/execute/auto0.f compilation, -O1
FAIL: g77.f-torture/execute/auto0.f compilation, -O2
FAIL: g77.f-torture/execute/auto0.f compilation, -O3 -fomit-frame-pointer
FAIL: g77.f-torture/execute/auto0.f compilation, -O3 -fomit-frame-pointer -funroll-loops
FAIL: g77.f-torture/execute/auto0.f compilation, -O3 -fomit-frame-pointer -funroll-all-loops -finline-functions
FAIL: g77.f-torture/execute/auto0.f compilation, -O3 -g
FAIL: g77.f-torture/execute/auto0.f compilation, -Os
FAIL: g77.f-torture/execute/auto1.f compilation, -O0
FAIL: g77.f-torture/execute/auto1.f compilation, -O1
FAIL: g77.f-torture/execute/auto1.f compilation, -O2
FAIL: g77.f-torture/execute/auto1.f compilation, -O3 -fomit-frame-pointer
FAIL: g77.f-torture/execute/auto1.f compilation, -O3 -fomit-frame-pointer -funroll-loops
FAIL: g77.f-torture/execute/auto1.f compilation, -O3 -fomit-frame-pointer -funroll-all-loops -finline-functions
FAIL: g77.f-torture/execute/auto1.f compilation, -O3 -g
FAIL: g77.f-torture/execute/auto1.f compilation, -Os
FAIL: g77.f-torture/execute/cabs.f compilation, -O0
FAIL: g77.f-torture/execute/cabs.f compilation, -O1
FAIL: g77.f-torture/execute/cabs.f compilation, -O2
FAIL: g77.f-torture/execute/cabs.f compilation, -O3 -fomit-frame-pointer
FAIL: g77.f-torture/execute/cabs.f compilation, -O3 -g
FAIL: g77.f-torture/execute/cabs.f compilation, -Os
FAIL: g77.f-torture/execute/claus.f compilation, -O0
FAIL: g77.f-torture/execute/claus.f compilation, -O1
FAIL: g77.f-torture/execute/claus.f compilation, -O2
FAIL: g77.f-torture/execute/claus.f compilation, -O3 -fomit-frame-pointer
FAIL: g77.f-torture/execute/claus.f compilation, -O3 -fomit-frame-pointer -funroll-loops
FAIL: g77.f-torture/execute/claus.f compilation, -O3 -fomit-frame-pointer -funroll-all-loops -finline-functions
FAIL: g77.f-torture/execute/claus.f compilation, -O3 -g
FAIL: g77.f-torture/execute/claus.f compilation, -Os
FAIL: g77.f-torture/execute/complex_1.f compilation, -O0
FAIL: g77.f-torture/execute/complex_1.f compilation, -O1
FAIL: g77.f-torture/execute/complex_1.f compilation, -O2
FAIL: g77.f-torture/execute/complex_1.f compilation, -O3 -fomit-frame-pointer
FAIL: g77.f-torture/execute/complex_1.f compilation, -O3 -g
FAIL: g77.f-torture/execute/complex_1.f compilation, -Os
FAIL: g77.f-torture/execute/dcomplex.f compilation, -O0
FAIL: g77.f-torture/execute/dcomplex.f compilation, -O1
FAIL: g77.f-torture/execute/dcomplex.f compilation, -O2
FAIL: g77.f-torture/execute/dcomplex.f compilation, -O3 -fomit-frame-pointer
FAIL: g77.f-torture/execute/dcomplex.f compilation, -O3 -g
FAIL: g77.f-torture/execute/dcomplex.f compilation, -Os
FAIL: g77.f-torture/execute/dnrm2.f compilation, -O0
FAIL: g77.f-torture/execute/dnrm2.f compilation, -O1
FAIL: g77.f-torture/execute/dnrm2.f compilation, -O2
FAIL: g77.f-torture/execute/dnrm2.f compilation, -O3 -fomit-frame-pointer
FAIL: g77.f-torture/execute/dnrm2.f compilation, -O3 -fomit-frame-pointer -funroll-loops
FAIL: g77.f-torture/execute/dnrm2.f compilation, -O3 -fomit-frame-pointer -funroll-all-loops -finline-functions
FAIL: g77.f-torture/execute/dnrm2.f compilation, -O3 -g
FAIL: g77.f-torture/execute/dnrm2.f compilation, -Os
FAIL: g77.f-torture/execute/erfc.f compilation, -O0
FAIL: g77.f-torture/execute/erfc.f compilation, -O1
FAIL: g77.f-torture/execute/erfc.f compilation, -O2
FAIL: g77.f-torture/execute/erfc.f compilation, -O3 -fomit-frame-pointer
FAIL: g77.f-torture/execute/erfc.f compilation, -O3 -g
FAIL: g77.f-torture/execute/erfc.f compilation, -Os
FAIL: g77.f-torture/execute/exp.f compilation, -O0
FAIL: g77.f-torture/execute/exp.f compilation, -O1
FAIL: g77.f-torture/execute/exp.f compilation, -O2
FAIL: g77.f-torture/execute/exp.f compilation, -O3 -fomit-frame-pointer
FAIL: g77.f-torture/execute/exp.f compilation, -O3 -g
FAIL: g77.f-torture/execute/exp.f compilation, -Os
FAIL: g77.f-torture/execute/io0.f compilation, -O0
FAIL: g77.f-torture/execute/io0.f compilation, -O1
FAIL: g77.f-torture/execute/io0.f compilation, -O2
FAIL: g77.f-torture/execute/io0.f compilation, -O3 -fomit-frame-pointer
FAIL: g77.f-torture/execute/io0.f compilation, -O3 -g
FAIL: g77.f-torture/execute/io0.f compilation, -Os
FAIL: g77.f-torture/execute/io1.f compilation, -O0
FAIL: g77.f-torture/execute/io1.f compilation, -O1
FAIL: g77.f-torture/execute/io1.f compilation, -O2
FAIL: g77.f-torture/execute/io1.f compilation, -O3 -fomit-frame-pointer
FAIL: g77.f-torture/execute/io1.f compilation, -O3 -g
FAIL: g77.f-torture/execute/io1.f compilation, -Os
FAIL: g77.f-torture/execute/labug1.f compilation, -O0
FAIL: g77.f-torture/execute/labug1.f compilation, -O1
FAIL: g77.f-torture/execute/labug1.f compilation, -O2
FAIL: g77.f-torture/execute/labug1.f compilation, -O3 -fomit-frame-pointer
FAIL: g77.f-torture/execute/labug1.f compilation, -O3 -fomit-frame-pointer -funroll-loops
FAIL: g77.f-torture/execute/labug1.f compilation, -O3 -fomit-frame-pointer -funroll-all-loops -finline-functions
FAIL: g77.f-torture/execute/labug1.f compilation, -O3 -g
FAIL: g77.f-torture/execute/labug1.f compilation, -Os
FAIL: g77.f-torture/execute/large_vec.f compilation, -O0
FAIL: g77.f-torture/execute/large_vec.f compilation, -O1
FAIL: g77.f-torture/execute/large_vec.f compilation, -O2
FAIL: g77.f-torture/execute/large_vec.f compilation, -O3 -fomit-frame-pointer
FAIL: g77.f-torture/execute/large_vec.f compilation, -O3 -g
FAIL: g77.f-torture/execute/large_vec.f compilation, -Os
FAIL: g77.f-torture/execute/le.f compilation, -O0
FAIL: g77.f-torture/execute/le.f compilation, -O1
FAIL: g77.f-torture/execute/le.f compilation, -O2
FAIL: g77.f-torture/execute/le.f compilation, -O3 -fomit-frame-pointer
FAIL: g77.f-torture/execute/le.f compilation, -O3 -g
FAIL: g77.f-torture/execute/le.f compilation, -Os
FAIL: g77.f-torture/execute/short.f compilation, -O0
FAIL: g77.f-torture/execute/short.f compilation, -O1
FAIL: g77.f-torture/execute/short.f compilation, -O2
FAIL: g77.f-torture/execute/short.f compilation, -O3 -fomit-frame-pointer
FAIL: g77.f-torture/execute/short.f compilation, -O3 -fomit-frame-pointer -funroll-loops
FAIL: g77.f-torture/execute/short.f compilation, -O3 -fomit-frame-pointer -funroll-all-loops -finline-functions
FAIL: g77.f-torture/execute/short.f compilation, -O3 -g
FAIL: g77.f-torture/execute/short.f compilation, -Os
FAIL: g77.f-torture/execute/u77-test.f compilation, -O0
FAIL: g77.f-torture/execute/u77-test.f compilation, -O1
FAIL: g77.f-torture/execute/u77-test.f compilation, -O2
FAIL: g77.f-torture/execute/u77-test.f compilation, -O3 -fomit-frame-pointer
FAIL: g77.f-torture/execute/u77-test.f compilation, -O3 -fomit-frame-pointer -funroll-loops
FAIL: g77.f-torture/execute/u77-test.f compilation, -O3 -fomit-frame-pointer -funroll-all-loops -finline-functions
FAIL: g77.f-torture/execute/u77-test.f compilation, -O3 -g
FAIL: g77.f-torture/execute/u77-test.f compilation, -Os
FAIL: g77.f-torture/execute/cpp.F compilation, -O0
FAIL: g77.f-torture/execute/cpp.F compilation, -O1
FAIL: g77.f-torture/execute/cpp.F compilation, -O2
FAIL: g77.f-torture/execute/cpp.F compilation, -O3 -fomit-frame-pointer
FAIL: g77.f-torture/execute/cpp.F compilation, -O3 -g
FAIL: g77.f-torture/execute/cpp.F compilation, -Os
FAIL: g77.f-torture/execute/cpp2.F compilation, -O0
FAIL: g77.f-torture/execute/cpp2.F compilation, -O1
FAIL: g77.f-torture/execute/cpp2.F compilation, -O2
FAIL: g77.f-torture/execute/cpp2.F compilation, -O3 -fomit-frame-pointer
FAIL: g77.f-torture/execute/cpp2.F compilation, -O3 -g
FAIL: g77.f-torture/execute/cpp2.F compilation, -Os
FAIL: g77.f-torture/noncompile/check0.f
=== g77 Summary ===
# of unexpected failures 607
# of untested testcases 326
# of unsupported tests 8
Host is i686-pc-linux-gnu
=== gcc tests ===
Running target powerpc-sim
XPASS: gcc.c-torture/execute/20010114-2.c execution, -O0
XPASS: gcc.c-torture/execute/20010114-2.c execution, -O1
XPASS: gcc.c-torture/execute/20010114-2.c execution, -O2
XPASS: gcc.c-torture/execute/20010114-2.c execution, -O3 -fomit-frame-pointer
XPASS: gcc.c-torture/execute/20010114-2.c execution, -O3 -g
XPASS: gcc.c-torture/execute/20010114-2.c execution, -Os
FAIL: gcc.c-torture/execute/20010325-1.c execution, -O0
FAIL: gcc.c-torture/execute/20010325-1.c execution, -O1
FAIL: gcc.c-torture/execute/20010325-1.c execution, -O2
FAIL: gcc.c-torture/execute/20010325-1.c execution, -O3 -fomit-frame-pointer
FAIL: gcc.c-torture/execute/20010325-1.c execution, -O3 -g
FAIL: gcc.c-torture/execute/20010325-1.c execution, -Os
FAIL: gcc.c-torture/execute/loop-2e.c compilation, -O0
FAIL: gcc.c-torture/execute/loop-2e.c compilation, -O1
FAIL: gcc.c-torture/execute/loop-2e.c compilation, -O2
FAIL: gcc.c-torture/execute/loop-2e.c compilation, -O3 -fomit-frame-pointer
FAIL: gcc.c-torture/execute/loop-2e.c compilation, -O3 -fomit-frame-pointer -funroll-loops
FAIL: gcc.c-torture/execute/loop-2e.c compilation, -O3 -fomit-frame-pointer -funroll-all-loops -finline-functions
FAIL: gcc.c-torture/execute/loop-2e.c compilation, -O3 -g
FAIL: gcc.c-torture/execute/loop-2e.c compilation, -Os
FAIL: gcc.c-torture/execute/loop-2f.c compilation, -O0
FAIL: gcc.c-torture/execute/loop-2f.c compilation, -O1
FAIL: gcc.c-torture/execute/loop-2f.c compilation, -O2
FAIL: gcc.c-torture/execute/loop-2f.c compilation, -O3 -fomit-frame-pointer
FAIL: gcc.c-torture/execute/loop-2f.c compilation, -O3 -fomit-frame-pointer -funroll-loops
FAIL: gcc.c-torture/execute/loop-2f.c compilation, -O3 -fomit-frame-pointer -funroll-all-loops -finline-functions
FAIL: gcc.c-torture/execute/loop-2f.c compilation, -O3 -g
FAIL: gcc.c-torture/execute/loop-2f.c compilation, -Os
FAIL: gcc.c-torture/execute/loop-2g.c compilation, -O0
FAIL: gcc.c-torture/execute/loop-2g.c compilation, -O1
FAIL: gcc.c-torture/execute/loop-2g.c compilation, -O2
FAIL: gcc.c-torture/execute/loop-2g.c compilation, -O3 -fomit-frame-pointer
FAIL: gcc.c-torture/execute/loop-2g.c compilation, -O3 -fomit-frame-pointer -funroll-loops
FAIL: gcc.c-torture/execute/loop-2g.c compilation, -O3 -fomit-frame-pointer -funroll-all-loops -finline-functions
FAIL: gcc.c-torture/execute/loop-2g.c compilation, -O3 -g
FAIL: gcc.c-torture/execute/loop-2g.c compilation, -Os
FAIL: gcc.dg/wchar_t-1.c (test for excess errors)
FAIL: gcc.dg/wint_t-1.c (test for excess errors)
=== gcc Summary ===
# of expected passes 15103
# of unexpected failures 32
# of unexpected successes 6
# of expected failures 75
# of unresolved testcases 24
# of unsupported tests 55
/usr3/ftp_archive/gnu/gcc/ss/b3/b-powerpc-elf/gcc/xgcc version 3.0.1 20010723 (prerelease)
Host is i686-pc-linux-gnu
=== objc tests ===
Running target powerpc-sim
FAIL: objc/execute/IMP.m compilation, -O
FAIL: objc/execute/_cmd.m compilation, -O
FAIL: objc/execute/accessing_ivars.m compilation, -O
FAIL: objc/execute/bf-1.m compilation, -O
FAIL: objc/execute/bf-10.m compilation, -O
FAIL: objc/execute/bf-11.m compilation, -O
FAIL: objc/execute/bf-12.m compilation, -O
FAIL: objc/execute/bf-13.m compilation, -O
FAIL: objc/execute/bf-14.m compilation, -O
FAIL: objc/execute/bf-15.m compilation, -O
FAIL: objc/execute/bf-16.m compilation, -O
FAIL: objc/execute/bf-17.m compilation, -O
FAIL: objc/execute/bf-18.m compilation, -O
FAIL: objc/execute/bf-19.m compilation, -O
FAIL: objc/execute/bf-2.m compilation, -O
FAIL: objc/execute/bf-20.m compilation, -O
FAIL: objc/execute/bf-3.m compilation, -O
FAIL: objc/execute/bf-4.m compilation, -O
FAIL: objc/execute/bf-5.m compilation, -O
FAIL: objc/execute/bf-6.m compilation, -O
FAIL: objc/execute/bf-7.m compilation, -O
FAIL: objc/execute/bf-8.m compilation, -O
FAIL: objc/execute/bf-9.m compilation, -O
FAIL: objc/execute/bycopy-1.m compilation, -O
FAIL: objc/execute/bycopy-2.m compilation, -O
FAIL: objc/execute/bycopy-3.m compilation, -O
FAIL: objc/execute/class-1.m compilation, -O
FAIL: objc/execute/class-10.m compilation, -O
FAIL: objc/execute/class-11.m compilation, -O
FAIL: objc/execute/class-12.m compilation, -O
FAIL: objc/execute/class-13.m compilation, -O
FAIL: objc/execute/class-14.m compilation, -O
FAIL: objc/execute/class-2.m compilation, -O
FAIL: objc/execute/class-3.m compilation, -O
FAIL: objc/execute/class-4.m compilation, -O
FAIL: objc/execute/class-5.m compilation, -O
FAIL: objc/execute/class-6.m compilation, -O
FAIL: objc/execute/class-7.m compilation, -O
FAIL: objc/execute/class-8.m compilation, -O
FAIL: objc/execute/class-9.m compilation, -O
FAIL: objc/execute/compatibility_alias.m compilation, -O
FAIL: objc/execute/encode-1.m compilation, -O
FAIL: objc/execute/fdecl.m compilation, -O
FAIL: objc/execute/formal_protocol-1.m compilation, -O
FAIL: objc/execute/formal_protocol-2.m compilation, -O
FAIL: objc/execute/formal_protocol-3.m compilation, -O
FAIL: objc/execute/formal_protocol-4.m compilation, -O
FAIL: objc/execute/formal_protocol-5.m compilation, -O
FAIL: objc/execute/formal_protocol-6.m compilation, -O
FAIL: objc/execute/formal_protocol-7.m compilation, -O
FAIL: objc/execute/informal_protocol.m compilation, -O
FAIL: objc/execute/initialize.m compilation, -O
FAIL: objc/execute/load-2.m compilation, -O
FAIL: objc/execute/load-3.m compilation, -O
FAIL: objc/execute/load.m compilation, -O
FAIL: objc/execute/many_args_method.m compilation, -O
FAIL: objc/execute/nested-1.m compilation, -O
FAIL: objc/execute/nested-2.m compilation, -O
FAIL: objc/execute/nested-3.m compilation, -O
FAIL: objc/execute/no_clash.m compilation, -O
FAIL: objc/execute/np-1.m compilation, -O
FAIL: objc/execute/np-2.m compilation, -O
FAIL: objc/execute/object_is_class.m compilation, -O
FAIL: objc/execute/object_is_meta_class.m compilation, -O
FAIL: objc/execute/paste.m compilation, -O
FAIL: objc/execute/private.m compilation, -O
FAIL: objc/execute/protocol.m compilation, -O
FAIL: objc/execute/redefining_self.m compilation, -O
FAIL: objc/execute/root_methods.m compilation, -O
FAIL: objc/execute/selector-1.m compilation, -O
FAIL: objc/execute/static-1.m compilation, -O
FAIL: objc/execute/static-2.m compilation, -O
FAIL: objc/execute/string1.m compilation, -O
FAIL: objc/execute/string2.m compilation, -O
FAIL: objc/execute/string3.m compilation, -O
FAIL: objc/execute/string4.m compilation, -O
FAIL: objc/execute/va_method.m compilation, -O
=== objc Summary ===
# of unexpected failures 77
# of untested testcases 77
/usr3/ftp_archive/gnu/gcc/ss/b3/b-powerpc-elf/gcc/xgcc version 3.0.1 20010723 (prerelease)
Compiler version: 3.0.1 20010723 (prerelease)
Platform: powerpc-unknown-elf
configure flags: --host=i686-pc-linux-gnu --target=powerpc-elf --with-gnu-as --with-gnu-ld --with-newlib --verbose --prefix=/opt/gnucross --enable-languages=c