This is the mail archive of the
gcc-testresults@gcc.gnu.org
mailing list for the GCC project.
Results for 3.1 20010718 (experimental) testsuite on i386-unknown-linux-gnu
- To: gcc-testresults at gcc dot gnu dot org
- Subject: Results for 3.1 20010718 (experimental) testsuite on i386-unknown-linux-gnu
- From: Automatic Build System <build at netwinder dot org>
- Date: Thu, 19 Jul 2001 04:51:25 -0400
Native configuration is i386-unknown-linux-gnu
=== g++ tests ===
Running target unix
FAIL: g++.ext/instantiate1.C not instantiated (test for errors, line 20)
FAIL: g++.other/enum5.C (test for excess errors)
XPASS: g++.robertl/eb17.C Execution test
=== g++ Summary ===
# of expected passes 6550
# of unexpected failures 2
# of unexpected successes 1
# of expected failures 85
# of untested testcases 9
/home/build-rpm/BUILD/obj-gcc-20010719/gcc/testsuite/../g++ version 3.1 20010718 (experimental)
=== g77 tests ===
Running target unix
=== g77 Summary ===
# of expected passes 1019
# of unsupported tests 8
=== gcc tests ===
Running target unix
FAIL: gcc.c-torture/execute/20010114-2.c execution, -O1
FAIL: gcc.c-torture/execute/20010114-2.c execution, -O2
FAIL: gcc.c-torture/execute/20010114-2.c execution, -Os
FAIL: gcc.dg/20000707-1.c (test for excess errors)
FAIL: gcc.dg/unused-2.c (test for excess errors)
=== gcc Summary ===
# of expected passes 15648
# of unexpected failures 5
# of expected failures 72
# of unsupported tests 23
/home/build-rpm/BUILD/obj-gcc-20010719/gcc/xgcc version 3.1 20010718 (experimental)
=== objc tests ===
Running target unix
FAIL: objc/execute/formal_protocol-6.m execution, -O
=== objc Summary ===
# of expected passes 185
# of unexpected failures 1
/home/build-rpm/BUILD/obj-gcc-20010719/gcc/xgcc version 3.1 20010718 (experimental)
=== libstdc++-v3 tests ===
Running target unix
=== libstdc++-v3 Summary ===
# of expected passes 279
# of expected failures 10
Compiler version: 3.1 20010718 (experimental)
Platform: i386-unknown-linux-gnu
configure flags: --host=i386-unknown-linux-gnu --enable-languages=c,c++,objc,f77 --prefix=/usr/local --enable-shared --enable-threads --without-cvs