This is the mail archive of the
gcc-testresults@gcc.gnu.org
mailing list for the GCC project.
Results for 3.1 20010716 (experimental) testsuite on powerpc-unknown-linux-gnu
- To: gcc-testresults at gcc dot gnu dot org
- Subject: Results for 3.1 20010716 (experimental) testsuite on powerpc-unknown-linux-gnu
- From: Franz Sirl <fsirl at entropy dot crashing dot org>
- Date: Mon, 16 Jul 2001 13:39:58 -0700
Environment:
binutils-2.11.90.0.12
glibc-2.2.3
linux-2.4.3
Local modifications:
- default to DWARF2_DEBUG in rs6000/sysv4.h
- reject hard regs in CSE for constant replacement
Native configuration is powerpc-unknown-linux-gnu
=== g77 tests ===
Running target unix/-O2
FAIL: g77.f-torture/execute/20010430.f execution, -O0
FAIL: g77.f-torture/execute/20010430.f execution, -O1
FAIL: g77.f-torture/execute/20010430.f execution, -O2
FAIL: g77.f-torture/execute/20010430.f execution, -O3 -fomit-frame-pointer
FAIL: g77.f-torture/execute/20010430.f execution, -O3 -fomit-frame-pointer -funroll-loops
FAIL: g77.f-torture/execute/20010430.f execution, -O3 -fomit-frame-pointer -funroll-all-loops -finline-functions
FAIL: g77.f-torture/execute/20010430.f execution, -O3 -g
FAIL: g77.f-torture/execute/20010430.f execution, -Os
FAIL: g77.f-torture/execute/f90-intrinsic-numeric.f execution, -O0
FAIL: g77.f-torture/execute/f90-intrinsic-numeric.f execution, -O1
FAIL: g77.f-torture/execute/f90-intrinsic-numeric.f execution, -O2
FAIL: g77.f-torture/execute/f90-intrinsic-numeric.f execution, -O3 -fomit-frame-pointer
FAIL: g77.f-torture/execute/f90-intrinsic-numeric.f execution, -O3 -g
FAIL: g77.f-torture/execute/f90-intrinsic-numeric.f execution, -Os
=== g77 Summary for unix/-O2 ===
# of expected passes 1005
# of unexpected failures 14
# of unsupported tests 8
Running target unix/-fpic
FAIL: g77.f-torture/compile/20000511-2.f, -O3 -g
FAIL: g77.f-torture/compile/20000629-1.f, -O3 -g
FAIL: g77.f-torture/execute/20010430.f execution, -O2
FAIL: g77.f-torture/execute/20010430.f execution, -O3 -fomit-frame-pointer
FAIL: g77.f-torture/execute/20010430.f execution, -O3 -fomit-frame-pointer -funroll-loops
FAIL: g77.f-torture/execute/20010430.f execution, -O3 -fomit-frame-pointer -funroll-all-loops -finline-functions
FAIL: g77.f-torture/execute/20010430.f execution, -O3 -g
FAIL: g77.f-torture/execute/f90-intrinsic-numeric.f execution, -O1
FAIL: g77.f-torture/execute/f90-intrinsic-numeric.f execution, -O2
FAIL: g77.f-torture/execute/f90-intrinsic-numeric.f execution, -O3 -fomit-frame-pointer
FAIL: g77.f-torture/execute/f90-intrinsic-numeric.f execution, -O3 -g
FAIL: g77.f-torture/execute/f90-intrinsic-numeric.f execution, -Os
=== g77 Summary for unix/-fpic ===
# of expected passes 1007
# of unexpected failures 12
# of unsupported tests 8
Running target unix/-fPIC
FAIL: g77.f-torture/compile/20000511-2.f, -O3 -g
FAIL: g77.f-torture/compile/20000629-1.f, -O3 -g
FAIL: g77.f-torture/execute/20010430.f execution, -O2
FAIL: g77.f-torture/execute/20010430.f execution, -O3 -fomit-frame-pointer
FAIL: g77.f-torture/execute/20010430.f execution, -O3 -fomit-frame-pointer -funroll-loops
FAIL: g77.f-torture/execute/20010430.f execution, -O3 -fomit-frame-pointer -funroll-all-loops -finline-functions
FAIL: g77.f-torture/execute/20010430.f execution, -O3 -g
FAIL: g77.f-torture/execute/f90-intrinsic-numeric.f execution, -O1
FAIL: g77.f-torture/execute/f90-intrinsic-numeric.f execution, -O2
FAIL: g77.f-torture/execute/f90-intrinsic-numeric.f execution, -O3 -fomit-frame-pointer
FAIL: g77.f-torture/execute/f90-intrinsic-numeric.f execution, -O3 -g
FAIL: g77.f-torture/execute/f90-intrinsic-numeric.f execution, -Os
=== g77 Summary for unix/-fPIC ===
# of expected passes 1007
# of unexpected failures 12
# of unsupported tests 8
Running target unix
FAIL: g77.f-torture/compile/20000511-2.f, -O3 -g
FAIL: g77.f-torture/compile/20000629-1.f, -O3 -g
FAIL: g77.f-torture/execute/20010430.f execution, -O2
FAIL: g77.f-torture/execute/20010430.f execution, -O3 -fomit-frame-pointer
FAIL: g77.f-torture/execute/20010430.f execution, -O3 -fomit-frame-pointer -funroll-loops
FAIL: g77.f-torture/execute/20010430.f execution, -O3 -fomit-frame-pointer -funroll-all-loops -finline-functions
FAIL: g77.f-torture/execute/20010430.f execution, -O3 -g
FAIL: g77.f-torture/execute/f90-intrinsic-numeric.f execution, -O1
FAIL: g77.f-torture/execute/f90-intrinsic-numeric.f execution, -O2
FAIL: g77.f-torture/execute/f90-intrinsic-numeric.f execution, -O3 -fomit-frame-pointer
FAIL: g77.f-torture/execute/f90-intrinsic-numeric.f execution, -O3 -g
FAIL: g77.f-torture/execute/f90-intrinsic-numeric.f execution, -Os
=== g77 Summary for unix ===
# of expected passes 1007
# of unexpected failures 12
# of unsupported tests 8
=== g77 Summary ===
# of expected passes 4026
# of unexpected failures 50
# of unsupported tests 32
=== gcc tests ===
Running target unix/-O2
FAIL: gcc.c-torture/execute/920721-4.c compilation, -O3 -g
FAIL: gcc.dg/cpp/charconst.c (test for excess errors)
FAIL: gcc.dg/cpp/ucs.c (test for warnings, line 24)
FAIL: gcc.dg/cpp/ucs.c (test for excess errors)
FAIL: gcc.dg/20000906-1.c (test for excess errors)
=== gcc Summary for unix/-O2 ===
# of expected passes 15575
# of unexpected failures 5
# of expected failures 66
# of unresolved testcases 2
# of unsupported tests 49
Running target unix/-fpic
FAIL: gcc.dg/cpp/charconst.c (test for excess errors)
FAIL: gcc.dg/cpp/ucs.c (test for warnings, line 24)
FAIL: gcc.dg/cpp/ucs.c (test for excess errors)
=== gcc Summary for unix/-fpic ===
# of expected passes 15579
# of unexpected failures 3
# of expected failures 66
# of unresolved testcases 1
# of unsupported tests 49
Running target unix/-fPIC
FAIL: gcc.dg/cpp/charconst.c (test for excess errors)
FAIL: gcc.dg/cpp/ucs.c (test for warnings, line 24)
FAIL: gcc.dg/cpp/ucs.c (test for excess errors)
=== gcc Summary for unix/-fPIC ===
# of expected passes 15579
# of unexpected failures 3
# of expected failures 66
# of unresolved testcases 1
# of unsupported tests 49
Running target unix
FAIL: gcc.dg/cpp/charconst.c (test for excess errors)
FAIL: gcc.dg/cpp/ucs.c (test for warnings, line 24)
FAIL: gcc.dg/cpp/ucs.c (test for excess errors)
FAIL: gcc.dg/format/c90-printf-1.c %s with NULL (test for warnings, line 236)
FAIL: gcc.dg/format/c90-printf-1.c (test for excess errors)
=== gcc Summary for unix ===
# of expected passes 15577
# of unexpected failures 5
# of expected failures 66
# of unresolved testcases 1
# of unsupported tests 49
=== gcc Summary ===
# of expected passes 62310
# of unexpected failures 16
# of expected failures 264
# of unresolved testcases 5
# of unsupported tests 196
/home/fsirl/obj/gccm/gcc/xgcc version 3.1 20010716 (experimental)
=== g++ tests ===
Running target unix/-O2
XPASS: g++.dg/vtgc1.C (test for excess errors)
XPASS: g++.dg/vtgc1.C scan-assembler .vtable_inherit[ ]*vtable for Multivv3, 0
XPASS: g++.dg/vtgc1.C scan-assembler .vtable_inherit[ ]*VTT for Multivv3, 0
XPASS: g++.dg/vtgc1.C scan-assembler .vtable_inherit[ ]*vtable for Multiss2, vtable for Base2
XPASS: g++.dg/vtgc1.C scan-assembler .vtable_inherit[ ]*vtable for Multivs1, vtable for Base2
XPASS: g++.dg/vtgc1.C scan-assembler .vtable_inherit[ ]*VTT for Multivs1, vtable for Base2
XPASS: g++.dg/vtgc1.C scan-assembler .vtable_inherit[ ]*vtable for Multisv0, vtable for Side0
XPASS: g++.dg/vtgc1.C scan-assembler .vtable_inherit[ ]*VTT for Multisv0, vtable for Side0
XPASS: g++.dg/vtgc1.C scan-assembler .vtable_inherit[ ]*vtable for Side0, 0
XPASS: g++.dg/vtgc1.C scan-assembler .vtable_inherit[ ]*vtable for VbasedA, 0
XPASS: g++.dg/vtgc1.C scan-assembler .vtable_inherit[ ]*VTT for VbasedA, 0
XPASS: g++.dg/vtgc1.C scan-assembler .vtable_inherit[ ]*vtable for Base2, vtable for Base1
XPASS: g++.dg/vtgc1.C scan-assembler .vtable_inherit[ ]*vtable for Base1, vtable for Base0
XPASS: g++.dg/vtgc1.C scan-assembler .vtable_inherit[ ]*vtable for Base0, 0
FAIL: g++.other/enum5.C (test for excess errors)
FAIL: g++.robertl/eb130.C (test for excess errors)
XPASS: g++.robertl/eb17.C Execution test
=== g++ Summary for unix/-O2 ===
# of expected passes 6520
# of unexpected failures 2
# of unexpected successes 15
# of expected failures 85
# of untested testcases 21
Running target unix/-fpic
XPASS: g++.dg/vtgc1.C (test for excess errors)
XPASS: g++.dg/vtgc1.C scan-assembler .vtable_inherit[ ]*vtable for Multivv3, 0
XPASS: g++.dg/vtgc1.C scan-assembler .vtable_inherit[ ]*VTT for Multivv3, 0
XPASS: g++.dg/vtgc1.C scan-assembler .vtable_inherit[ ]*vtable for Multiss2, vtable for Base2
XPASS: g++.dg/vtgc1.C scan-assembler .vtable_inherit[ ]*vtable for Multivs1, vtable for Base2
XPASS: g++.dg/vtgc1.C scan-assembler .vtable_inherit[ ]*VTT for Multivs1, vtable for Base2
XPASS: g++.dg/vtgc1.C scan-assembler .vtable_inherit[ ]*vtable for Multisv0, vtable for Side0
XPASS: g++.dg/vtgc1.C scan-assembler .vtable_inherit[ ]*VTT for Multisv0, vtable for Side0
XPASS: g++.dg/vtgc1.C scan-assembler .vtable_inherit[ ]*vtable for Side0, 0
XPASS: g++.dg/vtgc1.C scan-assembler .vtable_inherit[ ]*vtable for VbasedA, 0
XPASS: g++.dg/vtgc1.C scan-assembler .vtable_inherit[ ]*VTT for VbasedA, 0
XPASS: g++.dg/vtgc1.C scan-assembler .vtable_inherit[ ]*vtable for Base2, vtable for Base1
XPASS: g++.dg/vtgc1.C scan-assembler .vtable_inherit[ ]*vtable for Base1, vtable for Base0
XPASS: g++.dg/vtgc1.C scan-assembler .vtable_inherit[ ]*vtable for Base0, 0
FAIL: g++.mike/eh36.C (test for excess errors)
FAIL: g++.mike/eh38.C (test for excess errors)
FAIL: g++.other/enum5.C (test for excess errors)
FAIL: g++.robertl/eb130.C (test for excess errors)
XPASS: g++.robertl/eb17.C Execution test
=== g++ Summary for unix/-fpic ===
# of expected passes 6516
# of unexpected failures 4
# of unexpected successes 15
# of expected failures 87
# of untested testcases 21
Running target unix/-fPIC
XPASS: g++.dg/vtgc1.C (test for excess errors)
XPASS: g++.dg/vtgc1.C scan-assembler .vtable_inherit[ ]*vtable for Multivv3, 0
XPASS: g++.dg/vtgc1.C scan-assembler .vtable_inherit[ ]*VTT for Multivv3, 0
XPASS: g++.dg/vtgc1.C scan-assembler .vtable_inherit[ ]*vtable for Multiss2, vtable for Base2
XPASS: g++.dg/vtgc1.C scan-assembler .vtable_inherit[ ]*vtable for Multivs1, vtable for Base2
XPASS: g++.dg/vtgc1.C scan-assembler .vtable_inherit[ ]*VTT for Multivs1, vtable for Base2
XPASS: g++.dg/vtgc1.C scan-assembler .vtable_inherit[ ]*vtable for Multisv0, vtable for Side0
XPASS: g++.dg/vtgc1.C scan-assembler .vtable_inherit[ ]*VTT for Multisv0, vtable for Side0
XPASS: g++.dg/vtgc1.C scan-assembler .vtable_inherit[ ]*vtable for Side0, 0
XPASS: g++.dg/vtgc1.C scan-assembler .vtable_inherit[ ]*vtable for VbasedA, 0
XPASS: g++.dg/vtgc1.C scan-assembler .vtable_inherit[ ]*VTT for VbasedA, 0
XPASS: g++.dg/vtgc1.C scan-assembler .vtable_inherit[ ]*vtable for Base2, vtable for Base1
XPASS: g++.dg/vtgc1.C scan-assembler .vtable_inherit[ ]*vtable for Base1, vtable for Base0
XPASS: g++.dg/vtgc1.C scan-assembler .vtable_inherit[ ]*vtable for Base0, 0
FAIL: g++.ext/instantiate2.C not instantiated (test for errors, line 19)
FAIL: g++.ext/instantiate2.C (test for bogus messages, line 17)
FAIL: g++.ext/instantiate3.C not instantiated (test for errors, line 13)
FAIL: g++.mike/eh36.C (test for excess errors)
FAIL: g++.mike/eh38.C (test for excess errors)
FAIL: g++.other/enum5.C (test for excess errors)
FAIL: g++.robertl/eb130.C (test for excess errors)
XPASS: g++.robertl/eb17.C Execution test
=== g++ Summary for unix/-fPIC ===
# of expected passes 6513
# of unexpected failures 7
# of unexpected successes 15
# of expected failures 87
# of untested testcases 21
Running target unix
XPASS: g++.dg/vtgc1.C (test for excess errors)
XPASS: g++.dg/vtgc1.C scan-assembler .vtable_inherit[ ]*vtable for Multivv3, 0
XPASS: g++.dg/vtgc1.C scan-assembler .vtable_inherit[ ]*VTT for Multivv3, 0
XPASS: g++.dg/vtgc1.C scan-assembler .vtable_inherit[ ]*vtable for Multiss2, vtable for Base2
XPASS: g++.dg/vtgc1.C scan-assembler .vtable_inherit[ ]*vtable for Multivs1, vtable for Base2
XPASS: g++.dg/vtgc1.C scan-assembler .vtable_inherit[ ]*VTT for Multivs1, vtable for Base2
XPASS: g++.dg/vtgc1.C scan-assembler .vtable_inherit[ ]*vtable for Multisv0, vtable for Side0
XPASS: g++.dg/vtgc1.C scan-assembler .vtable_inherit[ ]*VTT for Multisv0, vtable for Side0
XPASS: g++.dg/vtgc1.C scan-assembler .vtable_inherit[ ]*vtable for Side0, 0
XPASS: g++.dg/vtgc1.C scan-assembler .vtable_inherit[ ]*vtable for VbasedA, 0
XPASS: g++.dg/vtgc1.C scan-assembler .vtable_inherit[ ]*VTT for VbasedA, 0
XPASS: g++.dg/vtgc1.C scan-assembler .vtable_inherit[ ]*vtable for Base2, vtable for Base1
XPASS: g++.dg/vtgc1.C scan-assembler .vtable_inherit[ ]*vtable for Base1, vtable for Base0
XPASS: g++.dg/vtgc1.C scan-assembler .vtable_inherit[ ]*vtable for Base0, 0
FAIL: g++.other/enum5.C (test for excess errors)
FAIL: g++.robertl/eb130.C (test for excess errors)
XPASS: g++.robertl/eb17.C Execution test
=== g++ Summary for unix ===
# of expected passes 6520
# of unexpected failures 2
# of unexpected successes 15
# of expected failures 85
# of untested testcases 21
=== g++ Summary ===
# of expected passes 26069
# of unexpected failures 15
# of unexpected successes 60
# of expected failures 344
# of untested testcases 84
/home/fsirl/obj/gccm/gcc/testsuite/../g++ version 3.1 20010716 (experimental)
=== objc tests ===
Running target unix/-O2
FAIL: objc/execute/formal_protocol-6.m execution, -O
=== objc Summary for unix/-O2 ===
# of expected passes 185
# of unexpected failures 1
Running target unix/-fpic
FAIL: objc/execute/formal_protocol-6.m execution, -O
=== objc Summary for unix/-fpic ===
# of expected passes 185
# of unexpected failures 1
Running target unix/-fPIC
FAIL: objc/execute/formal_protocol-6.m execution, -O
=== objc Summary for unix/-fPIC ===
# of expected passes 185
# of unexpected failures 1
Running target unix
FAIL: objc/execute/formal_protocol-6.m execution, -O
=== objc Summary for unix ===
# of expected passes 185
# of unexpected failures 1
=== objc Summary ===
# of expected passes 740
# of unexpected failures 4
/home/fsirl/obj/gccm/gcc/xgcc version 3.1 20010716 (experimental)
=== libjava tests ===
Running target unix
FAIL: calls.c compilation
FAIL: register run
XPASS: stringconst output from bytecode->native test
XPASS: stringconst -O output from bytecode->native test
FAIL: test_long output from bytecode->native test
FAIL: test_long -O output from bytecode->native test
=== libjava Summary ===
# of expected passes 1810
# of unexpected failures 4
# of unexpected successes 2
# of expected failures 12
# of untested testcases 17
=== libstdc++-v3 tests ===
Running target unix/-O2
FAIL: 22_locale/codecvt_unicode_char.cc execution test
FAIL: 22_locale/codecvt_unicode_wchar_t.cc execution test
FAIL: 22_locale/members.cc execution test
FAIL: 22_locale/numpunct_char_members.cc execution test
FAIL: 27_io/ios_manip_basefield.cc execution test
FAIL: 27_io/ios_manip_fmtflags.cc execution test
=== libstdc++-v3 Summary for unix/-O2 ===
# of expected passes 261
# of unexpected failures 6
# of expected failures 8
Running target unix/-fpic
FAIL: 22_locale/codecvt_unicode_char.cc execution test
FAIL: 22_locale/codecvt_unicode_wchar_t.cc execution test
FAIL: 22_locale/members.cc execution test
FAIL: 22_locale/numpunct_char_members.cc execution test
FAIL: 27_io/ios_manip_basefield.cc execution test
FAIL: 27_io/ios_manip_fmtflags.cc execution test
=== libstdc++-v3 Summary for unix/-fpic ===
# of expected passes 261
# of unexpected failures 6
# of expected failures 8
Running target unix/-fPIC
FAIL: 22_locale/codecvt_unicode_char.cc execution test
FAIL: 22_locale/codecvt_unicode_wchar_t.cc execution test
FAIL: 22_locale/members.cc execution test
FAIL: 22_locale/numpunct_char_members.cc execution test
FAIL: 27_io/ios_manip_basefield.cc execution test
FAIL: 27_io/ios_manip_fmtflags.cc execution test
=== libstdc++-v3 Summary for unix/-fPIC ===
# of expected passes 261
# of unexpected failures 6
# of expected failures 8
Running target unix
FAIL: 22_locale/codecvt_unicode_char.cc execution test
FAIL: 22_locale/codecvt_unicode_wchar_t.cc execution test
FAIL: 22_locale/members.cc execution test
FAIL: 22_locale/numpunct_char_members.cc execution test
FAIL: 27_io/ios_manip_basefield.cc execution test
FAIL: 27_io/ios_manip_fmtflags.cc execution test
=== libstdc++-v3 Summary for unix ===
# of expected passes 261
# of unexpected failures 6
# of expected failures 8
=== libstdc++-v3 Summary ===
# of expected passes 1044
# of unexpected failures 24
# of expected failures 32
Compiler version: 3.1 20010716 (experimental)
Platform: powerpc-unknown-linux-gnu
configure flags: --host=ppc-linux --prefix=/home/fsirl/gnubin --enable-shared --enable-threads --enable-checking=gc,misc,tree