This is the mail archive of the
gcc-testresults@gcc.gnu.org
mailing list for the GCC project.
Results for 3.1 20010711 (experimental) testsuite on alphaev6-unknown-linux-gnu
- To: gcc-testresults at gcc dot gnu dot org
- Subject: Results for 3.1 20010711 (experimental) testsuite on alphaev6-unknown-linux-gnu
- From: Richard Henderson <rth at cygnus dot com>
- Date: Wed, 11 Jul 2001 10:24:31 -0700
Native configuration is alphaev6-unknown-linux-gnu
=== libjava tests ===
Running target unix
FAIL: calls.c compilation
FAIL: register run
FAIL: Class_1 compilation from bytecode
FAIL: Class_1 -O compilation from bytecode
FAIL: G19990301_01 compilation from bytecode
FAIL: G19990301_01 -O compilation from bytecode
FAIL: InterfaceDispatch compilation from bytecode
FAIL: InterfaceDispatch -O compilation from bytecode
XPASS: N19990310_4 output from source compiled test
XPASS: N19990310_4 -O output from source compiled test
FAIL: PR162 compilation from bytecode
FAIL: PR162 -O compilation from bytecode
FAIL: PR242 compilation from bytecode
FAIL: PR242 -O compilation from bytecode
FAIL: PR260 compilation from bytecode
FAIL: PR260 -O compilation from bytecode
FAIL: Thread_Interrupt compilation from bytecode
FAIL: Thread_Interrupt -O compilation from bytecode
FAIL: Thread_Join compilation from bytecode
FAIL: Thread_Join -O compilation from bytecode
FAIL: Thread_Monitor compilation from bytecode
FAIL: Thread_Monitor -O compilation from bytecode
FAIL: Thread_Wait_2 compilation from bytecode
FAIL: Thread_Wait_2 -O compilation from bytecode
FAIL: Thread_Wait_Interrupt compilation from bytecode
FAIL: Thread_Wait_Interrupt -O compilation from bytecode
FAIL: anfi compilation from bytecode
FAIL: anfi -O compilation from bytecode
FAIL: anon compilation from bytecode
FAIL: anon -O compilation from bytecode
FAIL: anon2 compilation from bytecode
FAIL: anon2 -O compilation from bytecode
FAIL: anon3 compilation from bytecode
FAIL: anon3 -O compilation from bytecode
FAIL: anon4 compilation from bytecode
FAIL: anon4 -O compilation from bytecode
FAIL: direct_read compilation from bytecode
FAIL: direct_read -O compilation from bytecode
FAIL: direct_write compilation from bytecode
FAIL: direct_write -O compilation from bytecode
FAIL: err1 compilation from bytecode
FAIL: err1 -O compilation from bytecode
FAIL: final_inner compilation from bytecode
FAIL: final_inner -O compilation from bytecode
FAIL: final_int compilation from bytecode
FAIL: final_int -O compilation from bytecode
FAIL: indirect compilation from bytecode
FAIL: indirect -O compilation from bytecode
FAIL: indirect_read compilation from bytecode
FAIL: indirect_read -O compilation from bytecode
FAIL: indirect_write compilation from bytecode
FAIL: indirect_write -O compilation from bytecode
FAIL: inner1 compilation from bytecode
FAIL: inner1 -O compilation from bytecode
FAIL: inner3 compilation from bytecode
FAIL: inner3 -O compilation from bytecode
FAIL: inner4 compilation from bytecode
FAIL: inner4 -O compilation from bytecode
FAIL: inner_array compilation from bytecode
FAIL: inner_array -O compilation from bytecode
FAIL: inner_interface compilation from bytecode
FAIL: inner_interface -O compilation from bytecode
FAIL: multiple_finit compilation from bytecode
FAIL: multiple_finit -O compilation from bytecode
FAIL: nested_with_ctor compilation from bytecode
FAIL: nested_with_ctor -O compilation from bytecode
FAIL: pr179 compilation from bytecode
FAIL: pr179 -O compilation from bytecode
FAIL: private_direct_read compilation from bytecode
FAIL: private_direct_read -O compilation from bytecode
FAIL: search_outer compilation from bytecode
FAIL: search_outer -O compilation from bytecode
FAIL: stringconst compilation from bytecode
FAIL: stringconst -O compilation from bytecode
FAIL: stub compilation from bytecode
FAIL: stub -O compilation from bytecode
FAIL: tmi compilation from bytecode
FAIL: tmi -O compilation from bytecode
FAIL: tp compilation from bytecode
FAIL: tp -O compilation from bytecode
FAIL: update_outer compilation from bytecode
FAIL: update_outer -O compilation from bytecode
FAIL: TLtest compilation from bytecode
FAIL: TLtest -O compilation from bytecode
=== libjava Summary ===
# of expected passes 1542
# of unexpected failures 82
# of unexpected successes 2
# of expected failures 14
# of untested testcases 177
=== libstdc++-v3 tests ===
Running target unix
FAIL: 22_locale/members.cc execution test
FAIL: 22_locale/numpunct_char_members.cc execution test
FAIL: 27_io/ios_manip_basefield.cc execution test
FAIL: 27_io/ios_manip_fmtflags.cc execution test
=== libstdc++-v3 Summary ===
# of expected passes 263
# of unexpected failures 4
# of expected failures 8
=== g77 tests ===
Running target unix
FAIL: g77.f-torture/compile/20000629-1.f, -O3 -g
FAIL: g77.f-torture/execute/20010430.f execution, -O2
FAIL: g77.f-torture/execute/20010430.f execution, -O3 -fomit-frame-pointer
FAIL: g77.f-torture/execute/20010430.f execution, -O3 -fomit-frame-pointer -funroll-loops
FAIL: g77.f-torture/execute/20010430.f execution, -O3 -fomit-frame-pointer -funroll-all-loops -finline-functions
FAIL: g77.f-torture/execute/20010430.f execution, -O3 -g
=== g77 Summary ===
# of expected passes 977
# of unexpected failures 6
# of unsupported tests 8
=== gcc tests ===
Running target unix
FAIL: gcc.c-torture/execute/20010518-2.c execution, -O0
FAIL: gcc.c-torture/execute/20010518-2.c execution, -O1
FAIL: gcc.c-torture/execute/20010518-2.c execution, -O2
FAIL: gcc.c-torture/execute/20010518-2.c execution, -O3 -fomit-frame-pointer
FAIL: gcc.c-torture/execute/20010518-2.c execution, -O3 -g
FAIL: gcc.c-torture/execute/20010518-2.c execution, -Os
FAIL: gcc.dg/cpp/ucs.c (test for warnings, line 24)
FAIL: gcc.dg/cpp/ucs.c (test for excess errors)
=== gcc Summary ===
# of expected passes 15538
# of unexpected failures 8
# of expected failures 70
# of unsupported tests 52
/castro/street/rth/gcc/build/axp/gcc/xgcc version 3.1 20010711 (experimental)
=== g++ tests ===
Running target unix
FAIL: g++.other/crash18.C (test for excess errors)
XPASS: g++.robertl/eb17.C Execution test
=== g++ Summary ===
# of expected passes 6520
# of unexpected failures 1
# of unexpected successes 1
# of expected failures 85
# of unresolved testcases 1
# of untested testcases 19
/castro/street/rth/gcc/build/axp/gcc/testsuite/../g++ version 3.1 20010711 (experimental)
=== objc tests ===
Running target unix
FAIL: objc/execute/formal_protocol-6.m execution, -O
=== objc Summary ===
# of expected passes 181
# of unexpected failures 1
/castro/street/rth/gcc/build/axp/gcc/xgcc version 3.1 20010711 (experimental)
Compiler version: 3.1 20010711 (experimental)
Platform: alphaev6-unknown-linux-gnu
configure flags: --host=alphaev6-unknown-linux-gnu --prefix=/castro/street/H-alpha-linux --enable-threads