This is the mail archive of the
gcc-testresults@gcc.gnu.org
mailing list for the GCC project.
Results for 3.0.1 20010709 (prerelease) testsuite on alphaev6-unknown-linux-gnu
- To: gcc-testresults at gcc dot gnu dot org
- Subject: Results for 3.0.1 20010709 (prerelease) testsuite on alphaev6-unknown-linux-gnu
- From: Alexandre Oliva <oliva at tatu dot lad dot dcc dot unicamp dot br>
- Date: Wed, 11 Jul 2001 03:38:46 -0300
Native configuration is alphaev6-unknown-linux-gnu
=== binutils tests ===
Running target unix
FAIL: strip
FAIL: readelf -r
=== binutils Summary ===
# of expected passes 29
# of unexpected failures 2
# of expected failures 1
=== g++ tests ===
Running target unix
FAIL: g++.ext/instantiate1.C not instantiated (test for errors, line 20)
FAIL: g++.ext/instantiate1.C not instantiated (test for errors, line 22)
FAIL: g++.ext/instantiate2.C not instantiated (test for errors, line 19)
FAIL: g++.ext/instantiate3.C not instantiated (test for errors, line 13)
=== g++ Summary ===
# of expected passes 6469
# of unexpected failures 4
# of expected failures 102
# of untested testcases 19
/tmp/egcs/gcc/testsuite/../g++ version 3.0.1 20010709 (prerelease)
=== g77 tests ===
Running target unix
=== g77 Summary ===
# of expected passes 933
# of unsupported tests 8
=== gas tests ===
Running target unix
=== gas Summary ===
# of expected passes 68
=== gcc tests ===
Running target unix
XPASS: gcc.c-torture/execute/20010114-2.c execution, -O0
XPASS: gcc.c-torture/execute/20010114-2.c execution, -O1
XPASS: gcc.c-torture/execute/20010114-2.c execution, -O2
XPASS: gcc.c-torture/execute/20010114-2.c execution, -O3 -fomit-frame-pointer
XPASS: gcc.c-torture/execute/20010114-2.c execution, -O3 -g
XPASS: gcc.c-torture/execute/20010114-2.c execution, -Os
FAIL: gcc.c-torture/execute/ieee/20000320-1.c execution, -O0
FAIL: gcc.c-torture/execute/ieee/20000320-1.c execution, -O1
FAIL: gcc.c-torture/execute/ieee/20000320-1.c execution, -O2
FAIL: gcc.c-torture/execute/ieee/20000320-1.c execution, -O3 -fomit-frame-pointer
FAIL: gcc.c-torture/execute/ieee/20000320-1.c execution, -O3 -g
FAIL: gcc.c-torture/execute/ieee/20000320-1.c execution, -Os
FAIL: gcc.c-torture/execute/ieee/fp-cmp-2.c execution, -O0
FAIL: gcc.c-torture/execute/ieee/fp-cmp-2.c execution, -O1
FAIL: gcc.c-torture/execute/ieee/fp-cmp-2.c execution, -O2
FAIL: gcc.c-torture/execute/ieee/fp-cmp-2.c execution, -O3 -fomit-frame-pointer
FAIL: gcc.c-torture/execute/ieee/fp-cmp-2.c execution, -O3 -fomit-frame-pointer -funroll-loops
FAIL: gcc.c-torture/execute/ieee/fp-cmp-2.c execution, -O3 -fomit-frame-pointer -funroll-all-loops -finline-functions
FAIL: gcc.c-torture/execute/ieee/fp-cmp-2.c execution, -O3 -g
FAIL: gcc.c-torture/execute/ieee/fp-cmp-2.c execution, -Os
FAIL: gcc.c-torture/execute/ieee/fp-cmp-4.c execution, -O0
FAIL: gcc.c-torture/execute/ieee/fp-cmp-4.c execution, -O1
FAIL: gcc.c-torture/execute/ieee/fp-cmp-4.c execution, -O2
FAIL: gcc.c-torture/execute/ieee/fp-cmp-4.c execution, -O3 -fomit-frame-pointer
FAIL: gcc.c-torture/execute/ieee/fp-cmp-4.c execution, -O3 -fomit-frame-pointer -funroll-loops
FAIL: gcc.c-torture/execute/ieee/fp-cmp-4.c execution, -O3 -fomit-frame-pointer -funroll-all-loops -finline-functions
FAIL: gcc.c-torture/execute/ieee/fp-cmp-4.c execution, -O3 -g
FAIL: gcc.c-torture/execute/ieee/fp-cmp-4.c execution, -Os
FAIL: gcc.c-torture/execute/ieee/hugeval.c execution, -O0
FAIL: gcc.c-torture/execute/ieee/mzero2.c execution, -O0
FAIL: gcc.c-torture/execute/ieee/mzero2.c execution, -O1
FAIL: gcc.c-torture/execute/ieee/mzero2.c execution, -O2
FAIL: gcc.c-torture/execute/ieee/mzero2.c execution, -O3 -fomit-frame-pointer
FAIL: gcc.c-torture/execute/ieee/mzero2.c execution, -O3 -g
FAIL: gcc.c-torture/execute/ieee/mzero2.c execution, -Os
=== gcc Summary ===
# of expected passes 15141
# of unexpected failures 29
# of unexpected successes 6
# of expected failures 79
# of unsupported tests 50
/tmp/egcs/gcc/xgcc version 3.0.1 20010709 (prerelease)
=== gdb tests ===
Running target unix
FAIL: gdb.base/annota1.exp: breakpoint info
FAIL: gdb.base/annota1.exp: backtrace from shlibrary
FAIL: gdb.base/annota1.exp: backtrace @ signal handler
FAIL: gdb.base/break.exp: step onto breakpoint
FAIL: gdb.base/call-rt-st.exp: (timeout) print_one_large_struct(*list1)
FAIL: gdb.base/commands.exp: continue with watch
XPASS: gdb.base/constvars.exp: ptype qux1
XPASS: gdb.base/constvars.exp: ptype laconic
XPASS: gdb.base/constvars.exp: ptype laggard
XPASS: gdb.base/constvars.exp: ptype lampoon
XPASS: gdb.base/constvars.exp: ptype languid
XPASS: gdb.base/constvars.exp: ptype legend
XPASS: gdb.base/constvars.exp: ptype legerdemain
XPASS: gdb.base/constvars.exp: ptype lethargic
XPASS: gdb.base/constvars.exp: ptype levity
XPASS: gdb.base/constvars.exp: ptype lewd
XPASS: gdb.base/constvars.exp: ptype lexicographer
XPASS: gdb.base/constvars.exp: ptype libertine
XPASS: gdb.base/constvars.exp: ptype libidinous
XPASS: gdb.base/constvars.exp: ptype languish
XPASS: gdb.base/constvars.exp: ptype languor
XPASS: gdb.base/constvars.exp: ptype lascivious
XPASS: gdb.base/constvars.exp: ptype lassitude
XPASS: gdb.base/constvars.exp: ptype lamprey
XPASS: gdb.base/constvars.exp: ptype lariat
XPASS: gdb.base/constvars.exp: ptype lissome
XPASS: gdb.base/constvars.exp: ptype locust
FAIL: gdb.base/display.exp: first disp
FAIL: gdb.base/display.exp: second disp
FAIL: gdb.base/display.exp: next hit
FAIL: gdb.base/funcargs.exp: backtrace after alloca
FAIL: gdb.base/funcargs.exp: backtrace from call_after_alloca_subr
FAIL: gdb.base/interrupt.exp: call function when asleep (stays asleep)
FAIL: gdb.base/interrupt.exp: call function after waking it (timeout)
FAIL: gdb.base/interrupt.exp: call function a second time (timeout)
FAIL: gdb.base/interrupt.exp: continue (timeout)
FAIL: gdb.base/interrupt.exp: echo data (timeout)
FAIL: gdb.base/maint.exp: maint space 1
FAIL: gdb.base/maint.exp: maint time
FAIL: gdb.base/maint.exp: maint time 1
FAIL: gdb.base/maint.exp: maint time 0
FAIL: gdb.base/maint.exp: maint info breakpoints
FAIL: gdb.base/maint.exp: maint info breakpoints: shlib events
FAIL: gdb.base/recurse.exp: second instance watchpoint deleted when leaving scope
FAIL: gdb.base/recurse.exp: continue to first instance watchpoint, second time
FAIL: gdb.base/recurse.exp: first instance watchpoint deleted when leaving scope
FAIL: gdb.base/selftest.exp: breakpoint in captured_main
FAIL: gdb.base/selftest.exp: run until breakpoint at captured_main
FAIL: gdb.base/shlib-call.exp: (timeout) print g
FAIL: gdb.base/shlib-call.exp: next over shr1 (timeout)
FAIL: gdb.base/shlib-call.exp: (timeout) print g
FAIL: gdb.base/shlib-call.exp: (timeout) print shr1(1)
FAIL: gdb.base/shlib-call.exp: (timeout) print shr1(g)
FAIL: gdb.base/shlib-call.exp: breakpoint function shr2
FAIL: gdb.base/shlib-call.exp: run until breakpoint set at a function
FAIL: gdb.base/shlib-call.exp: (timeout) print shr1(1) 2nd time
FAIL: gdb.base/shlib-call.exp: (timeout) print mainshr1(1) from shlib func
FAIL: gdb.base/shlib-call.exp: step inside shr2 (shlib func) (timeout)
FAIL: gdb.base/shlib-call.exp: step out of shr2 to main (timeout)
FAIL: gdb.base/shlib-call.exp: (timeout) print mainshr1(1) from main
FAIL: gdb.base/shlib-call.exp: step into mainshr1 (timeout)
FAIL: gdb.base/shlib-call.exp: run to bp in shared library
FAIL: gdb.base/shlib-call.exp: cont
FAIL: gdb.base/shlib-call.exp: re-run to bp in shared library (PR's 16495, 18213)
FAIL: gdb.base/shlib-call.exp: cont
FAIL: gdb.base/signals.exp: 'next' behaved as 'continue (known SVR4 bug)'
FAIL: gdb.base/signals.exp: bt in signals.exp
FAIL: gdb.base/sizeof.exp: check sizeof long double == 16
FAIL: gdb.base/step-line.exp: next over dummy 1
FAIL: gdb.base/step-line.exp: next over dummy 2
FAIL: gdb.base/step-line.exp: next over dummy 4
FAIL: gdb.base/step-line.exp: next over dummy 6
FAIL: gdb.base/step-line.exp: next over dummy 8
FAIL: gdb.base/step-line.exp: next over dummy 10
FAIL: gdb.base/structs2.exp: structs2 continue1 (PRMS 13536)
FAIL: gdb.base/structs2.exp: structs2 continue2 (PRMS 13536)
XPASS: gdb.base/volatile.exp: ptype vox
XPASS: gdb.base/volatile.exp: ptype victuals
XPASS: gdb.base/volatile.exp: ptype vixen
XPASS: gdb.base/volatile.exp: ptype vellum
XPASS: gdb.base/volatile.exp: ptype vacuity
XPASS: gdb.base/volatile.exp: ptype vertigo
XPASS: gdb.base/volatile.exp: ptype vampire
XPASS: gdb.base/volatile.exp: ptype viper
XPASS: gdb.base/volatile.exp: ptype vocation
XPASS: gdb.base/volatile.exp: ptype veracity
XPASS: gdb.base/volatile.exp: ptype vapidity
XPASS: gdb.base/volatile.exp: ptype velocity
XPASS: gdb.base/volatile.exp: ptype vitality
XPASS: gdb.base/volatile.exp: ptype voracity
XPASS: gdb.base/volatile.exp: ptype victor
XPASS: gdb.base/volatile.exp: ptype vicar
XPASS: gdb.base/volatile.exp: ptype victory
XPASS: gdb.base/volatile.exp: ptype vicarage
XPASS: gdb.base/volatile.exp: ptype vein
XPASS: gdb.base/volatile.exp: ptype vogue
XPASS: gdb.base/volatile.exp: ptype cavern
XPASS: gdb.base/volatile.exp: ptype coverlet
XPASS: gdb.base/volatile.exp: ptype caveat
XPASS: gdb.base/volatile.exp: ptype covenant
XPASS: gdb.base/volatile.exp: ptype vizier
XPASS: gdb.base/volatile.exp: ptype vanadium
XPASS: gdb.base/volatile.exp: ptype vane
XPASS: gdb.base/volatile.exp: ptype veldt
XPASS: gdb.base/volatile.exp: ptype cove
XPASS: gdb.base/volatile.exp: ptype cavity
XPASS: gdb.base/volatile.exp: ptype vagus
XPASS: gdb.base/volatile.exp: ptype vagrancy
XPASS: gdb.base/volatile.exp: ptype vagary
XPASS: gdb.base/volatile.exp: ptype vendor
XPASS: gdb.base/watchpoint.exp: calling function with watchpoint enabled
FAIL: gdb.c++/annota2.exp: annotation set at level 2 (timeout)
FAIL: gdb.c++/annota2.exp: run until main breakpoint (timeout)
FAIL: gdb.c++/annota2.exp: print class (timeout)
FAIL: gdb.c++/annota2.exp: continue to exit (timeout)
FAIL: gdb.c++/annota2.exp: delete bps (timeout)
FAIL: gdb.c++/annota2.exp: break at main (timeout)
FAIL: gdb.c++/annota2.exp: run until main breakpoint (timeout)
FAIL: gdb.c++/annota2.exp: set watch on a.x (timeout)
FAIL: gdb.c++/annota2.exp: watch triggered on a.x (timeout)
FAIL: gdb.c++/annota2.exp: annotate-quit (timeout)
FAIL: gdb.c++/classes.exp: ptype struct default_public_struct (timeout)
FAIL: gdb.c++/classes.exp: setting breakpoint at enums2 (timeout)
FAIL: gdb.c++/classes.exp: continue to enums2
FAIL: gdb.c++/classes.exp: (timeout) demangle
FAIL: gdb.c++/cplusfuncs.exp: detect dm_operator_comma
FAIL: gdb.c++/cplusfuncs.exp: detect dm_type_char_star (timeout)
FAIL: gdb.c++/cplusfuncs.exp: detect dm_type_foo_ref (timeout)
FAIL: gdb.c++/cplusfuncs.exp: detect dm_type_int_star (timeout)
FAIL: gdb.c++/cplusfuncs.exp: detect dm_type_long_star (timeout)
FAIL: gdb.c++/cplusfuncs.exp: detect dm_unsigned int (timeout)
FAIL: gdb.c++/cplusfuncs.exp: detect dm_type_void (timeout)
FAIL: gdb.c++/cplusfuncs.exp: detect dm_type_void_star (timeout)
FAIL: gdb.c++/cplusfuncs.exp: print &'overload1arg()' (timeout)
FAIL: gdb.c++/cplusfuncs.exp: print &'overload1arg(char)' (timeout)
FAIL: gdb.c++/cplusfuncs.exp: print &'overload1arg(signed char)' (timeout)
FAIL: gdb.c++/cplusfuncs.exp: print &'overload1arg(unsigned char)' (timeout)
FAIL: gdb.c++/cplusfuncs.exp: print &'overload1arg(short)' (timeout)
FAIL: gdb.c++/cplusfuncs.exp: print &'overload1arg(unsigned short)' (timeout)
FAIL: gdb.c++/cplusfuncs.exp: print &'overload1arg(int)' (timeout)
FAIL: gdb.c++/cplusfuncs.exp: print &'overload1arg(unsigned)' (timeout)
FAIL: gdb.c++/cplusfuncs.exp: print &'overload1arg(long)' (timeout)
FAIL: gdb.c++/cplusfuncs.exp: print &'overload1arg(unsigned long)' (timeout)
FAIL: gdb.c++/cplusfuncs.exp: print &'overload1arg(float)' (timeout)
FAIL: gdb.c++/cplusfuncs.exp: print &'overload1arg(double)' (timeout)
FAIL: gdb.c++/cplusfuncs.exp: print &'overloadargs(int)' (timeout)
FAIL: gdb.c++/cplusfuncs.exp: print &'overloadargs(int, int)' (timeout)
FAIL: gdb.c++/cplusfuncs.exp: print &'overloadargs(int, int, int)' (timeout)
FAIL: gdb.c++/cplusfuncs.exp: print &'overloadargs(int, int, int, int)' (timeout)
FAIL: gdb.c++/cplusfuncs.exp: print &'overloadargs(int, int, int, int, int)' (timeout)
FAIL: gdb.c++/cplusfuncs.exp: print &'overloadargs(int, int, int, int, int, int)' (timeout)
FAIL: gdb.c++/cplusfuncs.exp: print &'overloadargs(int, int, int, int, int, int, int)' (timeout)
FAIL: gdb.c++/cplusfuncs.exp: print &'overloadargs(int, int, int, int, int, int, int, int)' (timeout)
FAIL: gdb.c++/cplusfuncs.exp: print &'overloadargs(int, int, int, int, int, int, int, int, int)' (timeout)
FAIL: gdb.c++/cplusfuncs.exp: print &'overloadargs(int, int, int, int, int, int, int, int, int, int)' (timeout)
FAIL: gdb.c++/cplusfuncs.exp: print &'overloadargs(int, int, int, int, int, int, int, int, int, int, int)' (timeout)
FAIL: gdb.c++/cplusfuncs.exp: print &'foo::operator*(foo&)' (timeout)
FAIL: gdb.c++/cplusfuncs.exp: print &'foo::operator%(foo&)' (timeout)
FAIL: gdb.c++/cplusfuncs.exp: print &'foo::operator-(foo&)' (timeout)
FAIL: gdb.c++/cplusfuncs.exp: print &'foo::operator>>(foo&)' (timeout)
FAIL: gdb.c++/cplusfuncs.exp: print &'foo::operator!=(foo&)' (timeout)
FAIL: gdb.c++/cplusfuncs.exp: print &'foo::operator>(foo&)' (timeout)
FAIL: gdb.c++/cplusfuncs.exp: print &'foo::operator>=(foo&)' (timeout)
FAIL: gdb.c++/cplusfuncs.exp: print &'foo::operator|(foo&)' (timeout)
FAIL: gdb.c++/cplusfuncs.exp: print &'foo::operator&&(foo&)' (timeout)
FAIL: gdb.c++/cplusfuncs.exp: print &'foo::operator!()' (timeout)
FAIL: gdb.c++/cplusfuncs.exp: print &'foo::operator++(int)' (timeout)
FAIL: gdb.c++/cplusfuncs.exp: print &'foo::operator=(foo&)' (timeout)
FAIL: gdb.c++/cplusfuncs.exp: print &'foo::operator+=(foo&)' (timeout)
FAIL: gdb.c++/cplusfuncs.exp: print &'foo::operator*=(foo&)' (timeout)
FAIL: gdb.c++/cplusfuncs.exp: print &'foo::operator%=(foo&)' (timeout)
FAIL: gdb.c++/cplusfuncs.exp: print &'foo::operator>>=(foo&)' (timeout)
FAIL: gdb.c++/cplusfuncs.exp: print &'foo::operator|=(foo&)' (timeout)
FAIL: gdb.c++/cplusfuncs.exp: print &'foo::operator,(foo&)' (timeout)
FAIL: gdb.c++/cplusfuncs.exp: print &'foo::operator/(foo&)' (timeout)
FAIL: gdb.c++/cplusfuncs.exp: print &'foo::operator+(foo&)' (timeout)
FAIL: gdb.c++/cplusfuncs.exp: print &'foo::operator<<(foo&)' (timeout)
FAIL: gdb.c++/cplusfuncs.exp: print &'foo::operator==(foo&)' (timeout)
FAIL: gdb.c++/cplusfuncs.exp: print &'foo::operator<(foo&)' (timeout)
FAIL: gdb.c++/cplusfuncs.exp: print &'foo::operator<=(foo&)' (timeout)
FAIL: gdb.c++/cplusfuncs.exp: print &'foo::operator&(foo&)' (timeout)
FAIL: gdb.c++/cplusfuncs.exp: print &'foo::operator^(foo&)' (timeout)
FAIL: gdb.c++/cplusfuncs.exp: print &'foo::operator||(foo&)' (timeout)
FAIL: gdb.c++/cplusfuncs.exp: print &'foo::operator~()' (timeout)
FAIL: gdb.c++/cplusfuncs.exp: print &'foo::operator--(int)' (timeout)
FAIL: gdb.c++/cplusfuncs.exp: print &'foo::operator->()' (timeout)
FAIL: gdb.c++/cplusfuncs.exp: print &'foo::operator-=(foo&)' (timeout)
FAIL: gdb.c++/cplusfuncs.exp: print &'foo::operator/=(foo&)' (timeout)
FAIL: gdb.c++/cplusfuncs.exp: print &'foo::operator<<=(foo&)' (timeout)
FAIL: gdb.c++/cplusfuncs.exp: print &'foo::operator&=(foo&)' (timeout)
FAIL: gdb.c++/cplusfuncs.exp: print &'foo::operator^=(foo&)' (timeout)
FAIL: gdb.c++/cplusfuncs.exp: print &'foo::operator->*(foo&)' (timeout)
FAIL: gdb.c++/cplusfuncs.exp: print &'foo::operator[](foo&)' (timeout)
FAIL: gdb.c++/cplusfuncs.exp: print &'foo::operator()(foo&)' (timeout)
FAIL: gdb.c++/cplusfuncs.exp: print &'foo::operator new'
FAIL: gdb.c++/cplusfuncs.exp: print &'foo::operator delete(void*)' (timeout)
FAIL: gdb.c++/cplusfuncs.exp: print &'foo::operator int()' (timeout)
FAIL: gdb.c++/cplusfuncs.exp: print &'foo::operator char*()' (timeout)
FAIL: gdb.c++/cplusfuncs.exp: print &'hairyfunc1' (timeout)
FAIL: gdb.c++/cplusfuncs.exp: print &'hairyfunc2' (timeout)
FAIL: gdb.c++/cplusfuncs.exp: print &'hairyfunc3' (timeout)
FAIL: gdb.c++/cplusfuncs.exp: print &'hairyfunc4' (timeout)
FAIL: gdb.c++/cplusfuncs.exp: print &'hairyfunc5' (timeout)
FAIL: gdb.c++/cplusfuncs.exp: print &'hairyfunc6' (timeout)
FAIL: gdb.c++/cplusfuncs.exp: print &'hairyfunc7' (timeout)
FAIL: gdb.c++/cplusfuncs.exp: info function for "operator*(" (timeout)
FAIL: gdb.c++/cplusfuncs.exp: info function for "operator%(" (timeout)
FAIL: gdb.c++/cplusfuncs.exp: info function for "operator-(" (timeout)
FAIL: gdb.c++/cplusfuncs.exp: info function for "operator>>(" (timeout)
FAIL: gdb.c++/cplusfuncs.exp: info function for "operator!=(" (timeout)
FAIL: gdb.c++/cplusfuncs.exp: info function for "operator>(" (timeout)
FAIL: gdb.c++/cplusfuncs.exp: info function for "operator>=(" (timeout)
FAIL: gdb.c++/cplusfuncs.exp: info function for "operator|(" (timeout)
FAIL: gdb.c++/cplusfuncs.exp: info function for "operator&&(" (timeout)
FAIL: gdb.c++/cplusfuncs.exp: info function for "operator!(" (timeout)
FAIL: gdb.c++/cplusfuncs.exp: info function for "operator++(" (timeout)
FAIL: gdb.c++/cplusfuncs.exp: info function for "operator=(" (timeout)
FAIL: gdb.c++/cplusfuncs.exp: info function for "operator+=(" (timeout)
FAIL: gdb.c++/cplusfuncs.exp: info function for "operator*=(" (timeout)
FAIL: gdb.c++/cplusfuncs.exp: info function for "operator%=(" (timeout)
FAIL: gdb.c++/cplusfuncs.exp: info function for "operator>>=(" (timeout)
FAIL: gdb.c++/cplusfuncs.exp: info function for "operator|=(" (timeout)
FAIL: gdb.c++/cplusfuncs.exp: info function for "operator,(" (timeout)
FAIL: gdb.c++/cplusfuncs.exp: info function for "operator/(" (timeout)
FAIL: gdb.c++/cplusfuncs.exp: info function for "operator+(" (timeout)
FAIL: gdb.c++/cplusfuncs.exp: info function for "operator<<(" (timeout)
FAIL: gdb.c++/cplusfuncs.exp: info function for "operator==(" (timeout)
FAIL: gdb.c++/cplusfuncs.exp: info function for "operator<(" (timeout)
FAIL: gdb.c++/cplusfuncs.exp: info function for "operator<=(" (timeout)
FAIL: gdb.c++/cplusfuncs.exp: info function for "operator&(" (timeout)
FAIL: gdb.c++/cplusfuncs.exp: info function for "operator^(" (timeout)
FAIL: gdb.c++/cplusfuncs.exp: info function for "operator||(" (timeout)
FAIL: gdb.c++/cplusfuncs.exp: info function for "operator~(" (timeout)
FAIL: gdb.c++/cplusfuncs.exp: info function for "operator--(" (timeout)
FAIL: gdb.c++/cplusfuncs.exp: info function for "operator->(" (timeout)
FAIL: gdb.c++/cplusfuncs.exp: info function for "operator-=(" (timeout)
FAIL: gdb.c++/cplusfuncs.exp: info function for "operator/=(" (timeout)
FAIL: gdb.c++/cplusfuncs.exp: info function for "operator<<=(" (timeout)
FAIL: gdb.c++/cplusfuncs.exp: info function for "operator&=(" (timeout)
FAIL: gdb.c++/cplusfuncs.exp: info function for "operator^=(" (timeout)
FAIL: gdb.c++/cplusfuncs.exp: info function for "operator->*(" (timeout)
FAIL: gdb.c++/cplusfuncs.exp: info function for "operator[](" (timeout)
FAIL: gdb.c++/cplusfuncs.exp: info function for "operator new(" (timeout)
FAIL: gdb.c++/cplusfuncs.exp: info function for "operator delete(" (timeout)
FAIL: gdb.c++/cplusfuncs.exp: info function for "operator int(" (timeout)
FAIL: gdb.c++/cplusfuncs.exp: info function for "operator()(" (timeout)
FAIL: gdb.c++/cplusfuncs.exp: info function for "operator char*(" (timeout)
FAIL: gdb.c++/demangle.exp: gnu: __thunk_64__0RL__list__Q29CosNaming20_proxy_NamingContextUlRPt25_CORBA_Unbounded_Sequence1ZQ29CosNaming7BindingRPQ29CosNaming15BindingIterator
FAIL: gdb.c++/inherit.exp: set width 0
FAIL: gdb.c++/inherit.exp: ptype A (timeout)
FAIL: gdb.c++/inherit.exp: ptype D
FAIL: gdb.c++/inherit.exp: ptype class D
FAIL: gdb.c++/inherit.exp: ptype g_D
FAIL: gdb.c++/inherit.exp: ptype E
FAIL: gdb.c++/inherit.exp: ptype class E
FAIL: gdb.c++/inherit.exp: ptype g_E
FAIL: gdb.c++/inherit.exp: ptype vA (timeout)
FAIL: gdb.c++/inherit.exp: (timeout) ptype vD
FAIL: gdb.c++/inherit.exp: (timeout) ptype class vD
FAIL: gdb.c++/inherit.exp: (timeout) ptype g_vD
FAIL: gdb.c++/inherit.exp: (timeout) ptype vE
FAIL: gdb.c++/inherit.exp: (timeout) ptype class vE
FAIL: gdb.c++/inherit.exp: (timeout) ptype g_vE
FAIL: gdb.c++/inherit.exp: print g_A.A::a
FAIL: gdb.c++/inherit.exp: print g_A.A::x
FAIL: gdb.c++/inherit.exp: print g_A.a
FAIL: gdb.c++/inherit.exp: print g_A.x
FAIL: gdb.c++/inherit.exp: print g_B.A::a
FAIL: gdb.c++/inherit.exp: print g_B.A::x
FAIL: gdb.c++/inherit.exp: print g_B.B::b
FAIL: gdb.c++/inherit.exp: print g_B.B::x
FAIL: gdb.c++/inherit.exp: print g_B.a
FAIL: gdb.c++/inherit.exp: print g_B.b
FAIL: gdb.c++/inherit.exp: print g_B.x
FAIL: gdb.c++/inherit.exp: print g_C.A::a
FAIL: gdb.c++/inherit.exp: print g_C.A::x
FAIL: gdb.c++/inherit.exp: print g_C.C::c
FAIL: gdb.c++/inherit.exp: print g_C.C::x
FAIL: gdb.c++/inherit.exp: print g_C.a
FAIL: gdb.c++/inherit.exp: print g_C.c
FAIL: gdb.c++/inherit.exp: print g_C.x
FAIL: gdb.c++/inherit.exp: print g_A
FAIL: gdb.c++/inherit.exp: print g_B
FAIL: gdb.c++/inherit.exp: print g_C
FAIL: gdb.c++/inherit.exp: print g_A.A::a
FAIL: gdb.c++/inherit.exp: print g_A.A::x
FAIL: gdb.c++/inherit.exp: print g_B.A::a
FAIL: gdb.c++/inherit.exp: print g_B.A::x
FAIL: gdb.c++/inherit.exp: print g_B.B::b
FAIL: gdb.c++/inherit.exp: print g_B.B::x
FAIL: gdb.c++/inherit.exp: print g_C.A::a
FAIL: gdb.c++/inherit.exp: print g_C.A::x
FAIL: gdb.c++/inherit.exp: print g_C.C::c
FAIL: gdb.c++/inherit.exp: print g_C.C::x
FAIL: gdb.c++/inherit.exp: print g_D
FAIL: gdb.c++/inherit.exp: print g_E
FAIL: gdb.c++/inherit.exp: print anonymous union member
FAIL: gdb.c++/inherit.exp: print variableof type anonymous union (timeout)
FAIL: gdb.c++/inherit.exp: print type of anonymous union (timeout)
FAIL: gdb.c++/inherit.exp: print g_vA.vA::va
FAIL: gdb.c++/inherit.exp: print g_vA.vA::vx
FAIL: gdb.c++/inherit.exp: print g_vA.va
FAIL: gdb.c++/inherit.exp: print g_vA.vx
FAIL: gdb.c++/inherit.exp: print g_vB.vA::va (timeout)
FAIL: gdb.c++/inherit.exp: print g_vA
FAIL: gdb.c++/inherit.exp: print g_vB (timeout)
FAIL: gdb.c++/inherit.exp: print g_vD.vA::va (timeout)
FAIL: gdb.c++/inherit.exp: print g_vD (timeout)
FAIL: gdb.c++/misc.exp: print s.a for foo struct (known gcc 2.7.2 and earlier bug)
FAIL: gdb.c++/misc.exp: print as bool (setup)
FAIL: gdb.c++/misc.exp: print as bool (print 1 == 1)
FAIL: gdb.c++/misc.exp: print as bool (print 1 == 2)
FAIL: gdb.c++/misc.exp: print a bool var
FAIL: gdb.c++/misc.exp: set a bool var (setup)
FAIL: gdb.c++/misc.exp: set a bool var (print v_bool)
FAIL: gdb.c++/misc.exp: print a bool array
FAIL: gdb.c++/misc.exp: set a bool array elem (setup)
FAIL: gdb.c++/misc.exp: set a bool array elem (print v_bool_array)
FAIL: gdb.c++/misc.exp: print true
FAIL: gdb.c++/misc.exp: print false
FAIL: gdb.c++/misc.exp: 1 + true
FAIL: gdb.c++/misc.exp: 3 + false
FAIL: gdb.c++/misc.exp: 1 < 2 < 3
FAIL: gdb.c++/misc.exp: 2 < 1 > 4
FAIL: gdb.c++/misc.exp: (bool)43
FAIL: gdb.c++/misc.exp: (bool)0
FAIL: gdb.c++/misc.exp: (bool)17.93
FAIL: gdb.c++/misc.exp: (bool)0.0
FAIL: gdb.c++/misc.exp: (int)true
FAIL: gdb.c++/misc.exp: (int)false
FAIL: gdb.c++/templates.exp: ptype T5<int> (timeout)
FAIL: gdb.c++/templates.exp: ptype t5i (timeout)
FAIL: gdb.c++/templates.exp: constructor breakpoint (timeout)
FAIL: gdb.c++/templates.exp: destructor breakpoint
FAIL: gdb.c++/templates.exp: value method breakpoint
FAIL: gdb.c++/templates.exp: (timeout) print fint
FAIL: gdb.c++/templates.exp: (timeout) print fvpchar
FAIL: gdb.c++/templates.exp: (timeout) ptype fint
FAIL: gdb.c++/templates.exp: (timeout) ptype fchar
FAIL: gdb.c++/templates.exp: (timeout) ptype fvpchar
FAIL: gdb.c++/templates.exp: (timeout) print Foo<volatile char *>::foo
FAIL: gdb.c++/templates.exp: (timeout) ptype bint
FAIL: gdb.c++/templates.exp: (timeout) ptype bint2
FAIL: gdb.c++/templates.exp: (timeout) ptype bazint
FAIL: gdb.c++/templates.exp: (timeout) ptype bazint2
FAIL: gdb.c++/templates.exp: (timeout) ptype quxint
FAIL: gdb.c++/templates.exp: (timeout) ptype siip
FAIL: gdb.c++/templates.exp: (timeout) ptype Garply<int>
FAIL: gdb.c++/templates.exp: (timeout) ptype Garply<Garply<char> >
FAIL: gdb.c++/templates.exp: print Garply<Garply<char> >::garply (timeout)
FAIL: gdb.c++/templates.exp: break Garply<Garply<char> >::garply (timeout)
FAIL: gdb.c++/virtfunc.exp: ptype VA (timeout)
FAIL: gdb.c++/virtfunc.exp: ptype VB (timeout)
FAIL: gdb.c++/virtfunc.exp: ptype V (timeout)
FAIL: gdb.c++/virtfunc.exp: ptype A (timeout)
FAIL: gdb.c++/virtfunc.exp: ptype B (timeout)
FAIL: gdb.c++/virtfunc.exp: ptype C (timeout)
FAIL: gdb.c++/virtfunc.exp: ptype AD (timeout)
FAIL: gdb.c++/virtfunc.exp: ptype D (timeout)
FAIL: gdb.c++/virtfunc.exp: ptype E (timeout)
FAIL: gdb.c++/virtfunc.exp: ptype dd (timeout)
FAIL: gdb.c++/virtfunc.exp: ptype ppd (timeout)
FAIL: gdb.c++/virtfunc.exp: ptype pAd (timeout)
FAIL: gdb.c++/virtfunc.exp: ptype a (timeout)
FAIL: gdb.c++/virtfunc.exp: ptype b (timeout)
FAIL: gdb.c++/virtfunc.exp: ptype c (timeout)
FAIL: gdb.c++/virtfunc.exp: ptype d (timeout)
FAIL: gdb.c++/virtfunc.exp: ptype e (timeout)
FAIL: gdb.c++/virtfunc.exp: ptype v (timeout)
FAIL: gdb.c++/virtfunc.exp: ptype vb (timeout)
FAIL: gdb.c++/virtfunc.exp: ptype pAa (timeout)
FAIL: gdb.c++/virtfunc.exp: ptype pAe (timeout)
FAIL: gdb.c++/virtfunc.exp: ptype pBe (timeout)
FAIL: gdb.c++/virtfunc.exp: ptype pDd (timeout)
FAIL: gdb.c++/virtfunc.exp: ptype pDe (timeout)
FAIL: gdb.c++/virtfunc.exp: ptype pVa (timeout)
FAIL: gdb.c++/virtfunc.exp: ptype pVv (timeout)
FAIL: gdb.c++/virtfunc.exp: ptype pVe (timeout)
FAIL: gdb.c++/virtfunc.exp: ptype pVd (timeout)
FAIL: gdb.c++/virtfunc.exp: ptype pADe (timeout)
FAIL: gdb.c++/virtfunc.exp: ptype pEe (timeout)
FAIL: gdb.c++/virtfunc.exp: ptype pVB (timeout)
FAIL: gdb.gdbtk/c_variable.exp: change do_locals_tests local llong (c_variable-2.14)
FAIL: gdb.gdbtk/c_variable.exp: children of struct_declarations.char_ptr (c_variable-4.9)
FAIL: gdb.gdbtk/c_variable.exp: number of children of struct_declarations.char_ptr (c_variable-4.10)
FAIL: gdb.gdbtk/c_variable.exp: children of struct_declarations.u1.b (c_variable-4.47)
FAIL: gdb.gdbtk/c_variable.exp: number of children of struct_declarations.u1.b (c_variable-4.48)
FAIL: gdb.gdbtk/c_variable.exp: check that nothing changed (c_variable-5.1)
FAIL: gdb.gdbtk/c_variable.exp: check that integer changed (c_variable-5.2)
FAIL: gdb.gdbtk/c_variable.exp: check that char_ptr changed (c_variable-5.3)
FAIL: gdb.gdbtk/c_variable.exp: check that int_ptr_ptr and children changed (c_variable-5.4)
FAIL: gdb.gdbtk/c_variable.exp: check that long_array[0] changed (c_variable-5.5)
FAIL: gdb.gdbtk/c_variable.exp: check that long_array[1] changed (c_variable-5.6)
FAIL: gdb.gdbtk/c_variable.exp: check that long_array[2] changed (c_variable-5.7)
FAIL: gdb.gdbtk/c_variable.exp: check that long_array[3-9] changed (c_variable-5.8)
FAIL: gdb.gdbtk/c_variable.exp: check that func_ptr changed (c_variable-5.9)
FAIL: gdb.gdbtk/c_variable.exp: children of *(*(*(psnp->char_ptr))) (c_variable-5.17)
FAIL: gdb.gdbtk/c_variable.exp: number of children of *(*(*(psnp->char_ptr))) (c_variable-5.18)
FAIL: gdb.gdbtk/c_variable.exp: children of ***psnp->ptrs[0]->next->char_ptr (c_variable-5.43)
FAIL: gdb.gdbtk/c_variable.exp: number of children of ***psnp->ptrs[0]->next->char_ptr (c_variable-5.44)
FAIL: gdb.gdbtk/c_variable.exp: check that psnp->char_ptr (and [0].char_ptr) changed (c_variable-5.47)
FAIL: gdb.gdbtk/c_variable.exp: check that psnp->next->char_ptr (and [1].char_ptr) changed (c_variable-5.48)
FAIL: gdb.gdbtk/c_variable.exp: heck that psnp->next->next->char_ptr (and [2].char_ptr) changed (c_variable-5.49)
FAIL: gdb.gdbtk/c_variable.exp: check that psnp->long_ptr (and [0].long_ptr) changed (c_variable-5.50)
FAIL: gdb.gdbtk/c_variable.exp: check that psnp->next->long_ptr (and [1].long_ptr) changed (c_variable-5.51)
FAIL: gdb.gdbtk/c_variable.exp: check that psnp->next->next->long_ptr (and [2].long_ptr) changed (c_variable-5.52)
FAIL: gdb.gdbtk/c_variable.exp: names of editable variables (c_variable-5.53)
FAIL: gdb.gdbtk/c_variable.exp: type of weird and children (c_variable-6.22)
FAIL: gdb.gdbtk/c_variable.exp: create more children of weird (c_variable-6.30)
FAIL: gdb.gdbtk/c_variable.exp: create variables in different scopes (c_variable-7.81)
FAIL: gdb.gdbtk/console.exp: up history once (console-history-1.1)
FAIL: gdb.gdbtk/console.exp: up history twice (console-history-1.2)
FAIL: gdb.gdbtk/console.exp: up history four times (console-history-1.3)
FAIL: gdb.gdbtk/console.exp: up fourteen times (console-history-1.4)
FAIL: gdb.gdbtk/console.exp: up search (console-history-1.5)
FAIL: gdb.gdbtk/console.exp: down search (console-history-1.6)
FAIL: gdb.gdbtk/console.exp: up search to top (console-history-1.8)
FAIL: gdb.gdbtk/console.exp: down once (console-history-2.1)
FAIL: gdb.gdbtk/console.exp: down twice (console-history-2.2)
FAIL: gdb.gdbtk/console.exp: down four times (console-history-2.3)
FAIL: gdb.mi/mi-break.exp: insert temp breakpoint at "<fullfilename>":6 (callee4)
FAIL: gdb.mi/mi-console.exp: Hello message (known bug)
FAIL: gdb.mi/mi-simplerun.exp: insert breakpoint at "<fullfilename>":6 (callee4)
FAIL: gdb.mi/mi-stack.exp: stack args listing 0
FAIL: gdb.mi/mi-stack.exp: stack args listing 1
FAIL: gdb.mi/mi-stack.exp: stack info-depth
FAIL: gdb.mi/mi-stack.exp: stack info-depth 99
FAIL: gdb.mi/mi-var-child.exp: get children of struct_declarations
FAIL: gdb.mi/mi-var-child.exp: get children of struct_declarations.s2.u2.u1s1
FAIL: gdb.mi/mi-var-child.exp: get children of struct_declarations.s2.u2.u1s2
FAIL: gdb.mi/mi-var-child.exp: create local variable weird
FAIL: gdb.mi/mi-var-child.exp: get children of weird
FAIL: gdb.mi/mi-var-cmd.exp: create local variable lpcharacter
FAIL: gdb.mi/mi-var-cmd.exp: update all vars (timeout)
FAIL: gdb.mi/mi-var-cmd.exp: update all vars: linteger changed (timeout)
FAIL: gdb.mi/mi-var-cmd.exp: update all vars: lpinteger changed (timeout)
FAIL: gdb.mi/mi-var-cmd.exp: update all vars: lcharacter changed (timeout)
FAIL: gdb.mi/mi-var-cmd.exp: update all vars: lpcharacter changed (timeout)
FAIL: gdb.mi/mi-var-cmd.exp: update all vars: many changed (timeout)
FAIL: gdb.mi/mi-var-display.exp: create local variable weird
FAIL: gdb.mi/mi-var-display.exp: get children local variable weird
FAIL: gdb.mi/mi-var-display.exp: get children of u
FAIL: gdb.mi/mi-var-display.exp: get children of s
FAIL: gdb.mi/mi-var-display.exp: create variable a2 in different scope
FAIL: gdb.mi/mi-watch.exp: wp out of scope (2)
FAIL: gdb.mi/mi0-break.exp: insert temp breakpoint at "<fullfilename>":6 (callee4)
FAIL: gdb.mi/mi0-console.exp: Hello message (known bug)
FAIL: gdb.mi/mi0-simplerun.exp: insert breakpoint at "<fullfilename>":6 (callee4)
FAIL: gdb.mi/mi0-stack.exp: stack args listing 0
FAIL: gdb.mi/mi0-stack.exp: stack args listing 1
FAIL: gdb.mi/mi0-stack.exp: stack info-depth
FAIL: gdb.mi/mi0-stack.exp: stack info-depth 99
FAIL: gdb.mi/mi0-var-child.exp: get children of struct_declarations
FAIL: gdb.mi/mi0-var-child.exp: get children of struct_declarations.s2.u2.u1s1
FAIL: gdb.mi/mi0-var-child.exp: get children of struct_declarations.s2.u2.u1s2
FAIL: gdb.mi/mi0-var-child.exp: create local variable weird
FAIL: gdb.mi/mi0-var-child.exp: get children of weird
FAIL: gdb.mi/mi0-var-cmd.exp: create local variable lpcharacter
FAIL: gdb.mi/mi0-var-cmd.exp: update all vars (timeout)
FAIL: gdb.mi/mi0-var-cmd.exp: update all vars: linteger changed (timeout)
FAIL: gdb.mi/mi0-var-cmd.exp: update all vars: lpinteger changed (timeout)
FAIL: gdb.mi/mi0-var-cmd.exp: update all vars: lcharacter changed (timeout)
FAIL: gdb.mi/mi0-var-cmd.exp: update all vars: lpcharacter changed (timeout)
FAIL: gdb.mi/mi0-var-cmd.exp: update all vars: many changed (timeout)
FAIL: gdb.mi/mi0-var-display.exp: create local variable weird
FAIL: gdb.mi/mi0-var-display.exp: get children local variable weird
FAIL: gdb.mi/mi0-var-display.exp: get children of u
FAIL: gdb.mi/mi0-var-display.exp: get children of s
FAIL: gdb.mi/mi0-var-display.exp: create variable a2 in different scope
FAIL: gdb.mi/mi0-watch.exp: wp out of scope (2)
FAIL: gdb.stabs/weird.exp: p v_comb
FAIL: gdb.threads/linux-dp.exp: philosopher is distinct: 6
FAIL: gdb.threads/linux-dp.exp: philosopher is distinct: 7
FAIL: gdb.threads/pthreads.exp: Stopped with a ^C (timeout)
FAIL: gdb.trace/packetlen.exp: setup collect actions
=== gdb Summary ===
# of expected passes 7305
# of unexpected failures 419
# of unexpected successes 56
# of expected failures 88
# of unresolved testcases 32
/tmp/egcs/gdb/testsuite/../../gdb/gdb version 2001-07-10-cvs -nx
=== ld tests ===
Running target unix
FAIL: cdtest
FAIL: cdtest with -Ur
FAIL: visibility (hidden) (non PIC)
FAIL: visibility (hidden) (non PIC, load offset)
FAIL: visibility (hidden)
FAIL: visibility (hidden) (PIC main, non PIC so)
FAIL: visibility (hidden) (PIC main)
FAIL: visibility (hidden_undef) (non PIC)
FAIL: visibility (hidden_undef) (non PIC, load offset)
FAIL: visibility (hidden_undef)
FAIL: visibility (hidden_undef) (PIC main, non PIC so)
FAIL: visibility (hidden_undef) (PIC main)
FAIL: visibility (hidden_undef_def) (non PIC)
FAIL: visibility (hidden_undef_def) (non PIC, load offset)
FAIL: visibility (hidden_undef_def)
FAIL: visibility (hidden_undef_def) (PIC main, non PIC so)
FAIL: visibility (hidden_undef_def) (PIC main)
FAIL: visibility (protected_undef) (non PIC)
FAIL: visibility (protected_undef) (non PIC, load offset)
FAIL: visibility (protected_undef)
FAIL: visibility (protected_undef) (PIC main, non PIC so)
FAIL: visibility (protected_undef) (PIC main)
FAIL: selective1
FAIL: selective2
FAIL: selective4
XPASS: selective6
FAIL: undefined line
=== ld Summary ===
# of expected passes 78
# of unexpected failures 26
# of unexpected successes 1
# of expected failures 2
=== libjava tests ===
Running target unix
XPASS: N19990310_4 output from source compiled test
XPASS: N19990310_4 -O output from source compiled test
FAIL: instinit2 -O execution from bytecode->native test
XPASS: stub compilation from source
XPASS: stub byte compilation
XPASS: stub compilation from bytecode
XPASS: stub -O compilation from source
XPASS: stub byte compilation
XPASS: stub -O compilation from bytecode
XPASS: stringconst output from bytecode->native test
XPASS: stringconst -O output from bytecode->native test
FAIL: Compile gnu/testlet/java/io/BufferedByteOutputStream/interrupt.o for gnu.testlet.java.io.BufferedByteOutputStream.interrupt
FAIL: gnu.testlet.java.io.DataInputOutput.ReadReference: readDouble (number 1)
FAIL: Link for gnu.testlet.java.io.ObjectInputOutput.InputTest
FAIL: Link for gnu.testlet.java.io.ObjectInputOutput.OutputTest
FAIL: gnu.testlet.java.io.ObjectStreamClass.Test: getSerialVersionUID (number 2)
FAIL: gnu.testlet.java.io.ObjectStreamClass.Test: uncaught exception at "getSerialVersionUID" number 4: java.lang.ClassFormatError: erroneous field initializer
FAIL: gnu.testlet.java.io.PipedStream.close (number 1)
FAIL: gnu.testlet.java.lang.Class.ClassTest: forName (number 3)
FAIL: gnu.testlet.java.lang.Float.FloatTest: Error: test_Basics failed - 3 (number 1)
FAIL: gnu.testlet.java.lang.Float.FloatTest: Error: test_Basics failed - 4 (number 1)
FAIL: gnu.testlet.java.lang.Float.FloatTest: Error: test_Basics failed - 10 (number 1)
FAIL: gnu.testlet.java.lang.Float.FloatTest: Error: test_Basics failed - 11 (number 1)
FAIL: gnu.testlet.java.lang.Float.FloatTest: Error: test_Basics failed - 12 (number 1)
FAIL: gnu.testlet.java.lang.Float.FloatTest: Error: test_Basics failed - 13 (number 1)
FAIL: gnu.testlet.java.lang.Float.FloatTest: Error: test_toString failed - 5 (number 1)
FAIL: gnu.testlet.java.lang.Float.FloatTest: Error: test_toString failed - 6 (number 1)
FAIL: gnu.testlet.java.lang.Float.FloatTest: Error: test_toString failed - 8 (number 1)
FAIL: gnu.testlet.java.lang.Float.new_Float (number 7)
FAIL: gnu.testlet.java.lang.Float.new_Float (number 8)
FAIL: gnu.testlet.java.lang.Integer.IntegerTest: Error: test_Basics failed - 1 (number 1)
FAIL: gnu.testlet.java.lang.Long.LongTest: Error: test_Basics failed - 1 (number 1)
FAIL: gnu.testlet.java.lang.Math.MathTest: Error : test_Basics failed - 1 (number 1)
FAIL: gnu.testlet.java.lang.Math.MathTest: Error : test_atan2 failed - 5 (number 1)
FAIL: gnu.testlet.java.lang.Math.MathTest: Error : test_abs failed - 9 (number 1)
FAIL: gnu.testlet.java.lang.Math.max (number 2)
FAIL: gnu.testlet.java.lang.Math.max (number 18)
FAIL: gnu.testlet.java.lang.Math.max (number 28)
FAIL: gnu.testlet.java.lang.Math.max (number 29)
FAIL: gnu.testlet.java.lang.Math.max (number 31)
FAIL: gnu.testlet.java.lang.Math.min (number 1)
FAIL: gnu.testlet.java.lang.Math.min (number 2)
FAIL: gnu.testlet.java.lang.Math.min (number 3)
FAIL: gnu.testlet.java.lang.Math.min (number 17)
FAIL: gnu.testlet.java.lang.Math.min (number 18)
FAIL: gnu.testlet.java.lang.Math.min (number 19)
FAIL: gnu.testlet.java.lang.Math.min (number 28)
FAIL: gnu.testlet.java.lang.Math.min (number 29)
FAIL: gnu.testlet.java.lang.Math.min (number 30)
FAIL: gnu.testlet.java.lang.Math.sin (number 1)
FAIL: gnu.testlet.java.lang.StringBuffer.plus (number 6)
FAIL: gnu.testlet.java.math.BigInteger.shift: shift (number 1)
FAIL: gnu.testlet.java.math.BigInteger.shift: shift (number 2)
FAIL: gnu.testlet.java.net.DatagramSocket.DatagramSocketTest2: uncaught exception at "invalid_receive_data" number 4: java.lang.IllegalArgumentException: Invalid length: -1
FAIL: gnu.testlet.java.net.InetAddress.InetAddressTest: Error : test_Basics failed - 10 Should not throw UnknownHostException here (number 1)
FAIL: gnu.testlet.java.net.InetAddress.InetAddressTest: uncaught exception at "Error : test_Basics failed - 10 Should not throw UnknownHostException here " number 2: java.lang.NullPointerException
FAIL: gnu.testlet.java.net.ServerSocket.ServerSocketTest: Error : test_params failed - 4toString did not return proper values (number 1)
FAIL: gnu.testlet.java.net.URL.URLTest: openConnection (number 1)
FAIL: gnu.testlet.java.net.URL.URLTest: openConnection (number 2)
FAIL: gnu.testlet.java.net.URLConnection.URLConnectionTest: Error in test_getContentFunctions - 1 content type was not correct (number 1)
FAIL: gnu.testlet.java.net.URLConnection.URLConnectionTest: Error in test_getContentFunctions - 3 size was not correct (number 1)
FAIL: gnu.testlet.java.net.URLConnection.URLConnectionTest: Error in test_getContentFunctions - 4 getContent did not return proper results (number 1)
FAIL: gnu.testlet.java.net.URLConnection.URLConnectionTest: Error in test_getHeaderField - 0 0 header field wrong (number 1)
FAIL: gnu.testlet.java.net.URLConnection.URLConnectionTest: Error in test_getHeaderField - 1 2 header field wrong (number 1)
FAIL: gnu.testlet.java.net.URLConnection.URLConnectionTest: Error in test_getHeaderField - 2 4 header field wrong (number 1)
FAIL: gnu.testlet.java.net.URLConnection.URLConnectionTest: Error in test_getHeaderField - 3 5 header field wrong (number 1)
FAIL: gnu.testlet.java.net.URLConnection.URLConnectionTest: Error in test_getHeaderField - 4 0 headerkey field wrong (number 1)
FAIL: gnu.testlet.java.net.URLConnection.URLConnectionTest: Error in test_getHeaderField - 7 3 headerkey field wrong (number 1)
FAIL: gnu.testlet.java.net.URLConnection.URLConnectionTest: Error in test_getHeaderField - 8 4 headerkey field wrong (number 1)
FAIL: gnu.testlet.java.net.URLConnection.URLConnectionTest: Error in test_URLConnection - 23 should not have raised exception here (number 1)
FAIL: gnu.testlet.java.net.URLConnection.URLConnectionTest: Error in test_HttpURLConnectionI - 1 should not have raised Throwable here (number 1)
FAIL: gnu.testlet.java.text.DateFormatSymbols.Test: invalid locale (number 1)
FAIL: gnu.testlet.java.text.SimpleDateFormat.regress: parsing regression (number 1)
FAIL: gnu.testlet.java.text.SimpleDateFormat.regress: uncaught exception at "parsing regression" number 2: java.lang.NullPointerException
=== libjava Summary ===
# of expected passes 12884
# of unexpected failures 64
# of unexpected successes 10
# of expected failures 33
# of untested testcases 17
=== libstdc++-v3 tests ===
Running target unix
=== libstdc++-v3 Summary ===
# of expected passes 245
# of expected failures 8
=== objc tests ===
Running target unix
FAIL: objc/execute/IMP.m execution, -O
FAIL: objc/execute/_cmd.m execution, -O
FAIL: objc/execute/accessing_ivars.m compilation, -O
FAIL: objc/execute/bf-1.m execution, -O
FAIL: objc/execute/bf-10.m execution, -O
FAIL: objc/execute/bf-11.m execution, -O
FAIL: objc/execute/bf-12.m execution, -O
FAIL: objc/execute/bf-13.m execution, -O
FAIL: objc/execute/bf-14.m execution, -O
FAIL: objc/execute/bf-15.m execution, -O
FAIL: objc/execute/bf-16.m execution, -O
FAIL: objc/execute/bf-17.m execution, -O
FAIL: objc/execute/bf-18.m execution, -O
FAIL: objc/execute/bf-19.m execution, -O
FAIL: objc/execute/bf-2.m execution, -O
FAIL: objc/execute/bf-20.m execution, -O
FAIL: objc/execute/bf-3.m execution, -O
FAIL: objc/execute/bf-4.m execution, -O
FAIL: objc/execute/bf-5.m execution, -O
FAIL: objc/execute/bf-6.m execution, -O
FAIL: objc/execute/bf-7.m execution, -O
FAIL: objc/execute/bf-8.m execution, -O
FAIL: objc/execute/bf-9.m execution, -O
FAIL: objc/execute/bycopy-1.m execution, -O
FAIL: objc/execute/bycopy-2.m compilation, -O
FAIL: objc/execute/bycopy-3.m compilation, -O
FAIL: objc/execute/class-1.m compilation, -O
FAIL: objc/execute/class-10.m compilation, -O
FAIL: objc/execute/class-11.m compilation, -O
FAIL: objc/execute/class-12.m compilation, -O
FAIL: objc/execute/class-13.m compilation, -O
FAIL: objc/execute/class-14.m compilation, -O
FAIL: objc/execute/class-2.m compilation, -O
FAIL: objc/execute/class-3.m compilation, -O
FAIL: objc/execute/class-4.m compilation, -O
FAIL: objc/execute/class-5.m compilation, -O
FAIL: objc/execute/class-6.m compilation, -O
FAIL: objc/execute/class-7.m compilation, -O
FAIL: objc/execute/class-8.m compilation, -O
FAIL: objc/execute/class-9.m compilation, -O
FAIL: objc/execute/compatibility_alias.m compilation, -O
FAIL: objc/execute/encode-1.m execution, -O
FAIL: objc/execute/fdecl.m execution, -O
FAIL: objc/execute/formal_protocol-1.m compilation, -O
FAIL: objc/execute/formal_protocol-2.m compilation, -O
FAIL: objc/execute/formal_protocol-3.m compilation, -O
FAIL: objc/execute/formal_protocol-4.m compilation, -O
FAIL: objc/execute/formal_protocol-5.m compilation, -O
FAIL: objc/execute/formal_protocol-6.m compilation, -O
FAIL: objc/execute/formal_protocol-7.m compilation, -O
FAIL: objc/execute/informal_protocol.m execution, -O
FAIL: objc/execute/initialize.m execution, -O
FAIL: objc/execute/load-2.m execution, -O
FAIL: objc/execute/load-3.m compilation, -O
FAIL: objc/execute/load.m execution, -O
FAIL: objc/execute/many_args_method.m execution, -O
FAIL: objc/execute/nested-1.m execution, -O
FAIL: objc/execute/nested-2.m execution, -O
FAIL: objc/execute/nested-3.m execution, -O
FAIL: objc/execute/no_clash.m compilation, -O
FAIL: objc/execute/np-1.m compilation, -O
FAIL: objc/execute/np-2.m compilation, -O
FAIL: objc/execute/paste.m execution, -O
FAIL: objc/execute/private.m compilation, -O
FAIL: objc/execute/protocol.m compilation, -O
FAIL: objc/execute/redefining_self.m execution, -O
FAIL: objc/execute/root_methods.m execution, -O
FAIL: objc/execute/selector-1.m execution, -O
FAIL: objc/execute/static-1.m execution, -O
FAIL: objc/execute/static-2.m execution, -O
FAIL: objc/execute/string1.m compilation, -O
FAIL: objc/execute/string2.m compilation, -O
FAIL: objc/execute/string3.m compilation, -O
FAIL: objc/execute/string4.m compilation, -O
FAIL: objc/execute/va_method.m execution, -O
=== objc Summary ===
# of expected passes 40
# of unexpected failures 75
# of untested testcases 35
/tmp/egcs/gcc/xgcc version 3.0.1 20010709 (prerelease)
Compiler version: 3.0.1 20010709 (prerelease)
Platform: alphaev6-unknown-linux-gnu
BOOT_CFLAGS: -g -O9 -W -Wall
Counting all warnings,
there are 38 warnings in stage3 of this bootstrap.
Number of warnings per file:
19 libjava/java/lang/mprec.c
4 libjava/java/lang/strtod.c
4 libjava/java/lang/dtoa.c
3 libjava/java/lang/e_exp.c
2 libjava/gnu/gcj/convert/natIconv.cc
1 libjava/java/lang/e_rem_pio2.c
1 libjava/java/lang/e_log.c
1 libjava/java/lang/e_asin.c
1 libjava/gnu/gcj/io/shs.cc
1 libjava/boehm.cc
1 /home/lsd/oliva/src/tool/egcs/boehm-gc/mark_rts.c
Number of warning types:
13 `???' might be used uninitialized in this function
12 suggest parentheses around + or - inside shift
4 suggest parentheses around assignment used as truth value
3 suggest parentheses around arithmetic in operand of |
1 unused parameter `
1 unused
1 function returns address of local variable
1 division: function singularity
1 comparison
1 `void