This is the mail archive of the
gcc-testresults@gcc.gnu.org
mailing list for the GCC project.
Results for 3.0.1 20010709 (prerelease) testsuite on alpha-dec-osf4.0e
- To: gcc-testresults at gcc dot gnu dot org
- Subject: Results for 3.0.1 20010709 (prerelease) testsuite on alpha-dec-osf4.0e
- From: rbrown64 at csc dot com dot au
- Date: Wed, 11 Jul 2001 11:34:01 +1000
Native configuration is alpha-dec-osf4.0e
=== libstdc++-v3 tests ===
Running target unix
FAIL: 21_strings/capacity.cc (test for excess errors)
FAIL: 22_locale/ctype_char_members.cc execution test
FAIL: 22_locale/numpunct.cc (test for excess errors)
XPASS: 26_numerics/c99_classification_macros_c.cc (test for excess errors)
FAIL: 26_numerics/complex_inserters_extractors.cc (test for excess errors)
FAIL: 27_io/filebuf_members.cc execution test
FAIL: 27_io/ifstream_members.cc execution test
=== libstdc++-v3 Summary ===
# of expected passes 236
# of unexpected failures 6
# of unexpected successes 1
# of expected failures 7
=== g++ tests ===
Running target unix
FAIL: g++.dg/special/conpr-1.C execution test
FAIL: g++.dg/special/conpr-2.C execution test
FAIL: g++.dg/special/conpr-3.C execution test
FAIL: g++.dg/special/conpr-3.C execution test
FAIL: g++.dg/special/conpr-1.C execution test
FAIL: g++.ext/instantiate1.C not instantiated (test for errors, line 20)
FAIL: g++.ext/instantiate1.C not instantiated (test for errors, line 22)
FAIL: g++.ext/instantiate2.C not instantiated (test for errors, line 19)
FAIL: g++.ext/instantiate3.C not instantiated (test for errors, line 13)
FAIL: g++.other/mangle3.C (test for excess errors)
=== g++ Summary ===
# of expected passes 6458
# of unexpected failures 10
# of expected failures 107
# of untested testcases 19
/user/rand/rdb/src/gcc-20010709.chk/gcc/testsuite/../g++ version 3.0.1 20010709 (prerelease)
=== g77 tests ===
Running target unix
=== g77 Summary ===
# of expected passes 933
# of unsupported tests 8
=== gcc tests ===
Running target unix
FAIL: gcc.c-torture/compile/20001226-1.c, -O2
FAIL: gcc.c-torture/compile/20001226-1.c, -O3 -fomit-frame-pointer
FAIL: gcc.c-torture/compile/20001226-1.c, -O3 -g
FAIL: gcc.c-torture/compile/20001226-1.c, -Os
FAIL: gcc.c-torture/execute/20001229-1.c compilation, -O0
FAIL: gcc.c-torture/execute/20001229-1.c compilation, -O1
FAIL: gcc.c-torture/execute/20001229-1.c compilation, -O2
FAIL: gcc.c-torture/execute/20001229-1.c compilation, -O3 -fomit-frame-pointer
FAIL: gcc.c-torture/execute/20001229-1.c compilation, -O3 -g
FAIL: gcc.c-torture/execute/20001229-1.c compilation, -Os
XPASS: gcc.c-torture/execute/20010114-2.c execution, -O0
XPASS: gcc.c-torture/execute/20010114-2.c execution, -O1
XPASS: gcc.c-torture/execute/20010114-2.c execution, -O2
XPASS: gcc.c-torture/execute/20010114-2.c execution, -O3 -fomit-frame-pointer
XPASS: gcc.c-torture/execute/20010114-2.c execution, -O3 -g
XPASS: gcc.c-torture/execute/20010114-2.c execution, -Os
FAIL: gcc.c-torture/execute/builtin-abs-1.c compilation, -O0
FAIL: gcc.c-torture/execute/builtin-abs-1.c compilation, -O1
FAIL: gcc.c-torture/execute/builtin-abs-1.c compilation, -O2
FAIL: gcc.c-torture/execute/builtin-abs-1.c compilation, -O3 -fomit-frame-pointer
FAIL: gcc.c-torture/execute/builtin-abs-1.c compilation, -O3 -g
FAIL: gcc.c-torture/execute/builtin-abs-1.c compilation, -Os
FAIL: gcc.c-torture/execute/builtin-abs-2.c compilation, -O0
FAIL: gcc.c-torture/execute/builtin-abs-2.c compilation, -O1
FAIL: gcc.c-torture/execute/builtin-abs-2.c compilation, -O2
FAIL: gcc.c-torture/execute/builtin-abs-2.c compilation, -O3 -fomit-frame-pointer
FAIL: gcc.c-torture/execute/builtin-abs-2.c compilation, -O3 -g
FAIL: gcc.c-torture/execute/builtin-abs-2.c compilation, -Os
FAIL: gcc.c-torture/execute/ieee/20000320-1.c execution, -O0
FAIL: gcc.c-torture/execute/ieee/20000320-1.c execution, -O1
FAIL: gcc.c-torture/execute/ieee/20000320-1.c execution, -O2
FAIL: gcc.c-torture/execute/ieee/20000320-1.c execution, -O3 -fomit-frame-pointer
FAIL: gcc.c-torture/execute/ieee/20000320-1.c execution, -O3 -g
FAIL: gcc.c-torture/execute/ieee/20000320-1.c execution, -Os
FAIL: gcc.dg/asm-fs-1.c (test for excess errors)
=== gcc Summary ===
# of expected passes 15103
# of unexpected failures 29
# of unexpected successes 6
# of expected failures 79
# of unresolved testcases 21
# of unsupported tests 56
/user/rand/rdb/src/gcc-20010709.chk/gcc/xgcc version 3.0.1 20010709 (prerelease)
=== objc tests ===
Running target unix
=== objc Summary ===
# of expected passes 149
# of expected failures 1
/user/rand/rdb/src/gcc-20010709.chk/gcc/xgcc version 3.0.1 20010709 (prerelease)
Compiler version: 3.0.1 20010709 (prerelease)
Platform: alpha-dec-osf4.0e
configure flags: --host=alpha-dec-osf4.0e --enable-checking
Counting all warnings,
there are 97 warnings in stage3 of this bootstrap.
Number of warnings per file:
12 gcc/mips-tfile.c
12 gcc/cp/pt.c
8 gcc/cpphash.h
6 gcc/f/com.c
5 gcc/cp/error.c
5 gcc/cp/call.c
4 gcc/except.c
4 gcc/config/alpha/alpha.c
3 gcc/reload1.c
3 gcc/cp/class.c
2 gcc/reload.c
2 gcc/gcc.c
2 gcc/f/ste.c
2 gcc/expr.c
1 objc-parse.y
1 gcc/unwind-dw2.c
1 gcc/sdbout.c
1 gcc/sched-deps.c
1 gcc/regmove.c
1 gcc/objc/lang-specs.h
1 gcc/jump.c
1 gcc/java/jvspec.c
1 gcc/java/jcf-write.c
1 gcc/java/jcf-depend.c
1 gcc/intl/dcgettext.c
1 gcc/fold-const.c
1 gcc/flow.c
1 gcc/final.c
1 gcc/f/lang-specs.h
1 gcc/dwarf2out.c
1 gcc/cppinit.c
1 gcc/cppexp.c
1 gcc/cp/typeck2.c
1 gcc/cp/method.c
1 gcc/cp/lang-specs.h
1 gcc/cp/init.c
1 gcc/cp/errfn.c
1 gcc/combine.c
1 gcc/collect2.c
1 gcc/builtins.c
1 c-parse.y
Number of warning types:
27 comparison between signed and unsigned
15 \`???' might be used uninitialized in this function
11 traditional C rejects the 'u' suffix
9 cast from pointer to integer of different size
9 ??? format, ??? arg (arg ???)
6 string length \`???' is greater than the length \`???' ISO C89 compilers are required to support
5 initialization from incompatible pointer type
4 signed and unsigned type in conditional expression
3 function declaration isn't a prototype
1 unused variable \`???'
1 suggest not using #elif in traditional C
1 pointer targets in passing arg ??? of \`???' differ in signedness
1 missing initializer
1 assignment discards qualifiers from pointer target type
1 \`long' switch expression not converted to \`int' in ISO C
1 \`???' declared \`static' but never defined
1 (near initialization for \`???')