This is the mail archive of the
gcc-testresults@gcc.gnu.org
mailing list for the GCC project.
Results for 3.1 20010707 (experimental) testsuite on i686-pc-cygwin
- To: gcc-testresults at gcc dot gnu dot org
- Subject: Results for 3.1 20010707 (experimental) testsuite on i686-pc-cygwin
- From: tprinceusa at mindspring dot com
- Date: Mon, 09 Jul 2001 19:50:06 -0400
Native configuration is i686-pc-cygwin
=== g++ tests ===
Running target unix
XPASS: g++.dg/vtgc1.C (test for excess errors)
XPASS: g++.dg/vtgc1.C scan-assembler .vtable_inherit[ ]*vtable for
Multivv3, 0
XPASS: g++.dg/vtgc1.C scan-assembler .vtable_inherit[ ]*VTT for Multivv3, 0
XPASS: g++.dg/vtgc1.C scan-assembler .vtable_inherit[ ]*vtable for
Multiss2, vtable for Base2
XPASS: g++.dg/vtgc1.C scan-assembler .vtable_inherit[ ]*vtable for
Multivs1, vtable for Base2
XPASS: g++.dg/vtgc1.C scan-assembler .vtable_inherit[ ]*VTT for
Multivs1, vtable for Base2
XPASS: g++.dg/vtgc1.C scan-assembler .vtable_inherit[ ]*vtable for
Multisv0, vtable for Side0
XPASS: g++.dg/vtgc1.C scan-assembler .vtable_inherit[ ]*VTT for
Multisv0, vtable for Side0
XPASS: g++.dg/vtgc1.C scan-assembler .vtable_inherit[ ]*vtable for Side0, 0
XPASS: g++.dg/vtgc1.C scan-assembler .vtable_inherit[ ]*vtable for
VbasedA, 0
XPASS: g++.dg/vtgc1.C scan-assembler .vtable_inherit[ ]*VTT for VbasedA, 0
XPASS: g++.dg/vtgc1.C scan-assembler .vtable_inherit[ ]*vtable for
Base2, vtable for Base1
XPASS: g++.dg/vtgc1.C scan-assembler .vtable_inherit[ ]*vtable for
Base1, vtable for Base0
XPASS: g++.dg/vtgc1.C scan-assembler .vtable_inherit[ ]*vtable for Base0, 0
FAIL: g++.dg/special/conpr-1.C execution test
FAIL: g++.dg/special/conpr-2.C execution test
FAIL: g++.dg/special/conpr-3.C execution test
FAIL: g++.dg/special/conpr-3.C execution test
FAIL: g++.dg/special/conpr-1.C execution test
FAIL: g++.benjamin/15071.C Execution test
FAIL: g++.brendan/copy9.C Execution test
FAIL: g++.brendan/crash20.C (test for excess errors)
FAIL: g++.brendan/ctors1.C Execution test
FAIL: g++.brendan/ctors2.C Execution test
FAIL: g++.brendan/ptolemy2.C Execution test
FAIL: g++.eh/rethrow6.C Execution test
FAIL: g++.ext/instantiate1.C not instantiated (test for errors, line 20)
FAIL: g++.ext/instantiate3.C not instantiated (test for errors, line 13)
XPASS: g++.ext/instantiate3.C (test for excess errors)
FAIL: g++.jason/2371.C Execution test
FAIL: g++.jason/const3.C Execution test
FAIL: g++.jason/init2.C Execution test
FAIL: g++.jason/init3.C Execution test
FAIL: g++.jason/new4.C Execution test
FAIL: g++.jason/return3.C Execution test
FAIL: g++.jason/template11.C Execution test
XPASS: g++.jason/template18.C (test for excess errors)
XPASS: g++.jason/template18.C Execution test
FAIL: g++.jason/template24.C Execution test
FAIL: g++.jason/thunk2.C (test for excess errors)
FAIL: g++.jason/typeid1.C Execution test
FAIL: g++.law/arg8.C Execution test
FAIL: g++.law/array1.C Execution test
FAIL: g++.law/code-gen5.C (test for excess errors)
FAIL: g++.law/ctors2.C Execution test
FAIL: g++.law/ctors6.C (test for excess errors)
FAIL: g++.law/ctors8.C Execution test
FAIL: g++.law/global-init1.C Execution test
FAIL: g++.law/init11.C Execution test
FAIL: g++.law/init14.C Execution test
FAIL: g++.law/operators4.C (test for excess errors)
FAIL: g++.law/virtual3.C Execution test
FAIL: g++.mike/dyncast2.C Execution test
FAIL: g++.mike/dyncast3.C Execution test
FAIL: g++.mike/dyncast9.C Execution test
FAIL: g++.mike/eh2.C Execution test
FAIL: g++.mike/eh30.C (test for excess errors)
FAIL: g++.mike/eh36.C Execution test
FAIL: g++.mike/eh37.C Execution test
FAIL: g++.mike/eh38.C Execution test
FAIL: g++.mike/leak1.C Execution test
FAIL: g++.mike/misc13.C Execution test
FAIL: g++.mike/net17.C Execution test
FAIL: g++.mike/net26.C Execution test
FAIL: g++.mike/net34.C Execution test
FAIL: g++.mike/net46.C Execution test
FAIL: g++.mike/offset1.C Execution test
FAIL: g++.mike/p10849a.C Execution test
FAIL: g++.mike/p2394.C Execution test
FAIL: g++.mike/p4736a.C Execution test
FAIL: g++.mike/p4750.C (test for excess errors)
FAIL: g++.mike/p6927.C Execution test
FAIL: g++.mike/p789.C Execution test
FAIL: g++.mike/pmf2.C Execution test
FAIL: g++.mike/pmf8.C Execution test
FAIL: g++.mike/ref1.C Execution test
FAIL: g++.mike/temp.C Execution test
FAIL: g++.mike/virt2.C Execution test
FAIL: g++.other/crash18.C (test for excess errors)
FAIL: g++.other/headers1.C (test for excess errors)
FAIL: g++.other/init1.C Execution test
FAIL: g++.other/init11.C Execution test
FAIL: g++.other/init16.C Execution test
XPASS: g++.other/init5.C Execution test
FAIL: g++.other/inline7.C Execution test
FAIL: g++.other/inline8.C Execution test
FAIL: g++.other/rtti3.C Execution test
FAIL: g++.other/rtti4.C Execution test
FAIL: g++.other/rttid2.C Execution test
FAIL: g++.other/rttid3.C Execution test
FAIL: g++.other/rttid4.C Execution test
FAIL: g++.other/sibcall1.C Execution test
FAIL: g++.other/virtual9.C Execution test
FAIL: g++.pt/instantiate12.C Execution test
FAIL: g++.pt/static11.C Execution test
FAIL: g++.pt/static8.C Execution test
FAIL: g++.pt/t39.C Execution test
FAIL: g++.pt/virtual4.C Execution test
FAIL: g++.robertl/eb106.C (test for excess errors)
FAIL: g++.robertl/eb115.C Execution test
FAIL: g++.robertl/eb118.C Execution test
XPASS: g++.robertl/eb17.C Execution test
FAIL: g++.robertl/eb27.C Execution test
FAIL: g++.robertl/eb3.C (test for excess errors)
FAIL: g++.robertl/eb41.C Execution test
FAIL: g++.robertl/eb46.C Execution test
FAIL: g++.robertl/eb54.C Execution test
FAIL: g++.robertl/eb77.C Execution test
FAIL: g++.robertl/eh990323-2.C Execution test
=== g++ Summary ===
# of expected passes 6433
# of unexpected failures 90
# of unexpected successes 19
# of expected failures 82
# of untested testcases 15
/gcc/w2k/gcc/testsuite/../g++ version 3.1 20010707 (experimental)
=== g77 tests ===
Running target unix
=== g77 Summary ===
# of expected passes 999
=== gcc tests ===
Running target unix
FAIL: gcc.c-torture/execute/20010114-2.c execution, -O1
FAIL: gcc.c-torture/execute/20010114-2.c execution, -O2
FAIL: gcc.c-torture/execute/20010114-2.c execution, -Os
FAIL: gcc.dg/20000807-1.c (test for excess errors)
FAIL: gcc.dg/20000904-1.c (test for excess errors)
FAIL: gcc.dg/20001009-1.c (test for excess errors)
FAIL: gcc.dg/990213-2.c (test for excess errors)
FAIL: gcc.dg/990214-1.c (test for excess errors)
FAIL: gcc.dg/asm-fs-1.c scan-assembler-not \\*_bar
FAIL: gcc.dg/asm-fs-1.c scan-assembler-not \\*_baz
FAIL: gcc.dg/wint_t-1.c (test for excess errors)
FAIL: gcov-1.c:1:is 4:should be 11
FAIL: gcov-1.c:1:is 5:should be 10
FAIL: gcov-1.c:1:is 7:should be 1
=== gcc Summary ===
# of expected passes 15571
# of unexpected failures 14
# of expected failures 72
# of unsupported tests 27
/gcc/w2k/gcc/xgcc version 3.1 20010707 (experimental)
=== objc tests ===
Running target unix
FAIL: objc/execute/IMP.m compilation, -O
FAIL: objc/execute/_cmd.m compilation, -O
FAIL: objc/execute/accessing_ivars.m compilation, -O
FAIL: objc/execute/bf-1.m compilation, -O
FAIL: objc/execute/bf-10.m compilation, -O
FAIL: objc/execute/bf-11.m compilation, -O
FAIL: objc/execute/bf-12.m compilation, -O
FAIL: objc/execute/bf-13.m compilation, -O
FAIL: objc/execute/bf-14.m compilation, -O
FAIL: objc/execute/bf-15.m compilation, -O
FAIL: objc/execute/bf-16.m compilation, -O
FAIL: objc/execute/bf-17.m compilation, -O
FAIL: objc/execute/bf-18.m compilation, -O
FAIL: objc/execute/bf-19.m compilation, -O
FAIL: objc/execute/bf-2.m compilation, -O
FAIL: objc/execute/bf-20.m compilation, -O
FAIL: objc/execute/bf-3.m compilation, -O
FAIL: objc/execute/bf-4.m compilation, -O
FAIL: objc/execute/bf-5.m compilation, -O
FAIL: objc/execute/bf-6.m compilation, -O
FAIL: objc/execute/bf-7.m compilation, -O
FAIL: objc/execute/bf-8.m compilation, -O
FAIL: objc/execute/bf-9.m compilation, -O
FAIL: objc/execute/bycopy-1.m compilation, -O
FAIL: objc/execute/bycopy-2.m compilation, -O
FAIL: objc/execute/bycopy-3.m compilation, -O
FAIL: objc/execute/class-1.m compilation, -O
FAIL: objc/execute/class-10.m compilation, -O
FAIL: objc/execute/class-11.m compilation, -O
FAIL: objc/execute/class-12.m compilation, -O
FAIL: objc/execute/class-13.m compilation, -O
FAIL: objc/execute/class-14.m compilation, -O
FAIL: objc/execute/class-2.m compilation, -O
FAIL: objc/execute/class-3.m compilation, -O
FAIL: objc/execute/class-4.m compilation, -O
FAIL: objc/execute/class-5.m compilation, -O
FAIL: objc/execute/class-6.m compilation, -O
FAIL: objc/execute/class-7.m compilation, -O
FAIL: objc/execute/class-8.m compilation, -O
FAIL: objc/execute/class-9.m compilation, -O
FAIL: objc/execute/compatibility_alias.m compilation, -O
FAIL: objc/execute/fdecl.m compilation, -O
FAIL: objc/execute/formal_protocol-1.m compilation, -O
FAIL: objc/execute/formal_protocol-2.m compilation, -O
FAIL: objc/execute/formal_protocol-3.m compilation, -O
FAIL: objc/execute/formal_protocol-4.m compilation, -O
FAIL: objc/execute/formal_protocol-5.m compilation, -O
FAIL: objc/execute/formal_protocol-6.m compilation, -O
FAIL: objc/execute/formal_protocol-7.m compilation, -O
FAIL: objc/execute/initialize.m compilation, -O
FAIL: objc/execute/load-2.m compilation, -O
FAIL: objc/execute/load-3.m compilation, -O
FAIL: objc/execute/load.m compilation, -O
FAIL: objc/execute/many_args_method.m compilation, -O
FAIL: objc/execute/nested-3.m compilation, -O
FAIL: objc/execute/no_clash.m compilation, -O
FAIL: objc/execute/np-1.m compilation, -O
FAIL: objc/execute/np-2.m compilation, -O
FAIL: objc/execute/private.m compilation, -O
FAIL: objc/execute/protocol.m compilation, -O
FAIL: objc/execute/redefining_self.m compilation, -O
FAIL: objc/execute/root_methods.m compilation, -O
FAIL: objc/execute/selector-1.m compilation, -O
FAIL: objc/execute/static-1.m compilation, -O
FAIL: objc/execute/static-2.m compilation, -O
FAIL: objc/execute/string1.m compilation, -O
FAIL: objc/execute/string2.m compilation, -O
FAIL: objc/execute/string3.m compilation, -O
FAIL: objc/execute/string4.m compilation, -O
FAIL: objc/execute/va_method.m compilation, -O
=== objc Summary ===
# of expected passes 42
# of unexpected failures 70
# of untested testcases 70
/gcc/w2k/gcc/xgcc version 3.1 20010707 (experimental)
=== libstdc++-v3 tests ===
Running target unix
=== libstdc++-v3 Summary ===
Compiler version: 3.1 20010707 (experimental)
Platform: i686-pc-cygwin
configure flags: --host=i686-pc-cygwin
--enable-languages=c++,f77,objc,gcov --with-included-gettext
--enable-sjlj-exceptions
BOOT_CFLAGS=-Os -march=pentiumpro -pipe