This is the mail archive of the
gcc-testresults@gcc.gnu.org
mailing list for the GCC project.
Results for 3.0 testsuite on i686-pc-linux-gnu
- To: gcc-testresults at gcc dot gnu dot org
- Subject: Results for 3.0 testsuite on i686-pc-linux-gnu
- From: Dan <grim at grim01>
- Date: Sat, 7 Jul 2001 22:27:41 -0400
Native configuration is i686-pc-linux-gnu
=== g++ tests ===
Running target unix
FAIL: g++.ext/instantiate1.C not instantiated (test for errors, line 20)
=== g++ Summary ===
# of expected passes 6481
# of unexpected failures 1
# of expected failures 102
# of untested testcases 9
/home/grim/gcc-3.0-obj/gcc/testsuite/../g++ version 3.0
=== g77 tests ===
Running target unix
=== g77 Summary ===
# of expected passes 949
=== gcc tests ===
Running target unix
XPASS: gcc.c-torture/execute/20010114-2.c execution, -O0
XPASS: gcc.c-torture/execute/20010114-2.c execution, -O3 -fomit-frame-pointer
XPASS: gcc.c-torture/execute/20010114-2.c execution, -O3 -g
=== gcc Summary ===
# of expected passes 15218
# of unexpected successes 3
# of expected failures 85
# of unsupported tests 20
/home/grim/gcc-3.0-obj/gcc/xgcc version 3.0
=== objc tests ===
Running target unix
=== objc Summary ===
# of expected passes 149
# of expected failures 1
/home/grim/gcc-3.0-obj/gcc/xgcc version 3.0
=== libjava tests ===
Running target unix
XPASS: N19990310_4 output from source compiled test
XPASS: N19990310_4 -O output from source compiled test
XPASS: stringconst output from bytecode->native test
XPASS: stringconst -O output from bytecode->native test
XPASS: stub compilation from source
XPASS: stub byte compilation
XPASS: stub compilation from bytecode
XPASS: stub -O compilation from source
XPASS: stub byte compilation
XPASS: stub -O compilation from bytecode
=== libjava Summary ===
# of expected passes 1612
# of unexpected successes 10
# of expected failures 14
# of untested testcases 80
=== libstdc++-v3 tests ===
Running target unix
=== libstdc++-v3 Summary ===
# of expected passes 245
# of expected failures 8
=== tests ===
Running target unix
=== Summary ===
Compiler version: 3.0
Platform: i686-pc-linux-gnu
configure flags: --host=i686-pc-linux-gnu --prefix=/usr