This is the mail archive of the
gcc-testresults@gcc.gnu.org
mailing list for the GCC project.
Results for 3.0.1 20010706 (prerelease) testsuite on i686-pc-linux-gnu
- To: gcc-testresults at gcc dot gnu dot org
- Subject: Results for 3.0.1 20010706 (prerelease) testsuite on i686-pc-linux-gnu
- From: Bob <debe at fssec dot army dot mil>
- Date: Fri, 6 Jul 2001 16:05:06 -0500
Native configuration is i686-pc-linux-gnu
=== g++ tests ===
Running target unix
FAIL: g++.ext/instantiate1.C not instantiated (test for errors, line 20)
=== g++ Summary ===
# of expected passes 6487
# of unexpected failures 1
# of expected failures 102
# of untested testcases 9
/u/debe/cvs/build/gcc/testsuite/../g++ version 3.0.1 20010706 (prerelease)
=== g77 tests ===
Running target unix
=== g77 Summary ===
# of expected passes 949
=== gcc tests ===
Running target unix
XPASS: gcc.c-torture/execute/20010114-2.c execution, -O0
XPASS: gcc.c-torture/execute/20010114-2.c execution, -O3 -fomit-frame-pointer
XPASS: gcc.c-torture/execute/20010114-2.c execution, -O3 -g
FAIL: gcc.dg/format/c99-printf-1.c %hhn plain char (test for warnings, line 195)
FAIL: gcc.dg/format/c99-printf-1.c %hhn unsigned char (test for warnings, line 196)
=== gcc Summary ===
# of expected passes 15217
# of unexpected failures 2
# of unexpected successes 3
# of expected failures 85
# of unsupported tests 20
/u/debe/cvs/build/gcc/xgcc version 3.0.1 20010706 (prerelease)
=== objc tests ===
Running target unix
=== objc Summary ===
# of expected passes 149
# of expected failures 1
/u/debe/cvs/build/gcc/xgcc version 3.0.1 20010706 (prerelease)
=== libjava tests ===
Running target unix
XPASS: N19990310_4 output from source compiled test
XPASS: N19990310_4 -O output from source compiled test
XPASS: stringconst output from bytecode->native test
XPASS: stringconst -O output from bytecode->native test
XPASS: stub compilation from source
XPASS: stub byte compilation
XPASS: stub compilation from bytecode
XPASS: stub -O compilation from source
XPASS: stub byte compilation
XPASS: stub -O compilation from bytecode
=== libjava Summary ===
# of expected passes 1676
# of unexpected successes 10
# of expected failures 14
# of untested testcases 16
=== libstdc++-v3 tests ===
Running target unix
=== libstdc++-v3 Summary ===
# of expected passes 245
# of expected failures 8
Compiler version: 3.0.1 20010706 (prerelease)
Platform: i686-pc-linux-gnu
configure flags: --host=i686-pc-linux-gnu --verbose --enable-threads=posix --with-system-zlib --enable-shared --disable-nls --enable-checking
Counting all warnings,
there are 386 warnings in stage3 of this bootstrap.
Number of warnings per file:
192 libiberty/md5.c
28 gcc/combine.c
22 gcc/cp/decl.c
10 gcc/reg-stack.c
7 fastjar/compress.c
6 gcc/fixinc/fixincl.c
6 gcc/cp/pt.c
6 gcc/cp/error.c
6 gcc/cp/call.c
5 gcc/fixinc/fixincl.x
5 gcc/except.c
5 gcc/cse.c
4 libjava/java/lang/strtod.c
4 libjava/java/lang/dtoa.c
4 gcc/unwind-dw2.c
4 gcc/fixinc/gnu-regex.c
4 gcc/cp/mangle.c
3 insn-emit.c
3 gcc/reload1.c
3 gcc/gcc.c
3 gcc/config/i386/i386.md
3 gcc/config/i386/i386.c
3 fastjar/jartool.c
2 libsupc++/eh_personality.cc
2 libjava/gnu/gcj/convert/natIconv.cc
2 gcc/reload.c
2 gcc/function.c
2 gcc/fold-const.c
2 gcc/fixinc/fixtests.c
2 gcc/expr.c
2 gcc/cp/typeck.c
2 gcc/cp/semantics.c
2 gcc/cp/dump.c
2 gcc/cp/class.c
2 gcc/alias.c
2 fastjar/pushback.c
1 libjava/name-finder.cc
1 libjava/java/lang/e_log.c
1 libjava/java/lang/e_exp.c
1 libjava/gnu/gcj/io/shs.cc
1 libjava/boehm.cc
1 gcc/unwind-dw2-fde.c
1 gcc/sched-deps.c
1 gcc/regmove.c
1 gcc/objc/lang-specs.h
1 gcc/libgcc2.c
1 gcc/java/jvspec.c
1 gcc/flow.c
1 gcc/final.c
1 gcc/f/lang-specs.h
1 gcc/expmed.c
1 gcc/dwarfout.c
1 gcc/dwarf2out.c
1 gcc/cp/typeck2.c
1 gcc/cp/lang-specs.h
1 gcc/cp/init.c
1 gcc/cp/except.c
1 gcc/cp/errfn.c
1 /u/debe/cvs/gcc-3.0/boehm-gc/mark_rts.c
1 ../auto-host.h
Number of warning types:
67 comparison between signed and unsigned
64 function-like macro \`FI' must be used with arguments in traditional C
64 function-like macro \`FH' must be used with arguments in traditional C
64 function-like macro \`FG' must be used with arguments in traditional C
44 signed and unsigned type in conditional expression
27 \`???' might be used uninitialized in this function
12 string length \`???' is greater than the minimum length \`???' ISO C89 is required to support
5 initialization from incompatible pointer type
5 implicit declaration of function \`???'
4 function declaration isn't a prototype
3 unused variable \`???'
3 unused parameter \`???'
2 traditional C rejects string concatenation
2 passing arg ??? of \`???' from incompatible pointer type
2 destination missing a mode?
1 unused parameter \`
1 unused
1 this is the location of the previous definition
1 pointer targets in passing arg ??? of \`???' differ in signedness
1 passing arg ??? of \`???' discards qualifiers from pointer target type
1 operand 0 missing mode?
1 new
1 macro argument \`t' would be stringified with -traditional.
1 macro argument \`n' would be stringified with -traditional.
1 function returns address of local variable
1 division: function singularity
1 comparison of unsigned expression < 0 is always false
1 comparison
1 cast from pointer to
1 ambiguates
1 \`_GNU_SOURCE' redefined
1 \`???'
1 ??? format, ??? arg (arg ???)