This is the mail archive of the
gcc-testresults@gcc.gnu.org
mailing list for the GCC project.
Results for 3.1 20010703 (experimental) testsuite on hppa1.1-hp-hpux10.20
- To: dave at hiauly1 dot hia dot nrc dot ca, gcc-testresults at gcc dot gnu dot org
- Subject: Results for 3.1 20010703 (experimental) testsuite on hppa1.1-hp-hpux10.20
- From: John David Anglin <dave at hiauly1 dot hia dot nrc dot ca>
- Date: Fri, 6 Jul 2001 12:34:57 -0400 (EDT)
Native configuration is hppa1.1-hp-hpux10.20
BOOT_CFLAGS=-g -O2 -fPIC
Patches: JH's June 15 patch to stmt.c reversed, experimental patch using
infrastructure created by DJ to save PA pic offset table register.
=== g++ tests ===
Running target unix/-fPIC
XPASS: g++.dg/vtgc1.C (test for excess errors)
XPASS: g++.dg/vtgc1.C scan-assembler .vtable_inherit[ ]*vtable for Multivv3, 0
XPASS: g++.dg/vtgc1.C scan-assembler .vtable_inherit[ ]*VTT for Multivv3, 0
XPASS: g++.dg/vtgc1.C scan-assembler .vtable_inherit[ ]*vtable for Multiss2, vtable for Base2
XPASS: g++.dg/vtgc1.C scan-assembler .vtable_inherit[ ]*vtable for Multivs1, vtable for Base2
XPASS: g++.dg/vtgc1.C scan-assembler .vtable_inherit[ ]*VTT for Multivs1, vtable for Base2
XPASS: g++.dg/vtgc1.C scan-assembler .vtable_inherit[ ]*vtable for Multisv0, vtable for Side0
XPASS: g++.dg/vtgc1.C scan-assembler .vtable_inherit[ ]*VTT for Multisv0, vtable for Side0
XPASS: g++.dg/vtgc1.C scan-assembler .vtable_inherit[ ]*vtable for Side0, 0
XPASS: g++.dg/vtgc1.C scan-assembler .vtable_inherit[ ]*vtable for VbasedA, 0
XPASS: g++.dg/vtgc1.C scan-assembler .vtable_inherit[ ]*VTT for VbasedA, 0
XPASS: g++.dg/vtgc1.C scan-assembler .vtable_inherit[ ]*vtable for Base2, vtable for Base1
XPASS: g++.dg/vtgc1.C scan-assembler .vtable_inherit[ ]*vtable for Base1, vtable for Base0
XPASS: g++.dg/vtgc1.C scan-assembler .vtable_inherit[ ]*vtable for Base0, 0
FAIL: g++.ext/attrib5.C (test for excess errors)
FAIL: g++.ext/instantiate1.C not instantiated (test for errors, line 20)
FAIL: g++.ext/instantiate1.C not instantiated (test for errors, line 22)
FAIL: g++.law/profile1.C (test for excess errors)
XPASS: g++.mike/eh33.C (test for excess errors)
XPASS: g++.mike/eh33.C Execution test
XPASS: g++.mike/eh50.C (test for excess errors)
XPASS: g++.mike/eh50.C Execution test
FAIL: g++.other/crash18.C (test for excess errors)
FAIL: g++.other/mangle3.C (test for excess errors)
FAIL: g++.robertl/eb130.C (test for excess errors)
XPASS: g++.robertl/eb17.C Execution test
=== g++ Summary for unix/-fPIC ===
# of expected passes 6488
# of unexpected failures 7
# of unexpected successes 19
# of expected failures 96
# of untested testcases 20
Running target unix
XPASS: g++.dg/vtgc1.C (test for excess errors)
XPASS: g++.dg/vtgc1.C scan-assembler .vtable_inherit[ ]*vtable for Multivv3, 0
XPASS: g++.dg/vtgc1.C scan-assembler .vtable_inherit[ ]*VTT for Multivv3, 0
XPASS: g++.dg/vtgc1.C scan-assembler .vtable_inherit[ ]*vtable for Multiss2, vtable for Base2
XPASS: g++.dg/vtgc1.C scan-assembler .vtable_inherit[ ]*vtable for Multivs1, vtable for Base2
XPASS: g++.dg/vtgc1.C scan-assembler .vtable_inherit[ ]*VTT for Multivs1, vtable for Base2
XPASS: g++.dg/vtgc1.C scan-assembler .vtable_inherit[ ]*vtable for Multisv0, vtable for Side0
XPASS: g++.dg/vtgc1.C scan-assembler .vtable_inherit[ ]*VTT for Multisv0, vtable for Side0
XPASS: g++.dg/vtgc1.C scan-assembler .vtable_inherit[ ]*vtable for Side0, 0
XPASS: g++.dg/vtgc1.C scan-assembler .vtable_inherit[ ]*vtable for VbasedA, 0
XPASS: g++.dg/vtgc1.C scan-assembler .vtable_inherit[ ]*VTT for VbasedA, 0
XPASS: g++.dg/vtgc1.C scan-assembler .vtable_inherit[ ]*vtable for Base2, vtable for Base1
XPASS: g++.dg/vtgc1.C scan-assembler .vtable_inherit[ ]*vtable for Base1, vtable for Base0
XPASS: g++.dg/vtgc1.C scan-assembler .vtable_inherit[ ]*vtable for Base0, 0
FAIL: g++.eh/catch1.C (test for excess errors)
FAIL: g++.eh/spec6.C to previous declaration (test for errors, line 46)
FAIL: g++.eh/spec6.C declaration different exceptions // ERROR - to previous declaration (test for errors, line 47)
FAIL: g++.eh/spec6.C declaration different exceptions (test for errors, line 48)
FAIL: g++.eh/spec6.C to previous declaration (test for errors, line 50)
FAIL: g++.eh/spec6.C declaration different exceptions (test for errors, line 51)
FAIL: g++.eh/spec6.C to previous declaration (test for errors, line 53)
FAIL: g++.eh/spec6.C declaration different exceptions (test for errors, line 54)
FAIL: g++.eh/spec6.C to previous declaration (test for errors, line 56)
FAIL: g++.eh/spec6.C declaration different exceptions (test for errors, line 57)
FAIL: g++.eh/spec6.C to previous declaration (test for errors, line 59)
FAIL: g++.eh/spec6.C declaration different exceptions (test for errors, line 60)
FAIL: g++.eh/spec6.C to previous declaration (test for errors, line 62)
FAIL: g++.eh/spec6.C declaration different exceptions (test for errors, line 63)
FAIL: g++.eh/spec6.C to previous declaration (test for errors, line 65)
FAIL: g++.eh/spec6.C declaration different exceptions (test for errors, line 66)
FAIL: g++.eh/spec6.C to previous declaration (test for errors, line 68)
FAIL: g++.eh/spec6.C declaration different exceptions (test for errors, line 69)
FAIL: g++.eh/spec6.C to previous declaration (test for errors, line 71)
FAIL: g++.eh/spec6.C declaration different exceptions (test for errors, line 72)
FAIL: g++.eh/spec6.C overriding (test for errors, line 83)
FAIL: g++.eh/spec6.C overriding (pedantically) (test for errors, line 87)
FAIL: g++.eh/spec6.C overriding (test for errors, line 88)
FAIL: g++.eh/spec6.C overriding (test for errors, line 89)
FAIL: g++.eh/spec6.C overriding (test for errors, line 90)
FAIL: g++.eh/spec6.C overriding (test for errors, line 91)
FAIL: g++.eh/spec6.C overriding (test for errors, line 92)
FAIL: g++.eh/spec6.C overriding (test for errors, line 95)
FAIL: g++.eh/spec6.C looser throw - A::foo (test for errors, line 100)
FAIL: g++.eh/spec6.C looser (pedantically) (test for errors, line 104)
FAIL: g++.eh/spec6.C looser throw - A::quux() (test for errors, line 105)
FAIL: g++.eh/spec6.C looser throw - A::quux(int) (test for errors, line 106)
FAIL: g++.eh/spec6.C looser throw - A::wibble (test for errors, line 107)
FAIL: g++.eh/spec6.C looser throw - A::wobble() (test for errors, line 108)
FAIL: g++.eh/spec6.C looser throw - A::wobble(int) (test for errors, line 109)
FAIL: g++.eh/spec6.C overriding (test for errors, line 117)
FAIL: g++.eh/spec6.C looser throw - A::~A() (test for errors, line 126)
FAIL: g++.eh/spec6.C looser throw - A::foo (test for errors, line 127)
FAIL: g++.eh/spec6.C looser throw - A1::bar (test for errors, line 128)
FAIL: g++.eh/spec6.C looser throw - A::~A() (test for errors, line 133)
FAIL: g++.eh/spec6.C ANSI C++ forbids (test for errors, line 137)
FAIL: g++.eh/spec6.C (test for excess errors)
FAIL: g++.eh/spec7.C (test for excess errors)
FAIL: g++.eh/tmpl4.C (test for excess errors)
FAIL: g++.eh/tmpl6.C (test for excess errors)
FAIL: g++.ext/attrib5.C (test for excess errors)
FAIL: g++.ext/instantiate1.C not instantiated (test for errors, line 20)
FAIL: g++.ext/instantiate1.C not instantiated (test for errors, line 22)
FAIL: g++.law/profile1.C (test for excess errors)
XPASS: g++.mike/eh33.C (test for excess errors)
XPASS: g++.mike/eh33.C Execution test
XPASS: g++.mike/eh50.C (test for excess errors)
XPASS: g++.mike/eh50.C Execution test
FAIL: g++.other/crash18.C (test for excess errors)
FAIL: g++.other/mangle3.C (test for excess errors)
FAIL: g++.robertl/eb130.C (test for excess errors)
XPASS: g++.robertl/eb17.C Execution test
=== g++ Summary for unix ===
# of expected passes 6442
# of unexpected failures 52
# of unexpected successes 19
# of expected failures 97
# of untested testcases 20
=== g++ Summary ===
# of expected passes 12930
# of unexpected failures 59
# of unexpected successes 38
# of expected failures 193
# of untested testcases 40
/xxx/gnu/gcc-3.1/objdir/gcc/testsuite/../g++ version 3.1 20010703 (experimental)
=== g77 tests ===
Running target unix/-fPIC
FAIL: g77.f-torture/execute/20010430.f execution, -O2
FAIL: g77.f-torture/execute/20010430.f execution, -O3 -fomit-frame-pointer
FAIL: g77.f-torture/execute/20010430.f execution, -O3 -fomit-frame-pointer -funroll-loops
FAIL: g77.f-torture/execute/20010430.f execution, -O3 -fomit-frame-pointer -funroll-all-loops -finline-functions
FAIL: g77.f-torture/execute/20010430.f execution, -O3 -g
=== g77 Summary for unix/-fPIC ===
# of expected passes 978
# of unexpected failures 5
# of unsupported tests 8
Running target unix
FAIL: g77.f-torture/execute/20010430.f execution, -O2
FAIL: g77.f-torture/execute/20010430.f execution, -O3 -fomit-frame-pointer
FAIL: g77.f-torture/execute/20010430.f execution, -O3 -fomit-frame-pointer -funroll-loops
FAIL: g77.f-torture/execute/20010430.f execution, -O3 -fomit-frame-pointer -funroll-all-loops -finline-functions
FAIL: g77.f-torture/execute/20010430.f execution, -O3 -g
=== g77 Summary for unix ===
# of expected passes 978
# of unexpected failures 5
# of unsupported tests 8
=== g77 Summary ===
# of expected passes 1956
# of unexpected failures 10
# of unsupported tests 16
=== gcc tests ===
Running target unix/-fPIC
FAIL: gcc.c-torture/compile/20001226-1.c, -O2
FAIL: gcc.c-torture/compile/20001226-1.c, -O3 -fomit-frame-pointer
FAIL: gcc.c-torture/compile/20001226-1.c, -O3 -g
FAIL: gcc.c-torture/compile/20001226-1.c, -Os
FAIL: gcc.c-torture/compile/20010605-1.c, -O0
FAIL: gcc.c-torture/compile/20010605-1.c, -O1
FAIL: gcc.c-torture/compile/20010605-1.c, -O2
FAIL: gcc.c-torture/compile/20010605-1.c, -O3 -fomit-frame-pointer
FAIL: gcc.c-torture/compile/20010605-1.c, -O3 -g
FAIL: gcc.c-torture/compile/20010605-1.c, -Os
FAIL: gcc.c-torture/execute/20010119-1.c compilation, -O1
FAIL: gcc.c-torture/execute/20010122-1.c execution, -O0
FAIL: gcc.c-torture/execute/20010122-1.c execution, -O1
FAIL: gcc.c-torture/execute/20010122-1.c execution, -O2
FAIL: gcc.c-torture/execute/20010122-1.c execution, -O3 -fomit-frame-pointer
FAIL: gcc.c-torture/execute/20010122-1.c execution, -O3 -fomit-frame-pointer -funroll-loops
FAIL: gcc.c-torture/execute/20010122-1.c execution, -O3 -fomit-frame-pointer -funroll-all-loops -finline-functions
FAIL: gcc.c-torture/execute/20010122-1.c execution, -O3 -g
FAIL: gcc.c-torture/execute/20010122-1.c execution, -Os
FAIL: gcc.c-torture/execute/conversion.c execution, -O0
FAIL: gcc.c-torture/execute/conversion.c execution, -O1
FAIL: gcc.c-torture/execute/conversion.c execution, -O2
FAIL: gcc.c-torture/execute/conversion.c execution, -Os
FAIL: gcc.c-torture/execute/strct-stdarg-1.c execution, -O0
FAIL: gcc.c-torture/execute/strct-stdarg-1.c execution, -O1
FAIL: gcc.c-torture/execute/strct-stdarg-1.c execution, -O2
FAIL: gcc.c-torture/execute/strct-stdarg-1.c execution, -O3 -fomit-frame-pointer
FAIL: gcc.c-torture/execute/strct-stdarg-1.c execution, -O3 -fomit-frame-pointer -funroll-loops
FAIL: gcc.c-torture/execute/strct-stdarg-1.c execution, -O3 -fomit-frame-pointer -funroll-all-loops -finline-functions
FAIL: gcc.c-torture/execute/strct-stdarg-1.c execution, -O3 -g
FAIL: gcc.c-torture/execute/strct-stdarg-1.c execution, -Os
FAIL: gcc.c-torture/execute/ieee/mzero2.c execution, -O1
FAIL: gcc.c-torture/execute/ieee/mzero2.c execution, -O2
FAIL: gcc.c-torture/execute/ieee/mzero2.c execution, -O3 -fomit-frame-pointer
FAIL: gcc.c-torture/execute/ieee/mzero2.c execution, -O3 -g
FAIL: gcc.c-torture/execute/ieee/mzero2.c execution, -Os
FAIL: gcc.dg/asm-fs-1.c (test for excess errors)
FAIL: gcc.dg/asm-names.c (test for excess errors)
=== gcc Summary for unix/-fPIC ===
# of expected passes 15470
# of unexpected failures 38
# of expected failures 72
# of unresolved testcases 4
# of unsupported tests 59
Running target unix
FAIL: gcc.c-torture/compile/20001226-1.c, -O2
FAIL: gcc.c-torture/compile/20001226-1.c, -O3 -fomit-frame-pointer
FAIL: gcc.c-torture/compile/20001226-1.c, -O3 -g
FAIL: gcc.c-torture/compile/20001226-1.c, -Os
FAIL: gcc.c-torture/compile/20010605-1.c, -O0
FAIL: gcc.c-torture/compile/20010605-1.c, -O1
FAIL: gcc.c-torture/compile/20010605-1.c, -O2
FAIL: gcc.c-torture/compile/20010605-1.c, -O3 -fomit-frame-pointer
FAIL: gcc.c-torture/compile/20010605-1.c, -O3 -g
FAIL: gcc.c-torture/compile/20010605-1.c, -Os
FAIL: gcc.c-torture/execute/20010119-1.c compilation, -O1
FAIL: gcc.c-torture/execute/20010122-1.c execution, -O0
FAIL: gcc.c-torture/execute/20010122-1.c execution, -O1
FAIL: gcc.c-torture/execute/20010122-1.c execution, -O2
FAIL: gcc.c-torture/execute/20010122-1.c execution, -O3 -fomit-frame-pointer
FAIL: gcc.c-torture/execute/20010122-1.c execution, -O3 -fomit-frame-pointer -funroll-loops
FAIL: gcc.c-torture/execute/20010122-1.c execution, -O3 -fomit-frame-pointer -funroll-all-loops -finline-functions
FAIL: gcc.c-torture/execute/20010122-1.c execution, -O3 -g
FAIL: gcc.c-torture/execute/20010122-1.c execution, -Os
FAIL: gcc.c-torture/execute/conversion.c execution, -O0
FAIL: gcc.c-torture/execute/conversion.c execution, -O1
FAIL: gcc.c-torture/execute/conversion.c execution, -O2
FAIL: gcc.c-torture/execute/conversion.c execution, -Os
FAIL: gcc.c-torture/execute/memcpy-1.c compilation, -O3 -fomit-frame-pointer -funroll-loops
FAIL: gcc.c-torture/execute/memcpy-1.c compilation, -O3 -fomit-frame-pointer -funroll-all-loops -finline-functions
FAIL: gcc.c-torture/execute/strct-stdarg-1.c execution, -O0
FAIL: gcc.c-torture/execute/strct-stdarg-1.c execution, -O1
FAIL: gcc.c-torture/execute/strct-stdarg-1.c execution, -O2
FAIL: gcc.c-torture/execute/strct-stdarg-1.c execution, -O3 -fomit-frame-pointer
FAIL: gcc.c-torture/execute/strct-stdarg-1.c execution, -O3 -fomit-frame-pointer -funroll-loops
FAIL: gcc.c-torture/execute/strct-stdarg-1.c execution, -O3 -fomit-frame-pointer -funroll-all-loops -finline-functions
FAIL: gcc.c-torture/execute/strct-stdarg-1.c execution, -O3 -g
FAIL: gcc.c-torture/execute/strct-stdarg-1.c execution, -Os
FAIL: gcc.c-torture/execute/ieee/mzero2.c execution, -O1
FAIL: gcc.c-torture/execute/ieee/mzero2.c execution, -O2
FAIL: gcc.c-torture/execute/ieee/mzero2.c execution, -O3 -fomit-frame-pointer
FAIL: gcc.c-torture/execute/ieee/mzero2.c execution, -O3 -g
FAIL: gcc.c-torture/execute/ieee/mzero2.c execution, -Os
FAIL: gcc.dg/asm-fs-1.c (test for excess errors)
FAIL: gcc.dg/asm-names.c (test for excess errors)
=== gcc Summary for unix ===
# of expected passes 15466
# of unexpected failures 40
# of expected failures 72
# of unresolved testcases 6
# of unsupported tests 59
=== gcc Summary ===
# of expected passes 30936
# of unexpected failures 78
# of expected failures 144
# of unresolved testcases 10
# of unsupported tests 118
/xxx/gnu/gcc-3.1/objdir/gcc/xgcc version 3.1 20010703 (experimental)
=== objc tests ===
Running target unix/-fPIC
FAIL: objc/execute/formal_protocol-6.m execution, -O
=== objc Summary for unix/-fPIC ===
# of expected passes 181
# of unexpected failures 1
Running target unix
FAIL: objc/execute/formal_protocol-6.m execution, -O
=== objc Summary for unix ===
# of expected passes 181
# of unexpected failures 1
=== objc Summary ===
# of expected passes 362
# of unexpected failures 2
/xxx/gnu/gcc-3.1/objdir/gcc/xgcc version 3.1 20010703 (experimental)
=== libstdc++-v3 tests ===
Running target unix/-fPIC
FAIL: 18_support/numeric_limits.cc (test for excess errors)
FAIL: 21_strings/capacity.cc (test for excess errors)
FAIL: 22_locale/ctype_char_members.cc execution test
FAIL: 22_locale/members.cc execution test
FAIL: 22_locale/numpunct.cc (test for excess errors)
FAIL: 22_locale/numpunct_char_members.cc execution test
XPASS: 26_numerics/c99_classification_macros_c.cc (test for excess errors)
FAIL: 26_numerics/complex_inserters_extractors.cc (test for excess errors)
FAIL: 27_io/ostream_inserter_arith.cc execution test
=== libstdc++-v3 Summary for unix/-fPIC ===
# of expected passes 255
# of unexpected failures 8
# of unexpected successes 1
# of expected failures 7
Running target unix
FAIL: 18_support/numeric_limits.cc (test for excess errors)
FAIL: 21_strings/capacity.cc (test for excess errors)
FAIL: 22_locale/ctype_char_members.cc execution test
FAIL: 22_locale/members.cc execution test
FAIL: 22_locale/numpunct.cc (test for excess errors)
FAIL: 22_locale/numpunct_char_members.cc execution test
XPASS: 26_numerics/c99_classification_macros_c.cc (test for excess errors)
FAIL: 26_numerics/complex_inserters_extractors.cc (test for excess errors)
FAIL: 27_io/filebuf.cc execution test
FAIL: 27_io/ostream_inserter_arith.cc execution test
=== libstdc++-v3 Summary for unix ===
# of expected passes 254
# of unexpected failures 9
# of unexpected successes 1
# of expected failures 7
=== libstdc++-v3 Summary ===
# of expected passes 509
# of unexpected failures 17
# of unexpected successes 2
# of expected failures 14
Compiler version: 3.1 20010703 (experimental)
Platform: hppa1.1-hp-hpux10.20
configure flags: --host=hppa1.1-hp-hpux10.20 --with-gnu-as --enable-shared --enable-threads --enable-debug=no