This is the mail archive of the
gcc-testresults@gcc.gnu.org
mailing list for the GCC project.
Results for 3.0.1 20010702 (prerelease) testsuite on hppa1.1-hp-hpux10.20
- To: gcc-testresults at gcc dot gnu dot org
- Subject: Results for 3.0.1 20010702 (prerelease) testsuite on hppa1.1-hp-hpux10.20
- From: Alexandre Oliva <aoliva at barnabe dot lsd dot ic dot unicamp dot br>
- Date: Wed, 4 Jul 2001 11:42:26 -0300
Native configuration is hppa1.1-hp-hpux10.20
=== binutils tests ===
Running target unix
=== binutils Summary ===
# of expected passes 23
# of expected failures 1
# of untested testcases 4
=== g77 tests ===
Running target unix
=== g77 Summary ===
# of expected passes 933
# of unsupported tests 8
=== gas tests ===
Running target unix
=== gas Summary ===
# of expected passes 170
# of expected failures 4
=== gcc tests ===
Running target unix
FAIL: gcc.c-torture/compile/20001226-1.c, -O3 -g
FAIL: gcc.c-torture/compile/20001226-1.c, -Os
FAIL: gcc.c-torture/compile/20010605-1.c, -O0
FAIL: gcc.c-torture/compile/20010605-1.c, -O1
FAIL: gcc.c-torture/compile/20010605-1.c, -O2
FAIL: gcc.c-torture/compile/20010605-1.c, -O3 -fomit-frame-pointer
FAIL: gcc.c-torture/compile/20010605-1.c, -O3 -g
FAIL: gcc.c-torture/compile/20010605-1.c, -Os
XPASS: gcc.c-torture/execute/20010114-2.c execution, -O0
XPASS: gcc.c-torture/execute/20010114-2.c execution, -O1
XPASS: gcc.c-torture/execute/20010114-2.c execution, -O2
XPASS: gcc.c-torture/execute/20010114-2.c execution, -O3 -fomit-frame-pointer
XPASS: gcc.c-torture/execute/20010114-2.c execution, -O3 -g
XPASS: gcc.c-torture/execute/20010114-2.c execution, -Os
FAIL: gcc.c-torture/execute/20010119-1.c compilation, -O1
FAIL: gcc.c-torture/execute/20010119-1.c compilation, -O2
FAIL: gcc.c-torture/execute/20010119-1.c compilation, -O3 -fomit-frame-pointer
FAIL: gcc.c-torture/execute/20010119-1.c compilation, -O3 -fomit-frame-pointer -funroll-loops
FAIL: gcc.c-torture/execute/20010119-1.c compilation, -O3 -fomit-frame-pointer -funroll-all-loops -finline-functions
FAIL: gcc.c-torture/execute/20010119-1.c compilation, -O3 -g
FAIL: gcc.c-torture/execute/20010119-1.c compilation, -Os
FAIL: gcc.c-torture/execute/20010122-1.c execution, -O0
FAIL: gcc.c-torture/execute/20010122-1.c execution, -O1
FAIL: gcc.c-torture/execute/20010122-1.c execution, -O2
FAIL: gcc.c-torture/execute/20010122-1.c execution, -O3 -fomit-frame-pointer
FAIL: gcc.c-torture/execute/20010122-1.c execution, -O3 -fomit-frame-pointer -funroll-loops
FAIL: gcc.c-torture/execute/20010122-1.c execution, -O3 -fomit-frame-pointer -funroll-all-loops -finline-functions
FAIL: gcc.c-torture/execute/20010122-1.c execution, -O3 -g
FAIL: gcc.c-torture/execute/20010122-1.c execution, -Os
FAIL: gcc.c-torture/execute/strct-stdarg-1.c execution, -O0
FAIL: gcc.c-torture/execute/strct-stdarg-1.c execution, -O1
FAIL: gcc.c-torture/execute/strct-stdarg-1.c execution, -O2
FAIL: gcc.c-torture/execute/strct-stdarg-1.c execution, -O3 -fomit-frame-pointer
FAIL: gcc.c-torture/execute/strct-stdarg-1.c execution, -O3 -fomit-frame-pointer -funroll-loops
FAIL: gcc.c-torture/execute/strct-stdarg-1.c execution, -O3 -fomit-frame-pointer -funroll-all-loops -finline-functions
FAIL: gcc.c-torture/execute/strct-stdarg-1.c execution, -O3 -g
FAIL: gcc.c-torture/execute/strct-stdarg-1.c execution, -Os
FAIL: gcc.c-torture/execute/ieee/mzero2.c execution, -O1
FAIL: gcc.c-torture/execute/ieee/mzero2.c execution, -O2
FAIL: gcc.c-torture/execute/ieee/mzero2.c execution, -O3 -fomit-frame-pointer
FAIL: gcc.c-torture/execute/ieee/mzero2.c execution, -O3 -g
FAIL: gcc.c-torture/execute/ieee/mzero2.c execution, -Os
FAIL: gcc.dg/asm-fs-1.c (test for excess errors)
FAIL: gcc.dg/asm-names.c (test for excess errors)
=== gcc Summary ===
# of expected passes 15102
# of unexpected failures 38
# of unexpected successes 6
# of expected failures 81
# of unresolved testcases 10
# of unsupported tests 57
/home/oliva/egcs/gcc/xgcc version 3.0.1 20010702 (prerelease)
=== g++ tests ===
Running target unix
FAIL: g++.dg/mangle1.C scan-assembler
FAIL: g++.dg/mangle1.C scan-assembler
FAIL: g++.dg/mangle1.C scan-assembler
FAIL: g++.dg/mangle1.C scan-assembler
FAIL: g++.dg/mangle1.C scan-assembler
FAIL: g++.dg/mangle1.C scan-assembler
FAIL: g++.dg/mangle1.C scan-assembler
FAIL: g++.dg/mangle1.C scan-assembler
FAIL: g++.dg/mangle1.C scan-assembler
FAIL: g++.dg/mangle1.C scan-assembler
FAIL: g++.dg/mangle1.C scan-assembler
FAIL: g++.dg/mangle1.C scan-assembler
FAIL: g++.dg/mangle1.C scan-assembler
FAIL: g++.dg/mangle1.C scan-assembler
FAIL: g++.ext/instantiate1.C not instantiated (test for errors, line 20)
FAIL: g++.ext/instantiate1.C not instantiated (test for errors, line 22)
FAIL: g++.other/mangle3.C (test for excess errors)
=== g++ Summary ===
# of expected passes 6437
# of unexpected failures 17
# of expected failures 113
# of untested testcases 20
/home/oliva/egcs/gcc/testsuite/../g++ version 3.0.1 20010702 (prerelease)
=== libstdc++-v3 tests ===
Running target unix
FAIL: 21_strings/capacity.cc (test for excess errors)
FAIL: 22_locale/ctype_char_members.cc execution test
FAIL: 22_locale/numpunct.cc (test for excess errors)
XPASS: 26_numerics/c99_classification_macros_c.cc (test for excess errors)
FAIL: 26_numerics/complex_inserters_extractors.cc (test for excess errors)
FAIL: 27_io/filebuf.cc execution test
=== libstdc++-v3 Summary ===
# of expected passes 237
# of unexpected failures 5
# of unexpected successes 1
# of expected failures 7
=== objc tests ===
Running target unix
=== objc Summary ===
# of expected passes 149
# of expected failures 1
/home/oliva/egcs/gcc/xgcc version 3.0.1 20010702 (prerelease)
Compiler version: 3.0.1 20010702 (prerelease)
Platform: hppa1.1-hp-hpux10.20
BOOT_CFLAGS: -g -O9 -W -Wall
Counting all warnings,
there are 109 warnings in stage3 of this bootstrap.
Number of warnings per file:
96 libiberty/md5.c
4 libiberty/getopt.c
3 gcc/unwind-pe.h
2 libsupc++/eh_personality.cc
2 libiberty/strsignal.c
1 libsupc++/eh_terminate.cc
1 configure
Number of warning types:
32 function-like macro `FI' must be used with arguments in traditional C
32 function-like macro `FH' must be used with arguments in traditional C
32 function-like macro `FG' must be used with arguments in traditional C
4 unused parameter `???'
2 control reaches end of
2 comparison between signed and unsigned
1 wchar_t support disabled.
1 `noreturn'
1 new
1 ambiguates
1 `???'