This is the mail archive of the
gcc-testresults@gcc.gnu.org
mailing list for the GCC project.
Results for 3.1 20010702 (experimental) testsuite on i686-pc-linux-gnu
- To: gcc-testresults at gcc dot gnu dot org
- Subject: Results for 3.1 20010702 (experimental) testsuite on i686-pc-linux-gnu
- From: Andreas Jaeger <aj at suse dot de>
- Date: Tue, 3 Jul 2001 11:57:19 +0200
Native configuration is i686-pc-linux-gnu
=== g++ tests ===
Running target unix
XPASS: g++.dg/vtgc1.C (test for excess errors)
XPASS: g++.dg/vtgc1.C scan-assembler .vtable_inherit[ ]*vtable for Multivv3, 0
XPASS: g++.dg/vtgc1.C scan-assembler .vtable_inherit[ ]*VTT for Multivv3, 0
XPASS: g++.dg/vtgc1.C scan-assembler .vtable_inherit[ ]*vtable for Multiss2, vtable for Base2
XPASS: g++.dg/vtgc1.C scan-assembler .vtable_inherit[ ]*vtable for Multivs1, vtable for Base2
XPASS: g++.dg/vtgc1.C scan-assembler .vtable_inherit[ ]*VTT for Multivs1, vtable for Base2
XPASS: g++.dg/vtgc1.C scan-assembler .vtable_inherit[ ]*vtable for Multisv0, vtable for Side0
XPASS: g++.dg/vtgc1.C scan-assembler .vtable_inherit[ ]*VTT for Multisv0, vtable for Side0
XPASS: g++.dg/vtgc1.C scan-assembler .vtable_inherit[ ]*vtable for Side0, 0
XPASS: g++.dg/vtgc1.C scan-assembler .vtable_inherit[ ]*vtable for VbasedA, 0
XPASS: g++.dg/vtgc1.C scan-assembler .vtable_inherit[ ]*VTT for VbasedA, 0
XPASS: g++.dg/vtgc1.C scan-assembler .vtable_inherit[ ]*vtable for Base2, vtable for Base1
XPASS: g++.dg/vtgc1.C scan-assembler .vtable_inherit[ ]*vtable for Base1, vtable for Base0
XPASS: g++.dg/vtgc1.C scan-assembler .vtable_inherit[ ]*vtable for Base0, 0
FAIL: g++.ext/instantiate1.C not instantiated (test for errors, line 20)
FAIL: g++.robertl/eb130.C (test for excess errors)
XPASS: g++.robertl/eb17.C Execution test
=== g++ Summary ===
# of expected passes 6533
# of unexpected failures 2
# of unexpected successes 15
# of expected failures 85
# of untested testcases 9
/builds/gcc/gcc-3.1-devel/gcc/testsuite/../g++ version 3.1 20010702 (experimental)
=== g77 tests ===
Running target unix
=== g77 Summary ===
# of expected passes 999
=== gcc tests ===
Running target unix
FAIL: gcc.c-torture/execute/20010114-2.c execution, -O1
FAIL: gcc.c-torture/execute/20010114-2.c execution, -O2
FAIL: gcc.c-torture/execute/20010114-2.c execution, -Os
FAIL: gcc.dg/wtr-label-1.c (test for excess errors)
=== gcc Summary ===
# of expected passes 15578
# of unexpected failures 4
# of expected failures 72
# of unsupported tests 22
/builds/gcc/gcc-3.1-devel/gcc/xgcc version 3.1 20010702 (experimental)
=== objc tests ===
Running target unix
FAIL: objc/execute/formal_protocol-6.m execution, -O
=== objc Summary ===
# of expected passes 181
# of unexpected failures 1
/builds/gcc/gcc-3.1-devel/gcc/xgcc version 3.1 20010702 (experimental)
=== libjava tests ===
Running target unix
FAIL: register run
XPASS: N19990310_4 output from source compiled test
XPASS: N19990310_4 -O output from source compiled test
XPASS: stringconst output from bytecode->native test
XPASS: stringconst -O output from bytecode->native test
=== libjava Summary ===
# of expected passes 1755
# of unexpected failures 1
# of unexpected successes 4
# of expected failures 14
# of untested testcases 17
=== libstdc++-v3 tests ===
Running target unix
FAIL: 22_locale/members.cc execution test
FAIL: 22_locale/numpunct_char_members.cc execution test
XPASS: 23_containers/map_operators.cc (test for errors, line 43)
XPASS: 23_containers/map_operators.cc (test for errors, line 44)
=== libstdc++-v3 Summary ===
# of expected passes 265
# of unexpected failures 2
# of unexpected successes 2
# of expected failures 6
Compiler version: 3.1 20010702 (experimental)
Platform: i686-pc-linux-gnu
configure flags: --host=i686-pc-linux-gnu --prefix=/opt/gcc-3.1-devel --enable-shared --enable-threads=posix --with-gnu-as --with-gnu-ld --disable-nls --with-system-zlib --enable-languages=c,objc,c++,f77,java