This is the mail archive of the
gcc-testresults@gcc.gnu.org
mailing list for the GCC project.
Results for 3.0 20010617 (prerelease) testsuite on i686-pc-linux-gnu
- To: gcc-testresults at gcc dot gnu dot org
- Subject: Results for 3.0 20010617 (prerelease) testsuite on i686-pc-linux-gnu
- From: rtollert at tranquility dot net
- Date: Sun, 17 Jun 2001 21:40:51 -0500
Celeron 850 (Coppermine, overclocked), RedHat 7.0, 384MB RAM,
Linux 2.4.5. From latest gcc-3_0-branch checkout. Bootstrapping was
performed off of RedHat's gcc 2.96 although I do have 2.95.3 available.
Native configuration is i686-pc-linux-gnu
=== g++ tests ===
Running target unix
FAIL: g++.ext/instantiate1.C not instantiated (test for errors, line 20)
=== g++ Summary ===
# of expected passes 6481
# of unexpected failures 1
# of expected failures 102
# of untested testcases 9
/home/rich/gcc-objdir/gcc/testsuite/../g++ version 3.0 20010617 (prerelease)
=== g77 tests ===
Running target unix
=== g77 Summary ===
# of expected passes 949
=== gcc tests ===
Running target unix
XPASS: gcc.c-torture/execute/20010114-2.c execution, -O0
XPASS: gcc.c-torture/execute/20010114-2.c execution, -O3 -fomit-frame-pointer
XPASS: gcc.c-torture/execute/20010114-2.c execution, -O3 -g
=== gcc Summary ===
# of expected passes 15218
# of unexpected successes 3
# of expected failures 85
# of unsupported tests 20
/home/rich/gcc-objdir/gcc/xgcc version 3.0 20010617 (prerelease)
=== objc tests ===
Running target unix
=== objc Summary ===
# of expected passes 149
# of expected failures 1
/home/rich/gcc-objdir/gcc/xgcc version 3.0 20010617 (prerelease)
=== libjava tests ===
Running target unix
=== libjava Summary ===
=== libstdc++-v3 tests ===
Running target unix
=== libstdc++-v3 Summary ===
Compiler version: 3.0 20010617 (prerelease)
Platform: i686-pc-linux-gnu
configure flags: --host=i686-pc-linux-gnu --enable-threads --prefix=/usr/local/gcc-3.0