This is the mail archive of the
gcc-testresults@gcc.gnu.org
mailing list for the GCC project.
Results for 3.0 20010615 (prerelease) testsuite on i686-pc-linux-gnu
- To: gcc-testresults at gcc dot gnu dot org
- Subject: Results for 3.0 20010615 (prerelease) testsuite on i686-pc-linux-gnu
- From: Andris Pavenis <andris at hal dot astr dot lu dot lv>
- Date: Sat, 16 Jun 2001 06:01:39 +0300
Source: gcc-3_0-branch (last updated 2001 Jun 16 01:05 +0300)
System: Linux kernel 2.4.5-ac13
glibc-2.2.3
binutils-2.11.90.0.8
Native configuration is i686-pc-linux-gnu
=== g++ tests ===
Running target unix
FAIL: g++.ext/instantiate1.C not instantiated (test for errors, line 20)
=== g++ Summary ===
# of expected passes 6481
# of unexpected failures 1
# of expected failures 102
# of untested testcases 9
/disk2/cvs/gcc30/build/build.lnx/gcc/testsuite/../g++ version 3.0 20010615 (prerelease)
=== g77 tests ===
Running target unix
FAIL: g77.dg/20010216-1.f (test for excess errors)
FAIL: g77.dg/20010216-1.f (test for excess errors)
FAIL: g77.dg/20010216-1.f (test for excess errors)
FAIL: g77.dg/20010216-1.f (test for excess errors)
FAIL: g77.dg/20010216-1.f (test for excess errors)
FAIL: g77.dg/20010216-1.f (test for excess errors)
FAIL: g77.dg/20010216-1.f (test for excess errors)
FAIL: g77.dg/20010216-1.f (test for excess errors)
FAIL: g77.f-torture/compile/20000630-2.f, -O0
FAIL: g77.f-torture/compile/20000630-2.f, -O1
FAIL: g77.f-torture/compile/20000630-2.f, -O2
FAIL: g77.f-torture/compile/20000630-2.f, -O3 -fomit-frame-pointer
FAIL: g77.f-torture/compile/20000630-2.f, -O3 -g
FAIL: g77.f-torture/compile/20000630-2.f, -Os
FAIL: g77.f-torture/compile/20010321-1.f, -O0
FAIL: g77.f-torture/compile/20010321-1.f, -O1
FAIL: g77.f-torture/compile/20010321-1.f, -O2
FAIL: g77.f-torture/compile/20010321-1.f, -O3 -fomit-frame-pointer
FAIL: g77.f-torture/compile/20010321-1.f, -O3 -g
FAIL: g77.f-torture/compile/20010321-1.f, -Os
FAIL: g77.f-torture/execute/20001201.f execution, -O0
FAIL: g77.f-torture/execute/20001201.f execution, -O1
FAIL: g77.f-torture/execute/20001201.f execution, -O2
FAIL: g77.f-torture/execute/20001201.f execution, -O3 -fomit-frame-pointer
FAIL: g77.f-torture/execute/20001201.f execution, -O3 -g
FAIL: g77.f-torture/execute/20001201.f execution, -Os
=== g77 Summary ===
# of expected passes 923
# of unexpected failures 26
=== gcc tests ===
Running target unix
FAIL: gcc.c-torture/compile/20001226-1.c, -O1
FAIL: gcc.c-torture/compile/20001226-1.c, -O3 -g
FAIL: gcc.c-torture/compile/20001226-1.c, -Os
XPASS: gcc.c-torture/execute/20010114-2.c execution, -O0
XPASS: gcc.c-torture/execute/20010114-2.c execution, -O3 -fomit-frame-pointer
XPASS: gcc.c-torture/execute/20010114-2.c execution, -O3 -g
FAIL: gcc.misc-tests/mg.c
=== gcc Summary ===
# of expected passes 15214
# of unexpected failures 4
# of unexpected successes 3
# of expected failures 85
# of unsupported tests 20
/disk2/cvs/gcc30/build/build.lnx/gcc/xgcc version 3.0 20010615 (prerelease)
=== objc tests ===
Running target unix
FAIL: objc/execute/IMP.m execution, -O
FAIL: objc/execute/_cmd.m execution, -O
FAIL: objc/execute/accessing_ivars.m execution, -O
FAIL: objc/execute/bf-1.m execution, -O
FAIL: objc/execute/bf-10.m execution, -O
FAIL: objc/execute/bf-11.m execution, -O
FAIL: objc/execute/bf-12.m execution, -O
FAIL: objc/execute/bf-13.m execution, -O
FAIL: objc/execute/bf-14.m execution, -O
FAIL: objc/execute/bf-15.m execution, -O
FAIL: objc/execute/bf-16.m execution, -O
FAIL: objc/execute/bf-17.m execution, -O
FAIL: objc/execute/bf-18.m execution, -O
FAIL: objc/execute/bf-19.m execution, -O
FAIL: objc/execute/bf-2.m execution, -O
FAIL: objc/execute/bf-20.m execution, -O
FAIL: objc/execute/bf-3.m execution, -O
FAIL: objc/execute/bf-4.m execution, -O
FAIL: objc/execute/bf-5.m execution, -O
FAIL: objc/execute/bf-6.m execution, -O
FAIL: objc/execute/bf-7.m execution, -O
FAIL: objc/execute/bf-8.m execution, -O
FAIL: objc/execute/bf-9.m execution, -O
FAIL: objc/execute/bycopy-1.m execution, -O
FAIL: objc/execute/bycopy-2.m execution, -O
FAIL: objc/execute/bycopy-3.m execution, -O
FAIL: objc/execute/class-1.m execution, -O
FAIL: objc/execute/class-10.m execution, -O
FAIL: objc/execute/class-11.m execution, -O
FAIL: objc/execute/class-12.m execution, -O
FAIL: objc/execute/class-13.m execution, -O
FAIL: objc/execute/class-14.m execution, -O
FAIL: objc/execute/class-2.m execution, -O
FAIL: objc/execute/class-3.m execution, -O
FAIL: objc/execute/class-4.m execution, -O
FAIL: objc/execute/class-5.m execution, -O
FAIL: objc/execute/class-6.m execution, -O
FAIL: objc/execute/class-7.m execution, -O
FAIL: objc/execute/class-8.m execution, -O
FAIL: objc/execute/class-9.m execution, -O
FAIL: objc/execute/compatibility_alias.m execution, -O
FAIL: objc/execute/encode-1.m execution, -O
FAIL: objc/execute/fdecl.m execution, -O
FAIL: objc/execute/formal_protocol-1.m execution, -O
FAIL: objc/execute/formal_protocol-2.m execution, -O
FAIL: objc/execute/formal_protocol-3.m execution, -O
FAIL: objc/execute/formal_protocol-4.m execution, -O
FAIL: objc/execute/formal_protocol-5.m execution, -O
FAIL: objc/execute/formal_protocol-7.m execution, -O
FAIL: objc/execute/informal_protocol.m execution, -O
FAIL: objc/execute/initialize.m execution, -O
FAIL: objc/execute/load-2.m execution, -O
FAIL: objc/execute/load-3.m execution, -O
FAIL: objc/execute/load.m execution, -O
FAIL: objc/execute/many_args_method.m execution, -O
FAIL: objc/execute/nested-1.m execution, -O
FAIL: objc/execute/nested-2.m execution, -O
FAIL: objc/execute/nested-3.m execution, -O
FAIL: objc/execute/no_clash.m execution, -O
FAIL: objc/execute/np-1.m execution, -O
FAIL: objc/execute/np-2.m execution, -O
FAIL: objc/execute/paste.m execution, -O
FAIL: objc/execute/private.m execution, -O
FAIL: objc/execute/protocol.m execution, -O
FAIL: objc/execute/redefining_self.m execution, -O
FAIL: objc/execute/root_methods.m execution, -O
FAIL: objc/execute/selector-1.m execution, -O
FAIL: objc/execute/static-1.m execution, -O
FAIL: objc/execute/static-2.m execution, -O
FAIL: objc/execute/string1.m execution, -O
FAIL: objc/execute/string2.m execution, -O
FAIL: objc/execute/string3.m execution, -O
FAIL: objc/execute/string4.m execution, -O
FAIL: objc/execute/va_method.m execution, -O
=== objc Summary ===
# of expected passes 75
# of unexpected failures 74
# of expected failures 1
/disk2/cvs/gcc30/build/build.lnx/gcc/xgcc version 3.0 20010615 (prerelease)
=== libstdc++-v3 tests ===
Running target unix
=== libstdc++-v3 Summary ===
# of expected passes 245
# of expected failures 8
Compiler version: 3.0 20010615 (prerelease)
Platform: i686-pc-linux-gnu
configure flags: --host=i686-pc-linux-gnu --prefix=/disk2/gcctest --enable-shared --verbose --enable-languages=c,c++,g77,objc --enable-threads=posix
Counting all warnings,
there are 106 warnings in stage3 of this bootstrap.
Number of warnings per file:
28 gcc/combine.c
10 gcc/reg-stack.c
6 gcc/cp/pt.c
5 gcc/cse.c
5 gcc/cp/error.c
5 gcc/cp/call.c
4 gcc/unwind-dw2.c
4 gcc/except.c
3 insn-emit.c
3 gcc/reload1.c
3 gcc/gcc.c
3 gcc/config/i386/i386.md
3 gcc/config/i386/i386.c
2 gcc/reload.c
2 gcc/function.c
2 gcc/fold-const.c
2 gcc/expr.c
2 gcc/alias.c
1 gcc/unwind-dw2-fde.c
1 gcc/sched-deps.c
1 gcc/regmove.c
1 gcc/objc/lang-specs.h
1 gcc/libgcc2.c
1 gcc/flow.c
1 gcc/final.c
1 gcc/expmed.c
1 gcc/dwarfout.c
1 gcc/dwarf2out.c
1 gcc/cp/typeck2.c
1 gcc/cp/lang-specs.h
1 gcc/cp/errfn.c
1 gcc/cp/class.c
Number of warning types:
57 comparison between signed and unsigned
14 `???' might be used uninitialized in this function
7 signed and unsigned type in conditional expression
5 string length `???' is greater than the length `???' ISO C89 compilers are required to support
5 initialization from incompatible pointer type
5 implicit declaration of function `???'
3 unused variable `???'
2 passing arg ??? of `???' from incompatible pointer type
2 destination missing a mode?
1 unused parameter `???'
1 pointer targets in passing arg ??? of `???' differ in signedness
1 passing arg ??? of `???' discards qualifiers from pointer target type
1 operand 0 missing mode?
1 function declaration isn't a prototype
1 ??? format, ??? arg (arg ???)