This is the mail archive of the
gcc-testresults@gcc.gnu.org
mailing list for the GCC project.
Results for 3.0 20010614 (prerelease) testsuite on i686-pc-linux-gnu
- To: gcc-testresults at gcc dot gnu dot org
- Subject: Results for 3.0 20010614 (prerelease) testsuite on i686-pc-linux-gnu
- From: Alexander dot Feigl at gmx dot de
- Date: Fri, 15 Jun 2001 05:31:38 +0200
Native configuration is i686-pc-linux-gnu
=== g77 tests ===
Running target unix
=== g77 Summary ===
# of expected passes 949
=== gcc tests ===
Running target unix
XPASS: gcc.c-torture/execute/20010114-2.c execution, -O0
XPASS: gcc.c-torture/execute/20010114-2.c execution, -O3 -fomit-frame-pointer
XPASS: gcc.c-torture/execute/20010114-2.c execution, -O3 -g
FAIL: gcc.dg/format/c99-printf-1.c 0 flag ignored with - flag (test for warnings, line 189)
FAIL: gcc.dg/format/c99-printf-1.c %hhn plain char (test for warnings, line 195)
FAIL: gcc.dg/format/c99-printf-1.c %hhn unsigned char (test for warnings, line 196)
FAIL: gcc.dg/format/c99-printf-1.c (test for excess errors)
FAIL: gcc.dg/format/ext-3.c bad %_0 (test for warnings, line 213)
FAIL: gcc.dg/format/ext-3.c bad %^# (test for warnings, line 215)
FAIL: gcc.dg/format/xopen-1.c multiple use of scanf argument (test for warnings, line 115)
FAIL: gcc.dg/format/xopen-1.c (test for excess errors)
=== gcc Summary ===
# of expected passes 15210
# of unexpected failures 8
# of unexpected successes 3
# of expected failures 85
# of unsupported tests 20
/home/dreamer/dev/gcc/objdir/gcc/xgcc version 3.0 20010614 (prerelease)
=== g++ tests ===
Running target unix
FAIL: g++.ext/instantiate1.C not instantiated (test for errors, line 20)
=== g++ Summary ===
# of expected passes 6481
# of unexpected failures 1
# of expected failures 102
# of untested testcases 9
/home/dreamer/dev/gcc/objdir/gcc/testsuite/../g++ version 3.0 20010614 (prerelease)
=== objc tests ===
Running target unix
=== objc Summary ===
# of expected passes 149
# of expected failures 1
/home/dreamer/dev/gcc/objdir/gcc/xgcc version 3.0 20010614 (prerelease)
=== libjava tests ===
Running target unix
XPASS: stringconst output from bytecode->native test
XPASS: stringconst -O output from bytecode->native test
XPASS: N19990310_4 output from source compiled test
XPASS: N19990310_4 -O output from source compiled test
XPASS: stub compilation from source
XPASS: stub byte compilation
XPASS: stub compilation from bytecode
XPASS: stub -O compilation from source
XPASS: stub byte compilation
XPASS: stub -O compilation from bytecode
=== libjava Summary ===
# of expected passes 1612
# of unexpected successes 10
# of expected failures 14
# of untested testcases 80
=== libstdc++-v3 tests ===
Running target unix
=== libstdc++-v3 Summary ===
# of expected passes 245
# of expected failures 8
Compiler version: 3.0 20010614 (prerelease)
Platform: i686-pc-linux-gnu
configure flags: --host=i686-pc-linux-gnu