This is the mail archive of the
gcc-testresults@gcc.gnu.org
mailing list for the GCC project.
Results for 3.0 20010614 (prerelease) testsuite on i686-pc-linux-gnu
- To: dave at hiamlx dot hia dot nrc dot ca, gcc-testresults at gcc dot gnu dot org
- Subject: Results for 3.0 20010614 (prerelease) testsuite on i686-pc-linux-gnu
- From: John David Anglin <dave at hiamlx dot hia dot nrc dot ca>
- Date: Thu, 14 Jun 2001 21:49:21 -0400
Native configuration is i686-pc-linux-gnu
=== g++ tests ===
Running target unix/-static
FAIL: g++.ext/instantiate1.C not instantiated (test for errors, line 20)
=== g++ Summary for unix/-static ===
# of expected passes 6479
# of unexpected failures 1
# of expected failures 102
# of untested testcases 9
Running target unix/-pthread
FAIL: g++.eh/badalloc1.C Execution test
FAIL: g++.ext/instantiate1.C not instantiated (test for errors, line 20)
=== g++ Summary for unix/-pthread ===
# of expected passes 6478
# of unexpected failures 2
# of expected failures 102
# of untested testcases 9
Running target unix/-fPIC
FAIL: g++.ext/instantiate1.C not instantiated (test for errors, line 20)
FAIL: g++.pt/asm1.C (test for excess errors)
FAIL: g++.pt/asm2.C (test for excess errors)
=== g++ Summary for unix/-fPIC ===
# of expected passes 6477
# of unexpected failures 3
# of expected failures 102
# of untested testcases 9
Running target unix
FAIL: g++.ext/instantiate1.C not instantiated (test for errors, line 20)
=== g++ Summary for unix ===
# of expected passes 6479
# of unexpected failures 1
# of expected failures 102
# of untested testcases 9
=== g++ Summary ===
# of expected passes 25913
# of unexpected failures 7
# of expected failures 408
# of untested testcases 36
/home/dave/gnu/gcc-3.0-20010614/objdir/gcc/testsuite/../g++ version 3.0 20010614 (prerelease)
=== g77 tests ===
Running target unix/-static
=== g77 Summary for unix/-static ===
# of expected passes 949
Running target unix/-pthread
=== g77 Summary for unix/-pthread ===
# of expected passes 949
Running target unix/-fPIC
=== g77 Summary for unix/-fPIC ===
# of expected passes 949
Running target unix
=== g77 Summary for unix ===
# of expected passes 949
=== g77 Summary ===
# of expected passes 3796
=== gcc tests ===
Running target unix/-static
XPASS: gcc.c-torture/execute/20010114-2.c execution, -O0
XPASS: gcc.c-torture/execute/20010114-2.c execution, -O3 -fomit-frame-pointer
XPASS: gcc.c-torture/execute/20010114-2.c execution, -O3 -g
FAIL: gcc.c-torture/execute/960218-1.c compilation, -O0
FAIL: gcc.c-torture/execute/960218-1.c compilation, -O1
FAIL: gcc.c-torture/execute/960218-1.c compilation, -O2
FAIL: gcc.c-torture/execute/960218-1.c compilation, -O3 -fomit-frame-pointer
FAIL: gcc.c-torture/execute/960218-1.c compilation, -O3 -fomit-frame-pointer -funroll-loops
FAIL: gcc.c-torture/execute/960218-1.c compilation, -O3 -fomit-frame-pointer -funroll-all-loops -finline-functions
FAIL: gcc.c-torture/execute/960218-1.c compilation, -O3 -g
FAIL: gcc.c-torture/execute/960218-1.c compilation, -Os
=== gcc Summary for unix/-static ===
# of expected passes 15202
# of unexpected failures 8
# of unexpected successes 3
# of expected failures 85
# of unresolved testcases 8
# of unsupported tests 20
Running target unix/-pthread
XPASS: gcc.c-torture/execute/20010114-2.c execution, -O0
XPASS: gcc.c-torture/execute/20010114-2.c execution, -O3 -fomit-frame-pointer
XPASS: gcc.c-torture/execute/20010114-2.c execution, -O3 -g
=== gcc Summary for unix/-pthread ===
# of expected passes 15218
# of unexpected successes 3
# of expected failures 85
# of unsupported tests 20
Running target unix/-fPIC
FAIL: gcc.c-torture/compile/20000804-1.c, -O0
XPASS: gcc.c-torture/execute/20010114-2.c execution, -O0
FAIL: gcc.c-torture/execute/990127-2.c execution, -O3 -fomit-frame-pointer
FAIL: gcc.c-torture/execute/990127-2.c execution, -O3 -g
FAIL: gcc.c-torture/execute/conversion.c execution, -O3 -fomit-frame-pointer
FAIL: gcc.c-torture/execute/conversion.c execution, -O3 -g
XPASS: gcc.c-torture/execute/loop-2b.c execution, -O2
FAIL: gcc.dg/asm-names.c (test for excess errors)
=== gcc Summary for unix/-fPIC ===
# of expected passes 15212
# of unexpected failures 6
# of unexpected successes 2
# of expected failures 86
# of unsupported tests 20
Running target unix
XPASS: gcc.c-torture/execute/20010114-2.c execution, -O0
XPASS: gcc.c-torture/execute/20010114-2.c execution, -O3 -fomit-frame-pointer
XPASS: gcc.c-torture/execute/20010114-2.c execution, -O3 -g
=== gcc Summary for unix ===
# of expected passes 15218
# of unexpected successes 3
# of expected failures 85
# of unsupported tests 20
=== gcc Summary ===
# of expected passes 60850
# of unexpected failures 14
# of unexpected successes 11
# of expected failures 341
# of unresolved testcases 8
# of unsupported tests 80
/home/dave/gnu/gcc-3.0-20010614/objdir/gcc/xgcc version 3.0 20010614 (prerelease)
=== objc tests ===
Running target unix/-static
=== objc Summary for unix/-static ===
# of expected passes 149
# of expected failures 1
Running target unix/-pthread
=== objc Summary for unix/-pthread ===
# of expected passes 149
# of expected failures 1
Running target unix/-fPIC
=== objc Summary for unix/-fPIC ===
# of expected passes 149
# of expected failures 1
Running target unix
=== objc Summary for unix ===
# of expected passes 149
# of expected failures 1
=== objc Summary ===
# of expected passes 596
# of expected failures 4
/home/dave/gnu/gcc-3.0-20010614/objdir/gcc/xgcc version 3.0 20010614 (prerelease)
=== libjava tests ===
Running target unix
XPASS: N19990310_4 output from source compiled test
XPASS: N19990310_4 -O output from source compiled test
XPASS: stringconst output from bytecode->native test
XPASS: stringconst -O output from bytecode->native test
XPASS: stub compilation from source
XPASS: stub byte compilation
XPASS: stub compilation from bytecode
XPASS: stub -O compilation from source
XPASS: stub byte compilation
XPASS: stub -O compilation from bytecode
=== libjava Summary ===
# of expected passes 1676
# of unexpected successes 10
# of expected failures 14
# of untested testcases 16
=== libstdc++-v3 tests ===
Running target unix/-static
FAIL: 21_strings/ctor_copy_dtor.cc execution test
FAIL: 21_strings/insert.cc execution test
FAIL: 27_io/ios_members.cc execution test
=== libstdc++-v3 Summary for unix/-static ===
# of expected passes 242
# of unexpected failures 3
# of expected failures 8
Running target unix/-pthread
=== libstdc++-v3 Summary for unix/-pthread ===
# of expected passes 245
# of expected failures 8
Running target unix/-fPIC
=== libstdc++-v3 Summary for unix/-fPIC ===
# of expected passes 245
# of expected failures 8
Running target unix
=== libstdc++-v3 Summary for unix ===
# of expected passes 245
# of expected failures 8
=== libstdc++-v3 Summary ===
# of expected passes 977
# of unexpected failures 3
# of expected failures 32
Compiler version: 3.0 20010614 (prerelease)
Platform: i686-pc-linux-gnu
configure flags: --host=i686-pc-linux-gnu --with-gnu-as --with-gnu-ld --enable-shared --enable-threads=posix
NB: Installed gcc and manually copied libobjc.* to /usr/local/lib before running make check.