This is the mail archive of the
gcc-testresults@gcc.gnu.org
mailing list for the GCC project.
Results for 3.0 20010613 (prerelease) testsuite on powerpc-unknown-linux-gnu
- To: gcc-testresults at gcc dot gnu dot org
- Subject: Results for 3.0 20010613 (prerelease) testsuite on powerpc-unknown-linux-gnu
- From: Franz Sirl <fsirl at entropy dot crashing dot org>
- Date: Wed, 13 Jun 2001 09:08:27 -0700
Environment:
binutils-2.11.90.0.15
glibc-2.2.3
linux-2.4.3
Local modifications:
- don't let CSE replace HARD_REGS with constants (me)
- subreg-byte patch (Andrew MacLeod and others)
Native configuration is powerpc-unknown-linux-gnu
=== g77 tests ===
Running target unix/-O2
=== g77 Summary for unix/-O2 ===
# of expected passes 933
# of unsupported tests 8
Running target unix/-fpic
=== g77 Summary for unix/-fpic ===
# of expected passes 933
# of unsupported tests 8
Running target unix/-fPIC
=== g77 Summary for unix/-fPIC ===
# of expected passes 933
# of unsupported tests 8
Running target unix
=== g77 Summary for unix ===
# of expected passes 933
# of unsupported tests 8
=== g77 Summary ===
# of expected passes 3732
# of unsupported tests 32
=== gcc tests ===
Running target unix/-O2
XPASS: gcc.c-torture/execute/20010114-2.c execution, -O0
XPASS: gcc.c-torture/execute/20010114-2.c execution, -O1
XPASS: gcc.c-torture/execute/20010114-2.c execution, -O2
XPASS: gcc.c-torture/execute/20010114-2.c execution, -O3 -fomit-frame-pointer
XPASS: gcc.c-torture/execute/20010114-2.c execution, -O3 -g
XPASS: gcc.c-torture/execute/20010114-2.c execution, -Os
=== gcc Summary for unix/-O2 ===
# of expected passes 15178
# of unexpected successes 6
# of expected failures 75
# of unsupported tests 47
Running target unix/-fpic
XPASS: gcc.c-torture/execute/20010114-2.c execution, -O0
XPASS: gcc.c-torture/execute/20010114-2.c execution, -O1
XPASS: gcc.c-torture/execute/20010114-2.c execution, -O2
XPASS: gcc.c-torture/execute/20010114-2.c execution, -O3 -fomit-frame-pointer
XPASS: gcc.c-torture/execute/20010114-2.c execution, -O3 -g
XPASS: gcc.c-torture/execute/20010114-2.c execution, -Os
=== gcc Summary for unix/-fpic ===
# of expected passes 15178
# of unexpected successes 6
# of expected failures 75
# of unsupported tests 47
Running target unix/-fPIC
XPASS: gcc.c-torture/execute/20010114-2.c execution, -O0
XPASS: gcc.c-torture/execute/20010114-2.c execution, -O1
XPASS: gcc.c-torture/execute/20010114-2.c execution, -O2
XPASS: gcc.c-torture/execute/20010114-2.c execution, -O3 -fomit-frame-pointer
XPASS: gcc.c-torture/execute/20010114-2.c execution, -O3 -g
XPASS: gcc.c-torture/execute/20010114-2.c execution, -Os
=== gcc Summary for unix/-fPIC ===
# of expected passes 15178
# of unexpected successes 6
# of expected failures 75
# of unsupported tests 47
Running target unix
XPASS: gcc.c-torture/execute/20010114-2.c execution, -O0
XPASS: gcc.c-torture/execute/20010114-2.c execution, -O1
XPASS: gcc.c-torture/execute/20010114-2.c execution, -O2
XPASS: gcc.c-torture/execute/20010114-2.c execution, -O3 -fomit-frame-pointer
XPASS: gcc.c-torture/execute/20010114-2.c execution, -O3 -g
XPASS: gcc.c-torture/execute/20010114-2.c execution, -Os
=== gcc Summary for unix ===
# of expected passes 15178
# of unexpected successes 6
# of expected failures 75
# of unsupported tests 47
=== gcc Summary ===
# of expected passes 60712
# of unexpected successes 24
# of expected failures 300
# of unsupported tests 188
/home/fsirl/obj/gcc3/gcc/xgcc version 3.0 20010613 (prerelease)
=== g++ tests ===
Running target unix/-O2
FAIL: g++.ext/instantiate1.C not instantiated (test for errors, line 20)
=== g++ Summary for unix/-O2 ===
# of expected passes 6462
# of unexpected failures 1
# of expected failures 102
# of untested testcases 20
Running target unix/-fpic
FAIL: g++.ext/instantiate1.C not instantiated (test for errors, line 20)
=== g++ Summary for unix/-fpic ===
# of expected passes 6462
# of unexpected failures 1
# of expected failures 102
# of untested testcases 20
Running target unix/-fPIC
FAIL: g++.ext/instantiate1.C not instantiated (test for errors, line 20)
FAIL: g++.ext/instantiate2.C not instantiated (test for errors, line 19)
FAIL: g++.ext/instantiate2.C (test for bogus messages, line 17)
FAIL: g++.ext/instantiate3.C not instantiated (test for errors, line 13)
=== g++ Summary for unix/-fPIC ===
# of expected passes 6459
# of unexpected failures 4
# of expected failures 102
# of untested testcases 20
Running target unix
FAIL: g++.ext/instantiate1.C not instantiated (test for errors, line 20)
=== g++ Summary for unix ===
# of expected passes 6462
# of unexpected failures 1
# of expected failures 102
# of untested testcases 20
=== g++ Summary ===
# of expected passes 25845
# of unexpected failures 7
# of expected failures 408
# of untested testcases 80
/home/fsirl/obj/gcc3/gcc/testsuite/../g++ version 3.0 20010613 (prerelease)
=== objc tests ===
Running target unix/-O2
=== objc Summary for unix/-O2 ===
# of expected passes 149
# of expected failures 1
Running target unix/-fpic
=== objc Summary for unix/-fpic ===
# of expected passes 149
# of expected failures 1
Running target unix/-fPIC
=== objc Summary for unix/-fPIC ===
# of expected passes 149
# of expected failures 1
Running target unix
=== objc Summary for unix ===
# of expected passes 149
# of expected failures 1
=== objc Summary ===
# of expected passes 596
# of expected failures 4
/home/fsirl/obj/gcc3/gcc/xgcc version 3.0 20010613 (prerelease)
=== libjava tests ===
Running target unix
XPASS: N19990310_4 output from source compiled test
XPASS: N19990310_4 -O output from source compiled test
FAIL: Primes output from source compiled test
FAIL: Primes output from bytecode->native test
FAIL: Primes -O output from source compiled test
FAIL: Primes -O output from bytecode->native test
XPASS: stringconst output from bytecode->native test
XPASS: stringconst -O output from bytecode->native test
XPASS: stub compilation from source
XPASS: stub byte compilation
XPASS: stub compilation from bytecode
XPASS: stub -O compilation from source
XPASS: stub byte compilation
XPASS: stub -O compilation from bytecode
=== libjava Summary ===
# of expected passes 1672
# of unexpected failures 4
# of unexpected successes 10
# of expected failures 14
# of untested testcases 16
=== libstdc++-v3 tests ===
Running target unix/-O2
FAIL: 22_locale/codecvt_unicode_char.cc execution test
FAIL: 22_locale/codecvt_unicode_wchar_t.cc execution test
=== libstdc++-v3 Summary for unix/-O2 ===
# of expected passes 243
# of unexpected failures 2
# of expected failures 8
Running target unix/-fpic
FAIL: 22_locale/codecvt_unicode_char.cc execution test
FAIL: 22_locale/codecvt_unicode_wchar_t.cc execution test
=== libstdc++-v3 Summary for unix/-fpic ===
# of expected passes 243
# of unexpected failures 2
# of expected failures 8
Running target unix/-fPIC
FAIL: 22_locale/codecvt_unicode_char.cc execution test
FAIL: 22_locale/codecvt_unicode_wchar_t.cc execution test
=== libstdc++-v3 Summary for unix/-fPIC ===
# of expected passes 243
# of unexpected failures 2
# of expected failures 8
Running target unix
FAIL: 22_locale/codecvt_unicode_char.cc execution test
FAIL: 22_locale/codecvt_unicode_wchar_t.cc execution test
=== libstdc++-v3 Summary for unix ===
# of expected passes 243
# of unexpected failures 2
# of expected failures 8
=== libstdc++-v3 Summary ===
# of expected passes 972
# of unexpected failures 8
# of expected failures 32
Compiler version: 3.0 20010613 (prerelease)
Platform: powerpc-unknown-linux-gnu
configure flags: --host=ppc-linux --prefix=/home/fsirl/gnubin --enable-shared --enable-threads --enable-checking=gc,misc,tree