This is the mail archive of the
gcc-testresults@gcc.gnu.org
mailing list for the GCC project.
Results for 3.0 20010611 (prerelease) testsuite on i686-pc-linux-gnu
- To: gcc-testresults at gcc dot gnu dot org
- Subject: Results for 3.0 20010611 (prerelease) testsuite on i686-pc-linux-gnu
- From: Christian Jönsson <c dot christian dot joensson at telia dot com>
- Date: Wed, 13 Jun 2001 07:41:34 +0200
This was on an up to date, as of 2001-06-12, Red Hat Linux 7.1 Seawolf
x86 system.
Native configuration is i686-pc-linux-gnu
=== g77 tests ===
Running target unix
=== g77 Summary ===
# of expected passes 949
=== gcc tests ===
Running target unix
XPASS: gcc.c-torture/execute/20010114-2.c execution, -O0
XPASS: gcc.c-torture/execute/20010114-2.c execution, -O3
-fomit-frame-pointer
XPASS: gcc.c-torture/execute/20010114-2.c execution, -O3 -g
FAIL: gcc.dg/format/c90-printf-1.c %n with NULL (test for warnings, line
235)
FAIL: gcc.dg/format/c90-printf-1.c %s with NULL (test for warnings, line
236)
FAIL: gcc.dg/format/c90-printf-1.c (test for excess errors)
FAIL: gcc.dg/format/c99-scanf-1.c %hhu sign (test for warnings, line
144)
FAIL: gcc.dg/format/c99-scanf-1.c (test for excess errors)
FAIL: gcc.misc-tests/mg.c
=== gcc Summary ===
# of expected passes 15206
# of unexpected failures 6
# of unexpected successes 3
# of expected failures 85
# of unsupported tests 20
/home/chj/objdir-gcc-3.0-20010611/gcc/xgcc version 3.0 20010611
(prerelease)
=== g++ tests ===
Running target unix
FAIL: g++.ext/instantiate1.C not instantiated (test for errors, line 20)
XPASS: g++.other/crash27.C (test for excess errors)
FAIL: g++.other/stepanov_v1p2.C Execution test
=== g++ Summary ===
# of expected passes 6473
# of unexpected failures 2
# of unexpected successes 1
# of expected failures 102
# of untested testcases 9
/home/chj/objdir-gcc-3.0-20010611/gcc/testsuite/../g++ version 3.0
20010611 (prerelease)
=== objc tests ===
Running target unix
=== objc Summary ===
# of expected passes 149
# of expected failures 1
/home/chj/objdir-gcc-3.0-20010611/gcc/xgcc version 3.0 20010611
(prerelease)
=== libjava tests ===
Running target unix
XPASS: N19990310_4 output from source compiled test
XPASS: N19990310_4 -O output from source compiled test
XPASS: stringconst output from bytecode->native test
XPASS: stringconst -O output from bytecode->native test
XPASS: stub compilation from source
XPASS: stub byte compilation
XPASS: stub compilation from bytecode
XPASS: stub -O compilation from source
XPASS: stub byte compilation
XPASS: stub -O compilation from bytecode
=== libjava Summary ===
# of expected passes 1676
# of unexpected successes 10
# of expected failures 14
# of untested testcases 16
=== libstdc++-v3 tests ===
Running target unix
=== libstdc++-v3 Summary ===
# of expected passes 245
# of expected failures 8
Compiler version: 3.0 20010611 (prerelease)
Platform: i686-pc-linux-gnu
configure flags: --host=i686-pc-linux-gnu
--enable-languages=c,c++,f77,java,objc --enable-threads=posix
Counting all warnings,
there are 112 warnings in stage3 of this bootstrap.
Number of warnings per file:
28 gcc/combine.c
10 gcc/reg-stack.c
6 gcc/cp/pt.c
5 gcc/cse.c
5 gcc/cp/error.c
5 gcc/cp/call.c
4 gcc/unwind-dw2.c
4 gcc/java/lex.c
4 gcc/except.c
3 insn-emit.c
3 gcc/reload1.c
3 gcc/gcc.c
3 gcc/config/i386/i386.md
3 gcc/config/i386/i386.c
2 gcc/reload.c
2 gcc/function.c
2 gcc/fold-const.c
2 gcc/expr.c
2 gcc/alias.c
1 gcc/unwind-dw2-fde.c
1 gcc/sched-deps.c
1 gcc/regmove.c
1 gcc/objc/lang-specs.h
1 gcc/libgcc2.c
1 gcc/java/jvspec.c
1 gcc/flow.c
1 gcc/f/lang-specs.h
1 gcc/final.c
1 gcc/expmed.c
1 gcc/dwarfout.c
1 gcc/dwarf2out.c
1 gcc/cp/typeck2.c
1 gcc/cp/lang-specs.h
1 gcc/cp/errfn.c
1 gcc/cp/class.c
Number of warning types:
57 comparison between signed and unsigned
14 \`???' might be used uninitialized in this function
7 string length \`???' is greater than the length \`???' ISO C89
compilers are required to support
7 signed and unsigned type in conditional expression
6 passing arg ??? of \`???' from incompatible pointer type
5 initialization from incompatible pointer type
5 implicit declaration of function \`???'
3 unused variable \`???'
2 destination missing a mode?
1 unused parameter \`???'
1 pointer targets in passing arg ??? of \`???' differ in
signedness
1 passing arg ??? of \`???' discards qualifiers from pointer
target type
1 operand 0 missing mode?
1 function declaration isn't a prototype
1 ??? format, ??? arg (arg ???)