This is the mail archive of the
gcc-testresults@gcc.gnu.org
mailing list for the GCC project.
Results for 3.0 20010611 (prerelease) testsuite on i686-pc-linux-gnu
- To: gcc-testresults at gcc dot gnu dot org
- Subject: Results for 3.0 20010611 (prerelease) testsuite on i686-pc-linux-gnu
- From: Alexandre Oliva <oliva at lsd dot ic dot unicamp dot br>
- Date: Tue, 12 Jun 2001 23:01:15 -0300
Native configuration is i686-pc-linux-gnu
=== binutils tests ===
Running target unix
FAIL: strip
=== binutils Summary ===
# of expected passes 30
# of unexpected failures 1
# of expected failures 1
=== g++ tests ===
Running target unix
FAIL: g++.ext/instantiate1.C not instantiated (test for errors, line 20)
XPASS: g++.other/crash27.C (test for excess errors)
FAIL: g++.other/stepanov_v1p2.C Execution test
=== g++ Summary ===
# of expected passes 6473
# of unexpected failures 2
# of unexpected successes 1
# of expected failures 102
# of untested testcases 9
/tmp/egcs/gcc/testsuite/../g++ version 3.0 20010611 (prerelease)
=== g77 tests ===
Running target unix
=== g77 Summary ===
# of expected passes 949
=== gas tests ===
Running target unix
=== gas Summary ===
# of expected passes 89
=== gcc tests ===
Running target unix
XPASS: gcc.c-torture/execute/20010114-2.c execution, -O0
XPASS: gcc.c-torture/execute/20010114-2.c execution, -O3 -fomit-frame-pointer
XPASS: gcc.c-torture/execute/20010114-2.c execution, -O3 -g
FAIL: gcc.dg/format/attr-3.c format_arg ret unsigned char string (test for errors, line 78)
FAIL: gcc.dg/format/attr-3.c (test for excess errors)
FAIL: gcc.dg/format/c99-printf-1.c %hhn plain char (test for warnings, line 195)
FAIL: gcc.dg/format/c99-printf-1.c %hhn unsigned char (test for warnings, line 196)
FAIL: gcc.dg/format/c99-printf-1.c (test for excess errors)
FAIL: gcc.misc-tests/mg.c
=== gcc Summary ===
# of expected passes 15206
# of unexpected failures 6
# of unexpected successes 3
# of expected failures 85
# of unsupported tests 20
/tmp/egcs/gcc/xgcc version 3.0 20010611 (prerelease)
=== gdb tests ===
Running target unix
FAIL: gdb.base/call-rt-st.exp: (timeout) print_one_large_struct(*list1)
FAIL: gdb.base/call-rt-st.exp: print print_one_double(*d1)
FAIL: gdb.base/completion.exp: complete 'info func mar'
FAIL: gdb.base/corefile.exp: backtrace in corefile.exp
FAIL: gdb.base/corefile.exp: accessing original mmap data in core file
FAIL: gdb.base/ending-run.exp: step at end 2
FAIL: gdb.base/ending-run.exp: (timeout) step to end of run
FAIL: gdb.base/interrupt.exp: continue (timeout)
FAIL: gdb.base/interrupt.exp: echo data (timeout)
XPASS: gdb.base/interrupt.exp: send end of file
FAIL: gdb.base/return2.exp: float value returned successfully
FAIL: gdb.base/return2.exp: double value returned successfully
FAIL: gdb.base/selftest.exp: unknown source line near main
FAIL: gdb.base/selftest.exp: step into xmalloc call
FAIL: gdb.base/shlib-call.exp: running to main in runto
FAIL: gdb.base/shlib-call.exp: print g
FAIL: gdb.base/shlib-call.exp: next over shr1
FAIL: gdb.base/shlib-call.exp: print g
FAIL: gdb.base/shlib-call.exp: print shr1(1)
FAIL: gdb.base/shlib-call.exp: print shr1(g)
FAIL: gdb.base/shlib-call.exp: breakpoint function shr2
FAIL: gdb.base/shlib-call.exp: run until breakpoint set at a function: the program is no longer running
FAIL: gdb.base/shlib-call.exp: print shr1(1) 2nd time
FAIL: gdb.base/shlib-call.exp: print mainshr1(1) from shlib func
FAIL: gdb.base/shlib-call.exp: step inside shr2 (shlib func)
FAIL: gdb.base/shlib-call.exp: step out of shr2 to main
FAIL: gdb.base/shlib-call.exp: print mainshr1(1) from main
FAIL: gdb.base/shlib-call.exp: step into mainshr1
FAIL: gdb.base/shlib-call.exp: run to bp in shared library: the program exited
FAIL: gdb.base/shlib-call.exp: cont: the program is no longer running
FAIL: gdb.base/shlib-call.exp: re-run to bp in shared library (PR's 16495, 18213): the program exited
FAIL: gdb.base/shlib-call.exp: cont: the program is no longer running
FAIL: gdb.base/step-line.exp: next over dummy 1
FAIL: gdb.base/step-line.exp: next over dummy 2
FAIL: gdb.base/step-line.exp: next over dummy 4
FAIL: gdb.base/step-line.exp: next over dummy 6
FAIL: gdb.base/step-line.exp: next over dummy 8
FAIL: gdb.base/step-line.exp: next over dummy 10
FAIL: gdb.base/structs2.exp: structs2 continue1 (PRMS 13536)
FAIL: gdb.base/structs2.exp: structs2 continue2 (PRMS 13536)
FAIL: gdb.c++/annota2.exp: run until main breakpoint
FAIL: gdb.c++/annota2.exp: print class
FAIL: gdb.c++/annota2.exp: continue to exit
FAIL: gdb.c++/annota2.exp: run until main breakpoint
FAIL: gdb.c++/annota2.exp: set watch on a.x
FAIL: gdb.c++/annota2.exp: watch triggered on a.x
FAIL: gdb.c++/anon-union.exp: running to main in runto
FAIL: gdb.c++/classes.exp: ptype class A
FAIL: gdb.c++/classes.exp: ptype class B
FAIL: gdb.c++/classes.exp: ptype class C
FAIL: gdb.c++/classes.exp: ptype class D
FAIL: gdb.c++/classes.exp: ptype class E
FAIL: gdb.c++/classes.exp: ptype class vA
FAIL: gdb.c++/classes.exp: ptype class vB
FAIL: gdb.c++/classes.exp: ptype class vC
FAIL: gdb.c++/classes.exp: ptype class vD
FAIL: gdb.c++/classes.exp: ptype class vE
FAIL: gdb.c++/classes.exp: ptype class Base1
FAIL: gdb.c++/classes.exp: ptype class Foo
FAIL: gdb.c++/classes.exp: ptype class Bar
FAIL: gdb.c++/classes.exp: running to 'inheritance2' in runto
FAIL: gdb.c++/classes.exp: continue to enums2: the program is no longer running
FAIL: gdb.c++/classes.exp: running to main in runto
FAIL: gdb.c++/classes.exp: running to marker_reg1 in runto
FAIL: gdb.c++/cplusfuncs.exp: running to main in runto
FAIL: gdb.c++/cplusfuncs.exp: print &'hairyfunc5'
FAIL: gdb.c++/cplusfuncs.exp: print &'hairyfunc6'
FAIL: gdb.c++/cplusfuncs.exp: print &'hairyfunc7'
FAIL: gdb.c++/cplusfuncs.exp: info function for "operator*("
FAIL: gdb.c++/cplusfuncs.exp: info function for "operator*=("
FAIL: gdb.c++/cplusfuncs.exp: info function for "operator->*("
FAIL: gdb.c++/cplusfuncs.exp: info function for "operator[]("
FAIL: gdb.c++/cplusfuncs.exp: info function for "operator char*("
FAIL: gdb.c++/demangle.exp: gnu: __thunk_64__0RL__list__Q29CosNaming20_proxy_NamingContextUlRPt25_CORBA_Unbounded_Sequence1ZQ29CosNaming7BindingRPQ29CosNaming15BindingIterator
FAIL: gdb.c++/derivation.exp: running to main in runto
FAIL: gdb.c++/inherit.exp: running to main in runto
FAIL: gdb.c++/inherit.exp: running to 'inheritance2' in runto
FAIL: gdb.c++/inherit.exp: print g_A.A::a
FAIL: gdb.c++/inherit.exp: print g_A.A::x
FAIL: gdb.c++/inherit.exp: print g_A.a
FAIL: gdb.c++/inherit.exp: print g_A.x
FAIL: gdb.c++/inherit.exp: print g_B.A::a
FAIL: gdb.c++/inherit.exp: print g_B.A::x
FAIL: gdb.c++/inherit.exp: print g_B.B::b
FAIL: gdb.c++/inherit.exp: print g_B.B::x
FAIL: gdb.c++/inherit.exp: print g_B.a
FAIL: gdb.c++/inherit.exp: print g_B.b
FAIL: gdb.c++/inherit.exp: print g_B.x
FAIL: gdb.c++/inherit.exp: print g_C.A::a
FAIL: gdb.c++/inherit.exp: print g_C.A::x
FAIL: gdb.c++/inherit.exp: print g_C.C::c
FAIL: gdb.c++/inherit.exp: print g_C.C::x
FAIL: gdb.c++/inherit.exp: print g_C.a
FAIL: gdb.c++/inherit.exp: print g_C.c
FAIL: gdb.c++/inherit.exp: print g_C.x
FAIL: gdb.c++/inherit.exp: print g_A
FAIL: gdb.c++/inherit.exp: print g_B
FAIL: gdb.c++/inherit.exp: print g_C
FAIL: gdb.c++/inherit.exp: print g_A.A::a
FAIL: gdb.c++/inherit.exp: print g_A.A::x
FAIL: gdb.c++/inherit.exp: print g_B.A::a
FAIL: gdb.c++/inherit.exp: print g_B.A::x
FAIL: gdb.c++/inherit.exp: print g_B.B::b
FAIL: gdb.c++/inherit.exp: print g_B.B::x
FAIL: gdb.c++/inherit.exp: print g_C.A::a
FAIL: gdb.c++/inherit.exp: print g_C.A::x
FAIL: gdb.c++/inherit.exp: print g_C.C::c
FAIL: gdb.c++/inherit.exp: print g_C.C::x
FAIL: gdb.c++/inherit.exp: print g_D.B::b
FAIL: gdb.c++/inherit.exp: print g_D.B::x
FAIL: gdb.c++/inherit.exp: print g_D.C::c
FAIL: gdb.c++/inherit.exp: print g_D.C::x
FAIL: gdb.c++/inherit.exp: print g_D.D::d
FAIL: gdb.c++/inherit.exp: print g_D.D::x
FAIL: gdb.c++/inherit.exp: print g_E.B::b
FAIL: gdb.c++/inherit.exp: print g_E.B::x
FAIL: gdb.c++/inherit.exp: print g_E.C::c
FAIL: gdb.c++/inherit.exp: print g_E.C::x
FAIL: gdb.c++/inherit.exp: print g_E.D::d
FAIL: gdb.c++/inherit.exp: print g_E.D::x
FAIL: gdb.c++/inherit.exp: print g_E.E::e
FAIL: gdb.c++/inherit.exp: print g_E.E::x
FAIL: gdb.c++/inherit.exp: print g_D
FAIL: gdb.c++/inherit.exp: print g_E
FAIL: gdb.c++/inherit.exp: print anonymous union member
FAIL: gdb.c++/inherit.exp: print variable of type anonymous union
FAIL: gdb.c++/inherit.exp: running to 'inheritance4' in runto
FAIL: gdb.c++/inherit.exp: print g_vA.vA::va
FAIL: gdb.c++/inherit.exp: print g_vA.vA::vx
FAIL: gdb.c++/inherit.exp: print g_vA.va
FAIL: gdb.c++/inherit.exp: print g_vA.vx
FAIL: gdb.c++/inherit.exp: print g_vB.vA::va (known bug with gcc cygnus-2.4.5-930417)
FAIL: gdb.c++/inherit.exp: print g_vA
FAIL: gdb.c++/inherit.exp: print g_vB
FAIL: gdb.c++/inherit.exp: print g_vC
FAIL: gdb.c++/inherit.exp: print g_vD.vA::va (known bug with gcc cygnus-2.4.5-930417)
FAIL: gdb.c++/inherit.exp: print g_vD
FAIL: gdb.c++/inherit.exp: print g_vE
FAIL: gdb.c++/local.exp: running to main in runto
FAIL: gdb.c++/misc.exp: running to main in runto
FAIL: gdb.c++/misc.exp: set a bool var (print v_bool)
FAIL: gdb.c++/misc.exp: set a bool array elem (print v_bool_array)
FAIL: gdb.c++/namespace.exp: running to main in runto
FAIL: gdb.c++/templates.exp: ptype T5<int>
FAIL: gdb.c++/templates.exp: ptype t5i
FAIL: gdb.c++/templates.exp: constructor breakpoint
FAIL: gdb.c++/templates.exp: running to main in runto
FAIL: gdb.c++/templates.exp: print fint
FAIL: gdb.c++/templates.exp: print fvpchar
FAIL: gdb.c++/templates.exp: ptype fint
FAIL: gdb.c++/templates.exp: ptype fchar
FAIL: gdb.c++/templates.exp: ptype fvpchar
FAIL: gdb.c++/templates.exp: print Foo<volatile char *>::foo
FAIL: gdb.c++/templates.exp: ptype bint2
FAIL: gdb.c++/templates.exp: ptype bazint
FAIL: gdb.c++/templates.exp: ptype bazint2
FAIL: gdb.c++/templates.exp: ptype quxint
FAIL: gdb.c++/templates.exp: ptype siip
FAIL: gdb.c++/userdef.exp: running to main in runto
FAIL: gdb.c++/virtfunc.exp: ptype VA
FAIL: gdb.c++/virtfunc.exp: ptype VB
FAIL: gdb.c++/virtfunc.exp: ptype V
FAIL: gdb.c++/virtfunc.exp: ptype A
FAIL: gdb.c++/virtfunc.exp: ptype B
FAIL: gdb.c++/virtfunc.exp: ptype C
FAIL: gdb.c++/virtfunc.exp: ptype AD
FAIL: gdb.c++/virtfunc.exp: ptype D
FAIL: gdb.c++/virtfunc.exp: ptype E
FAIL: gdb.c++/virtfunc.exp: ptype dd
FAIL: gdb.c++/virtfunc.exp: ptype ppd
FAIL: gdb.c++/virtfunc.exp: ptype pAd
FAIL: gdb.c++/virtfunc.exp: ptype a
FAIL: gdb.c++/virtfunc.exp: ptype b
FAIL: gdb.c++/virtfunc.exp: ptype c
FAIL: gdb.c++/virtfunc.exp: ptype d
FAIL: gdb.c++/virtfunc.exp: ptype e
FAIL: gdb.c++/virtfunc.exp: ptype v
FAIL: gdb.c++/virtfunc.exp: ptype vb
FAIL: gdb.c++/virtfunc.exp: ptype pAa
FAIL: gdb.c++/virtfunc.exp: ptype pAe
FAIL: gdb.c++/virtfunc.exp: ptype pBe
FAIL: gdb.c++/virtfunc.exp: ptype pDd
FAIL: gdb.c++/virtfunc.exp: ptype pDe
FAIL: gdb.c++/virtfunc.exp: ptype pVa
FAIL: gdb.c++/virtfunc.exp: ptype pVv
FAIL: gdb.c++/virtfunc.exp: ptype pVe
FAIL: gdb.c++/virtfunc.exp: ptype pVd
FAIL: gdb.c++/virtfunc.exp: ptype pADe
FAIL: gdb.c++/virtfunc.exp: ptype pEe
FAIL: gdb.c++/virtfunc.exp: ptype pVB
FAIL: gdb.c++/virtfunc.exp: running to 'test_calls' in runto
FAIL: gdb.stabs/weird.exp: p v_comb
FAIL: gdb.threads/pthreads.exp: some threads didn't run
FAIL: gdb.threads/pthreads.exp: some threads didn't run
FAIL: gdb.trace/packetlen.exp: setup collect actions
=== gdb Summary ===
# of expected passes 6324
# of unexpected failures 194
# of unexpected successes 1
# of expected failures 122
# of unresolved testcases 17
# of untested testcases 23
/tmp/egcs/gdb/testsuite/../../gdb/gdb version 2001-06-12-cvs -nx
=== ld tests ===
Running target unix
FAIL: cdtest
FAIL: cdtest with -Ur
FAIL: selective4
XPASS: selective6
FAIL: S-records with constructors
=== ld Summary ===
# of expected passes 102
# of unexpected failures 4
# of unexpected successes 1
=== libjava tests ===
Running target unix
XPASS: N19990310_4 output from source compiled test
XPASS: N19990310_4 -O output from source compiled test
XPASS: stub compilation from source
XPASS: stub byte compilation
XPASS: stub compilation from bytecode
XPASS: stub -O compilation from source
XPASS: stub byte compilation
XPASS: stub -O compilation from bytecode
XPASS: stringconst output from bytecode->native test
XPASS: stringconst -O output from bytecode->native test
FAIL: Compile gnu/testlet/java/io/BufferedByteOutputStream/interrupt.o for gnu.testlet.java.io.BufferedByteOutputStream.interrupt
FAIL: Link for gnu.testlet.java.io.ObjectInputOutput.InputTest
FAIL: Link for gnu.testlet.java.io.ObjectInputOutput.OutputTest
FAIL: gnu.testlet.java.io.ObjectStreamClass.Test: getSerialVersionUID (number 2)
FAIL: gnu.testlet.java.io.ObjectStreamClass.Test: uncaught exception at "getSerialVersionUID" number 4: java.lang.ClassFormatError: erroneous field initializer
FAIL: gnu.testlet.java.io.PipedStream.close (number 1)
FAIL: gnu.testlet.java.lang.Class.ClassTest: forName (number 3)
FAIL: gnu.testlet.java.lang.Double.DoubleTest: Error: test_toString failed - 8 (number 1)
FAIL: gnu.testlet.java.lang.Double.DoubleTest: Error: test_equals failed CYGNUS: Double.equals - 8 (number 1)
FAIL: gnu.testlet.java.lang.Double.DoubleTest: Error: test_intValue returned wrong results CYGNUS: Float to int conversions - 1 (number 1)
FAIL: gnu.testlet.java.lang.Double.DoubleTest: Error: test_longValue returned wrong results CYGNUS: Float to int conversions - 1 (number 1)
FAIL: gnu.testlet.java.lang.Float.FloatTest: Error: test_Basics failed - 3 (number 1)
FAIL: gnu.testlet.java.lang.Float.FloatTest: Error: test_Basics failed - 4 (number 1)
FAIL: gnu.testlet.java.lang.Float.FloatTest: Error: test_toString failed - 8 (number 1)
FAIL: gnu.testlet.java.lang.Float.FloatTest: Error: test_equals failed - 8 (number 1)
FAIL: gnu.testlet.java.lang.Float.FloatTest: Error: test_intValue returned wrong results - 1 (number 1)
FAIL: gnu.testlet.java.lang.Float.FloatTest: uncaught exception at "Error: test_shortbyteValue failed - 6" number 2: java.lang.NumberFormatException
FAIL: gnu.testlet.java.lang.Math.MathTest: Error : test_atan2 failed - 5 (number 1)
FAIL: gnu.testlet.java.lang.Math.max (number 2)
FAIL: gnu.testlet.java.lang.Math.max (number 18)
FAIL: gnu.testlet.java.lang.Math.min (number 1)
FAIL: gnu.testlet.java.lang.Math.min (number 2)
FAIL: gnu.testlet.java.lang.Math.min (number 3)
FAIL: gnu.testlet.java.lang.Math.min (number 17)
FAIL: gnu.testlet.java.lang.Math.min (number 18)
FAIL: gnu.testlet.java.lang.Math.min (number 19)
FAIL: gnu.testlet.java.math.BigInteger.shift: shift (number 1)
FAIL: gnu.testlet.java.math.BigInteger.shift: shift (number 2)
FAIL: gnu.testlet.java.net.DatagramSocket.DatagramSocketTest2: uncaught exception at "invalid_receive_data" number 4: java.lang.IllegalArgumentException: Invalid length: -1
FAIL: gnu.testlet.java.net.InetAddress.InetAddressTest: Error : test_Basics failed - 10 Should not throw UnknownHostException here (number 1)
FAIL: gnu.testlet.java.net.InetAddress.InetAddressTest: uncaught exception at "Error : test_Basics failed - 10 Should not throw UnknownHostException here " number 2: java.lang.NullPointerException
FAIL: gnu.testlet.java.net.ServerSocket.ServerSocketTest: Error : test_params failed - 4toString did not return proper values (number 1)
FAIL: gnu.testlet.java.net.Socket.SocketTest: Error : test_Basics failed - 7 exception should not have been thrown here (number 1)
FAIL: gnu.testlet.java.net.URL.URLTest: openConnection (number 1)
FAIL: gnu.testlet.java.net.URL.URLTest: openConnection (number 2)
FAIL: gnu.testlet.java.net.URLConnection.URLConnectionTest: Error in test_getContentFunctions - 1 content type was not correct (number 1)
FAIL: gnu.testlet.java.net.URLConnection.URLConnectionTest: Error in test_getContentFunctions - 3 size was not correct (number 1)
FAIL: gnu.testlet.java.net.URLConnection.URLConnectionTest: Error in test_getContentFunctions - 4 getContent did not return proper results (number 1)
FAIL: gnu.testlet.java.net.URLConnection.URLConnectionTest: Error in test_getHeaderField - 0 0 header field wrong (number 1)
FAIL: gnu.testlet.java.net.URLConnection.URLConnectionTest: Error in test_getHeaderField - 1 2 header field wrong (number 1)
FAIL: gnu.testlet.java.net.URLConnection.URLConnectionTest: Error in test_getHeaderField - 2 4 header field wrong (number 1)
FAIL: gnu.testlet.java.net.URLConnection.URLConnectionTest: Error in test_getHeaderField - 3 5 header field wrong (number 1)
FAIL: gnu.testlet.java.net.URLConnection.URLConnectionTest: Error in test_getHeaderField - 4 0 headerkey field wrong (number 1)
FAIL: gnu.testlet.java.net.URLConnection.URLConnectionTest: Error in test_getHeaderField - 7 3 headerkey field wrong (number 1)
FAIL: gnu.testlet.java.net.URLConnection.URLConnectionTest: Error in test_getHeaderField - 8 4 headerkey field wrong (number 1)
FAIL: gnu.testlet.java.net.URLConnection.URLConnectionTest: Error in test_URLConnection - 23 should not have raised exception here (number 1)
FAIL: gnu.testlet.java.net.URLConnection.URLConnectionTest: Error in test_HttpURLConnectionI - 1 should not have raised Throwable here (number 1)
FAIL: gnu.testlet.java.text.DateFormatSymbols.Test: invalid locale (number 1)
FAIL: gnu.testlet.java.text.SimpleDateFormat.regress: parsing regression (number 1)
FAIL: gnu.testlet.java.text.SimpleDateFormat.regress: uncaught exception at "parsing regression" number 2: java.lang.NullPointerException
=== libjava Summary ===
# of expected passes 13068
# of unexpected failures 50
# of unexpected successes 10
# of expected failures 35
# of untested testcases 16
=== libstdc++-v3 tests ===
Running target unix
=== libstdc++-v3 Summary ===
# of expected passes 245
# of expected failures 8
=== objc tests ===
Running target unix
FAIL: objc/execute/IMP.m execution, -O
FAIL: objc/execute/_cmd.m execution, -O
FAIL: objc/execute/accessing_ivars.m execution, -O
FAIL: objc/execute/bf-1.m execution, -O
FAIL: objc/execute/bf-10.m execution, -O
FAIL: objc/execute/bf-11.m execution, -O
FAIL: objc/execute/bf-12.m execution, -O
FAIL: objc/execute/bf-13.m execution, -O
FAIL: objc/execute/bf-14.m execution, -O
FAIL: objc/execute/bf-15.m execution, -O
FAIL: objc/execute/bf-16.m execution, -O
FAIL: objc/execute/bf-17.m execution, -O
FAIL: objc/execute/bf-18.m execution, -O
FAIL: objc/execute/bf-19.m execution, -O
FAIL: objc/execute/bf-2.m execution, -O
FAIL: objc/execute/bf-20.m execution, -O
FAIL: objc/execute/bf-3.m execution, -O
FAIL: objc/execute/bf-4.m execution, -O
FAIL: objc/execute/bf-5.m execution, -O
FAIL: objc/execute/bf-6.m execution, -O
FAIL: objc/execute/bf-7.m execution, -O
FAIL: objc/execute/bf-8.m execution, -O
FAIL: objc/execute/bf-9.m execution, -O
FAIL: objc/execute/bycopy-1.m execution, -O
FAIL: objc/execute/bycopy-2.m execution, -O
FAIL: objc/execute/bycopy-3.m execution, -O
FAIL: objc/execute/class-1.m execution, -O
FAIL: objc/execute/class-10.m execution, -O
FAIL: objc/execute/class-11.m execution, -O
FAIL: objc/execute/class-12.m execution, -O
FAIL: objc/execute/class-13.m execution, -O
FAIL: objc/execute/class-14.m execution, -O
FAIL: objc/execute/class-2.m execution, -O
FAIL: objc/execute/class-3.m execution, -O
FAIL: objc/execute/class-4.m execution, -O
FAIL: objc/execute/class-5.m execution, -O
FAIL: objc/execute/class-6.m execution, -O
FAIL: objc/execute/class-7.m execution, -O
FAIL: objc/execute/class-8.m execution, -O
FAIL: objc/execute/class-9.m execution, -O
FAIL: objc/execute/compatibility_alias.m execution, -O
FAIL: objc/execute/encode-1.m execution, -O
FAIL: objc/execute/fdecl.m execution, -O
FAIL: objc/execute/formal_protocol-1.m execution, -O
FAIL: objc/execute/formal_protocol-2.m execution, -O
FAIL: objc/execute/formal_protocol-3.m execution, -O
FAIL: objc/execute/formal_protocol-4.m execution, -O
FAIL: objc/execute/formal_protocol-5.m execution, -O
FAIL: objc/execute/formal_protocol-7.m execution, -O
FAIL: objc/execute/informal_protocol.m execution, -O
FAIL: objc/execute/initialize.m execution, -O
FAIL: objc/execute/load-2.m execution, -O
FAIL: objc/execute/load-3.m execution, -O
FAIL: objc/execute/load.m execution, -O
FAIL: objc/execute/many_args_method.m execution, -O
FAIL: objc/execute/nested-1.m execution, -O
FAIL: objc/execute/nested-2.m execution, -O
FAIL: objc/execute/nested-3.m execution, -O
FAIL: objc/execute/no_clash.m execution, -O
FAIL: objc/execute/np-1.m execution, -O
FAIL: objc/execute/np-2.m execution, -O
FAIL: objc/execute/paste.m execution, -O
FAIL: objc/execute/private.m execution, -O
FAIL: objc/execute/protocol.m execution, -O
FAIL: objc/execute/redefining_self.m execution, -O
FAIL: objc/execute/root_methods.m execution, -O
FAIL: objc/execute/selector-1.m execution, -O
FAIL: objc/execute/static-1.m execution, -O
FAIL: objc/execute/static-2.m execution, -O
FAIL: objc/execute/string1.m execution, -O
FAIL: objc/execute/string2.m execution, -O
FAIL: objc/execute/string3.m execution, -O
FAIL: objc/execute/string4.m execution, -O
FAIL: objc/execute/va_method.m execution, -O
=== objc Summary ===
# of expected passes 75
# of unexpected failures 74
# of expected failures 1
/tmp/egcs/gcc/xgcc version 3.0 20010611 (prerelease)
Compiler version: 3.0 20010611 (prerelease)
Platform: i686-pc-linux-gnu
BOOT_CFLAGS: -g -O9 -W -Wall
Counting all warnings,
there are 112 warnings in stage3 of this bootstrap.
Number of warnings per file:
28 gcc/combine.c
10 gcc/reg-stack.c
6 gcc/cp/pt.c
5 gcc/cse.c
5 gcc/cp/error.c
5 gcc/cp/call.c
4 gcc/unwind-dw2.c
4 gcc/java/lex.c
4 gcc/except.c
3 insn-emit.c
3 gcc/reload1.c
3 gcc/gcc.c
3 gcc/config/i386/i386.md
3 gcc/config/i386/i386.c
2 gcc/reload.c
2 gcc/function.c
2 gcc/fold-const.c
2 gcc/expr.c
2 gcc/alias.c
1 gcc/unwind-dw2-fde.c
1 gcc/sched-deps.c
1 gcc/regmove.c
1 gcc/objc/lang-specs.h
1 gcc/libgcc2.c
1 gcc/java/jvspec.c
1 gcc/flow.c
1 gcc/final.c
1 gcc/f/lang-specs.h
1 gcc/expmed.c
1 gcc/dwarfout.c
1 gcc/dwarf2out.c
1 gcc/cp/typeck2.c
1 gcc/cp/lang-specs.h
1 gcc/cp/errfn.c
1 gcc/cp/class.c
Number of warning types:
57 comparison between signed and unsigned
14 `???' might be used uninitialized in this function
7 string length `???' is greater than the length `???' ISO C89 compilers are required to support
7 signed and unsigned type in conditional expression
6 passing arg ??? of `???' from incompatible pointer type
5 initialization from incompatible pointer type
5 implicit declaration of function `???'
3 unused variable `???'
2 destination missing a mode?
1 unused parameter `???'
1 pointer targets in passing arg ??? of `???' differ in signedness
1 passing arg ??? of `???' discards qualifiers from pointer target type
1 operand 0 missing mode?
1 function declaration isn't a prototype
1 ??? format, ??? arg (arg ???)