This is the mail archive of the
gcc-testresults@gcc.gnu.org
mailing list for the GCC project.
Results for 3.0 20010611 (prerelease) testsuite on i686-pc-linux-gnu
- To: gcc-testresults at gcc dot gnu dot org
- Subject: Results for 3.0 20010611 (prerelease) testsuite on i686-pc-linux-gnu
- From: Michael Ritzert <michael dot ritzert at realtech dot de>
- Date: Tue, 12 Jun 2001 10:03:43 +0200
Native configuration is i686-pc-linux-gnu
=== g++ tests ===
Running target unix
FAIL: g++.ext/instantiate1.C not instantiated (test for errors, line 20)
XPASS: g++.other/crash27.C (test for excess errors)
FAIL: g++.other/stepanov_v1p2.C Execution test
=== g++ Summary ===
# of expected passes 6473
# of unexpected failures 2
# of unexpected successes 1
# of expected failures 102
# of untested testcases 9
/home/ritzert/compile/gcc/gcc-3_0-branch/xena-auto/gcc/testsuite/../g++ version 3.0 20010611 (prerelease)
=== gcc tests ===
Running target unix
XPASS: gcc.c-torture/execute/20010114-2.c execution, -O0
XPASS: gcc.c-torture/execute/20010114-2.c execution, -O3 -fomit-frame-pointer
XPASS: gcc.c-torture/execute/20010114-2.c execution, -O3 -g
=== gcc Summary ===
# of expected passes 15212
# of unexpected successes 3
# of expected failures 85
# of unsupported tests 20
/home/ritzert/compile/gcc/gcc-3_0-branch/xena-auto/gcc/xgcc version 3.0 20010611 (prerelease)
=== libstdc++-v3 tests ===
Running target unix
=== libstdc++-v3 Summary ===
# of expected passes 245
# of expected failures 8
Compiler version: 3.0 20010611 (prerelease)
Platform: i686-pc-linux-gnu
configure flags: --host=i686-pc-linux-gnu --enable-languages=c++ --enable-threads --prefix=/opt/gcc-3.0