This is the mail archive of the
gcc-testresults@gcc.gnu.org
mailing list for the GCC project.
Results for 3.0 20010607 (prerelease) testsuite on sparc-sun-solaris2.8
- To: gcc-testresults at gcc dot gnu dot org
- Subject: Results for 3.0 20010607 (prerelease) testsuite on sparc-sun-solaris2.8
- From: mitchell at dbai dot tuwien dot ac dot at
- Date: Fri, 8 Jun 2001 09:04:42 +0200 (MEST)
Native configuration is sparc-sun-solaris2.8
=== g++ tests ===
Running target unix
FAIL: g++.dg/special/conpr-1.C execution test
FAIL: g++.dg/special/conpr-2.C execution test
FAIL: g++.dg/special/conpr-3.C execution test
FAIL: g++.dg/special/conpr-3.C execution test
FAIL: g++.dg/special/conpr-1.C execution test
FAIL: g++.ext/instantiate1.C not instantiated (test for errors, line 20)
FAIL: g++.ext/instantiate1.C not instantiated (test for errors, line 22)
FAIL: g++.ext/instantiate2.C not instantiated (test for errors, line 19)
FAIL: g++.ext/instantiate3.C not instantiated (test for errors, line 13)
XPASS: g++.other/crash27.C (test for excess errors)
=== g++ Summary ===
# of expected passes 6440
# of unexpected failures 9
# of unexpected successes 1
# of expected failures 102
# of untested testcases 18
/files/mitchell/gcc_auto_build/gcc/sparc-sun-solaris2.8/gcc/testsuite/../g++ version 3.0 20010607 (prerelease)
=== g77 tests ===
Running target unix
=== g77 Summary ===
# of expected passes 933
# of unsupported tests 8
=== gcc tests ===
Running target unix
XPASS: gcc.c-torture/execute/20010114-2.c execution, -O0
XPASS: gcc.c-torture/execute/20010114-2.c execution, -O1
XPASS: gcc.c-torture/execute/20010114-2.c execution, -O2
XPASS: gcc.c-torture/execute/20010114-2.c execution, -O3 -fomit-frame-pointer
XPASS: gcc.c-torture/execute/20010114-2.c execution, -O3 -g
XPASS: gcc.c-torture/execute/20010114-2.c execution, -Os
FAIL: gcc.dg/20001013-1.c (test for excess errors)
=== gcc Summary ===
# of expected passes 15133
# of unexpected failures 1
# of unexpected successes 6
# of expected failures 77
# of unresolved testcases 3
# of unsupported tests 49
/files/mitchell/gcc_auto_build/gcc/sparc-sun-solaris2.8/gcc/xgcc version 3.0 20010607 (prerelease)
=== objc tests ===
Running target unix
=== objc Summary ===
# of expected passes 145
# of expected failures 1
/files/mitchell/gcc_auto_build/gcc/sparc-sun-solaris2.8/gcc/xgcc version 3.0 20010607 (prerelease)
=== libstdc++-v3 tests ===
Running target unix
FAIL: 21_strings/append.cc execution test
FAIL: 21_strings/c_strings.cc execution test
FAIL: 21_strings/ctor_copy_dtor.cc execution test
FAIL: 21_strings/element_access.cc execution test
FAIL: 21_strings/insert.cc execution test
FAIL: 21_strings/substr.cc execution test
FAIL: 22_locale/codecvt_unicode_char.cc execution test
FAIL: 22_locale/codecvt_unicode_wchar_t.cc execution test
FAIL: 23_containers/vector_element_access.cc execution test
XPASS: 26_numerics/c99_classification_macros_c.cc (test for excess errors)
FAIL: 26_numerics/c_math.cc (test for excess errors)
=== libstdc++-v3 Summary ===
# of expected passes 232
# of unexpected failures 10
# of unexpected successes 1
# of expected failures 7
Compiler version: 3.0 20010607 (prerelease)
Platform: sparc-sun-solaris2.8
configure flags: --host=sparc-sun-solaris2.8 --prefix=/files/mitchell/gcc_auto_build/install/sparc-sun-solaris2.8