This is the mail archive of the
gcc-testresults@gcc.gnu.org
mailing list for the GCC project.
Results for 3.0 20010528 (prerelease) testsuite on i386-pc-solaris2.7
- To: gcc-testresults at gcc dot gnu dot org
- Subject: Results for 3.0 20010528 (prerelease) testsuite on i386-pc-solaris2.7
- From: Alexandre Oliva <oliva at lsd dot ic dot unicamp dot br>
- Date: Sun, 3 Jun 2001 22:38:19 -0300
Native configuration is i386-pc-solaris2.7
=== binutils tests ===
Running target unix
=== binutils Summary ===
# of expected passes 26
=== g++ tests ===
Running target unix
FAIL: g++.brendan/crash20.C (test for excess errors)
FAIL: g++.ext/instantiate1.C not instantiated (test for errors, line 20)
FAIL: g++.law/code-gen5.C (test for excess errors)
FAIL: g++.law/ctors6.C (test for excess errors)
FAIL: g++.law/operators4.C (test for excess errors)
XPASS: g++.oliva/delete3.C Execution test
XPASS: g++.other/crash27.C (test for excess errors)
FAIL: g++.other/headers1.C (test for excess errors)
FAIL: g++.robertl/eb3.C (test for excess errors)
FAIL: g++.robertl/eb83.C Execution test
=== g++ Summary ===
# of expected passes 6436
# of unexpected failures 8
# of unexpected successes 2
# of expected failures 104
# of untested testcases 15
/net/barnabe.lsd.ic.unicamp.br/l/.md4/tmp/i386-pc-solaris2.7/egcs/gcc/testsuite/../g++ version 3.0 20010528 (prerelease)
=== g77 tests ===
Running target unix
XPASS: g77.f-torture/compile/20000629-1.f, -O3 -fomit-frame-pointer -funroll-loops
XPASS: g77.f-torture/compile/20000629-1.f, -O3 -fomit-frame-pointer -funroll-all-loops -finline-functions
=== g77 Summary ===
# of expected passes 931
# of unexpected successes 2
# of unsupported tests 8
=== gas tests ===
Running target unix
=== gas Summary ===
# of expected passes 72
=== gcc tests ===
Running target unix
FAIL: gcc.c-torture/compile/20001226-1.c, -O2
FAIL: gcc.c-torture/compile/20001226-1.c, -O3 -fomit-frame-pointer
FAIL: gcc.c-torture/compile/20001226-1.c, -Os
XPASS: gcc.c-torture/execute/20010114-2.c execution, -O0
XPASS: gcc.c-torture/execute/20010114-2.c execution, -O3 -fomit-frame-pointer
XPASS: gcc.c-torture/execute/20010114-2.c execution, -O3 -g
XPASS: gcc.c-torture/execute/loop-2b.c execution, -O0
XPASS: gcc.c-torture/execute/loop-2b.c execution, -O1
XPASS: gcc.c-torture/execute/loop-2b.c execution, -O3 -fomit-frame-pointer
XPASS: gcc.c-torture/execute/loop-2b.c execution, -O3 -fomit-frame-pointer -funroll-loops
XPASS: gcc.c-torture/execute/loop-2b.c execution, -O3 -fomit-frame-pointer -funroll-all-loops -finline-functions
XPASS: gcc.c-torture/execute/loop-2b.c execution, -O3 -g
XPASS: gcc.c-torture/execute/loop-2b.c execution, -Os
FAIL: gcc.misc-tests/gcov-1.c execution test
FAIL: gcov failed:
FAIL: gcc.misc-tests/gcov-2.c execution test (PRMS 8294)
FAIL: gcc.misc-tests/mg.c
=== gcc Summary ===
# of expected passes 15140
# of unexpected failures 7
# of unexpected successes 10
# of expected failures 91
# of unsupported tests 25
/net/barnabe.lsd.ic.unicamp.br/l/.md4/tmp/i386-pc-solaris2.7/egcs/gcc/xgcc version 3.0 20010528 (prerelease)
=== gdb tests ===
Running target unix
FAIL: gdb.base/call-rt-st.exp: (timeout) print_one_large_struct(*list1)
FAIL: gdb.base/completion.exp: (timeout) complete 'file Make'
FAIL: gdb.base/completion.exp: (timeout) complete 'file gdb.base/compl'
FAIL: gdb.base/completion.exp: (timeout) complete 'info func mar'
FAIL: gdb.base/completion.exp: (timeout) complete 'set follow-fork-mode'
FAIL: gdb.base/return2.exp: float value returned successfully
FAIL: gdb.base/return2.exp: double value returned successfully
FAIL: gdb.base/selftest.exp: unknown source line near main
FAIL: gdb.base/selftest.exp: step into xmalloc call
FAIL: gdb.base/step-line.exp: next over dummy 1
FAIL: gdb.base/step-line.exp: next over dummy 2
FAIL: gdb.base/step-line.exp: next over dummy 4
FAIL: gdb.base/step-line.exp: next over dummy 6
FAIL: gdb.base/step-line.exp: next over dummy 8
FAIL: gdb.base/step-line.exp: next over dummy 10
FAIL: gdb.base/structs2.exp: structs2 continue1 (PRMS 13536)
FAIL: gdb.base/structs2.exp: structs2 continue2 (PRMS 13536)
FAIL: gdb.c++/annota2.exp: watch triggered on a.x
FAIL: gdb.c++/classes.exp: ptype class A
FAIL: gdb.c++/classes.exp: ptype class B
FAIL: gdb.c++/classes.exp: ptype class C
FAIL: gdb.c++/classes.exp: ptype class D
FAIL: gdb.c++/classes.exp: ptype class E
FAIL: gdb.c++/classes.exp: ptype class vA
FAIL: gdb.c++/classes.exp: ptype class vB
FAIL: gdb.c++/classes.exp: ptype class vC
FAIL: gdb.c++/classes.exp: ptype class vD
FAIL: gdb.c++/classes.exp: ptype class vE
FAIL: gdb.c++/classes.exp: ptype class Base1
FAIL: gdb.c++/classes.exp: ptype class Foo
FAIL: gdb.c++/classes.exp: ptype class Bar
FAIL: gdb.c++/classes.exp: base class (¶m)->a (timeout)
FAIL: gdb.c++/classes.exp: base class (¶m)->x (timeout)
FAIL: gdb.c++/classes.exp: inherited class (¶m)->a (timeout)
FAIL: gdb.c++/classes.exp: inherited class (¶m)->x (timeout)
FAIL: gdb.c++/classes.exp: base class param.a (timeout)
FAIL: gdb.c++/classes.exp: base class param.x (timeout)
FAIL: gdb.c++/classes.exp: inherited class param.a (timeout)
FAIL: gdb.c++/classes.exp: inherited class param.x (timeout)
FAIL: gdb.c++/classes.exp: unrelated class *param (timeout)
FAIL: gdb.c++/classes.exp: unrelated class ¶m (timeout)
FAIL: gdb.c++/classes.exp: unrelated class param (timeout)
FAIL: gdb.c++/classes.exp: setting breakpoint at enums2 (timeout)
FAIL: gdb.c++/classes.exp: continue to enums2 (timeout)
FAIL: gdb.c++/classes.exp: (timeout) demangle
FAIL: gdb.c++/cplusfuncs.exp: print &'hairyfunc5'
FAIL: gdb.c++/cplusfuncs.exp: print &'hairyfunc6'
FAIL: gdb.c++/cplusfuncs.exp: print &'hairyfunc7'
FAIL: gdb.c++/cplusfuncs.exp: info function for "operator*("
FAIL: gdb.c++/cplusfuncs.exp: info function for "operator*=("
FAIL: gdb.c++/cplusfuncs.exp: info function for "operator->*("
FAIL: gdb.c++/cplusfuncs.exp: info function for "operator[]("
FAIL: gdb.c++/cplusfuncs.exp: info function for "operator char*("
FAIL: gdb.c++/demangle.exp: gnu: __thunk_64__0RL__list__Q29CosNaming20_proxy_NamingContextUlRPt25_CORBA_Unbounded_Sequence1ZQ29CosNaming7BindingRPQ29CosNaming15BindingIterator
FAIL: gdb.c++/derivation.exp: ptype a_instance
FAIL: gdb.c++/derivation.exp: ptype d_instance
FAIL: gdb.c++/derivation.exp: ptype e_instance
FAIL: gdb.c++/derivation.exp: ptype f_instance
FAIL: gdb.c++/inherit.exp: print g_B.A::a (timeout)
FAIL: gdb.c++/inherit.exp: print g_B.A::x (timeout)
FAIL: gdb.c++/inherit.exp: print g_B.B::b (timeout)
FAIL: gdb.c++/inherit.exp: print g_B.B::x (timeout)
FAIL: gdb.c++/inherit.exp: print g_B.a (timeout)
FAIL: gdb.c++/inherit.exp: print g_B.b (timeout)
FAIL: gdb.c++/inherit.exp: print g_B.x (timeout)
FAIL: gdb.c++/inherit.exp: print g_C.A::a (timeout)
FAIL: gdb.c++/inherit.exp: print g_C.A::x (timeout)
FAIL: gdb.c++/inherit.exp: print g_C.C::c (timeout)
FAIL: gdb.c++/inherit.exp: print g_C.C::x (timeout)
FAIL: gdb.c++/inherit.exp: print g_C.a (timeout)
FAIL: gdb.c++/inherit.exp: print g_C.c (timeout)
FAIL: gdb.c++/inherit.exp: print g_C.x (timeout)
FAIL: gdb.c++/inherit.exp: print g_A (timeout)
FAIL: gdb.c++/inherit.exp: print g_B (timeout)
FAIL: gdb.c++/inherit.exp: print g_C (timeout)
FAIL: gdb.c++/inherit.exp: print g_A.A::a (timeout)
FAIL: gdb.c++/inherit.exp: print g_A.A::x (timeout)
FAIL: gdb.c++/inherit.exp: print g_B.A::a (timeout)
FAIL: gdb.c++/inherit.exp: print g_B.A::x (timeout)
FAIL: gdb.c++/inherit.exp: print g_B.B::b (timeout)
FAIL: gdb.c++/inherit.exp: print g_B.B::x (timeout)
FAIL: gdb.c++/inherit.exp: print g_C.A::a (timeout)
FAIL: gdb.c++/inherit.exp: print g_C.A::x (timeout)
FAIL: gdb.c++/inherit.exp: print g_C.C::c (timeout)
FAIL: gdb.c++/inherit.exp: print g_C.C::x (timeout)
FAIL: gdb.c++/inherit.exp: print g_D (timeout)
FAIL: gdb.c++/inherit.exp: print g_E (timeout)
FAIL: gdb.c++/inherit.exp: print anonymous union member (timeout)
FAIL: gdb.c++/inherit.exp: print variableof type anonymous union (timeout)
FAIL: gdb.c++/inherit.exp: print type of anonymous union (timeout)
FAIL: gdb.c++/inherit.exp: print g_vA.vA::va (timeout)
FAIL: gdb.c++/inherit.exp: print g_vA.vA::vx (timeout)
FAIL: gdb.c++/inherit.exp: print g_vA.va (timeout)
FAIL: gdb.c++/inherit.exp: print g_vA.vx (timeout)
FAIL: gdb.c++/inherit.exp: print g_vB.vA::va (timeout)
FAIL: gdb.c++/inherit.exp: print g_vA (timeout)
FAIL: gdb.c++/inherit.exp: print g_vB (timeout)
FAIL: gdb.c++/inherit.exp: print g_vD.vA::va (timeout)
FAIL: gdb.c++/inherit.exp: print g_vD (timeout)
FAIL: gdb.c++/local.exp: ptype InnerLocal
FAIL: gdb.c++/local.exp: ptype NestedInnerLocal
FAIL: gdb.c++/method.exp: continuing and breaking in A::foo
FAIL: gdb.c++/method.exp: (timeout) print x (in foo)
FAIL: gdb.c++/method.exp: (timeout) print this (in foo)
FAIL: gdb.c++/method.exp: (timeout) set breakpoint on A::bar
FAIL: gdb.c++/method.exp: (timeout) continue
FAIL: gdb.c++/method.exp: (timeout) print x (in bar)
FAIL: gdb.c++/method.exp: (timeout) print this (in bar)
FAIL: gdb.c++/method.exp: (timeout) set breakpoint on funk::getfunky
FAIL: gdb.c++/method.exp: (timeout) continue
FAIL: gdb.c++/method.exp: (timeout) print data_ in getFunky
FAIL: gdb.c++/method.exp: (timeout) print this in getfunky
FAIL: gdb.c++/method.exp: (timeout) print res in getfunky
FAIL: gdb.c++/method.exp: (timeout) ptype A
FAIL: gdb.c++/method.exp: (timeout) finish program
FAIL: gdb.c++/misc.exp: 1 + true (timeout)
FAIL: gdb.c++/misc.exp: 3 + false (timeout)
FAIL: gdb.c++/misc.exp: 1 < 2 < 3 (timeout)
FAIL: gdb.c++/misc.exp: 2 < 1 > 4 (timeout)
FAIL: gdb.c++/misc.exp: (bool)43 (timeout)
FAIL: gdb.c++/misc.exp: (bool)0 (timeout)
FAIL: gdb.c++/misc.exp: (bool)17.93 (timeout)
FAIL: gdb.c++/misc.exp: (bool)0.0 (timeout)
FAIL: gdb.c++/misc.exp: (int)true (timeout)
FAIL: gdb.c++/misc.exp: (int)false (timeout)
FAIL: gdb.c++/namespace.exp: print 'AAA::c'
FAIL: gdb.c++/namespace.exp: info func xyzq
FAIL: gdb.c++/ref-types.exp: (timeout) print value of ps
FAIL: gdb.c++/ref-types.exp: (timeout) ptype ps
FAIL: gdb.c++/ref-types.exp: (timeout) print value of as[0]
FAIL: gdb.c++/ref-types.exp: (timeout) ptype as
FAIL: gdb.c++/ref-types.exp: (timeout) print value of as[1]
FAIL: gdb.c++/ref-types.exp: (timeout) print value of as[2]
FAIL: gdb.c++/ref-types.exp: (timeout) print value of as[3]
FAIL: gdb.c++/ref-types.exp: (timeout) print value of rs
FAIL: gdb.c++/ref-types.exp: (timeout) ptype rs
FAIL: gdb.c++/ref-types.exp: (timeout) print value of *rps
FAIL: gdb.c++/ref-types.exp: (timeout) ptype rps
FAIL: gdb.c++/ref-types.exp: (timeout) print value of ras[0]
FAIL: gdb.c++/ref-types.exp: (timeout) ptype ras
FAIL: gdb.c++/ref-types.exp: (timeout) print value of ras[1]
FAIL: gdb.c++/ref-types.exp: (timeout) print value of ras[2]
FAIL: gdb.c++/ref-types.exp: (timeout) print value of ras[3]
FAIL: gdb.c++/templates.exp: ptype t5i
FAIL: gdb.c++/templates.exp: constructor breakpoint
FAIL: gdb.c++/templates.exp: print t5i.value() (timeout)
FAIL: gdb.c++/templates.exp: (timeout) print fint
FAIL: gdb.c++/templates.exp: (timeout) print fvpchar
FAIL: gdb.c++/templates.exp: (timeout) ptype fint
FAIL: gdb.c++/templates.exp: (timeout) ptype fchar
FAIL: gdb.c++/templates.exp: (timeout) ptype fvpchar
FAIL: gdb.c++/templates.exp: (timeout) print Foo<volatile char *>::foo
FAIL: gdb.c++/templates.exp: (timeout) ptype bint
FAIL: gdb.c++/templates.exp: (timeout) ptype bint2
FAIL: gdb.c++/templates.exp: (timeout) ptype bazint
FAIL: gdb.c++/templates.exp: (timeout) ptype bazint2
FAIL: gdb.c++/templates.exp: (timeout) ptype quxint
FAIL: gdb.c++/templates.exp: (timeout) ptype siip
FAIL: gdb.c++/templates.exp: (timeout) ptype Garply<int>
FAIL: gdb.c++/templates.exp: (timeout) ptype Garply<Garply<char> >
FAIL: gdb.c++/templates.exp: print Garply<Garply<char> >::garply (timeout)
FAIL: gdb.c++/templates.exp: break Garply<Garply<char> >::garply (timeout)
FAIL: gdb.c++/userdef.exp: continue to marker1
FAIL: gdb.c++/userdef.exp: (timeout) print value of one / two
FAIL: gdb.c++/userdef.exp: (timeout) print value of one % two
FAIL: gdb.c++/userdef.exp: (timeout) print value of one && two
FAIL: gdb.c++/userdef.exp: (timeout) print value of one|| two
FAIL: gdb.c++/userdef.exp: (timeout) print value of one & two
FAIL: gdb.c++/userdef.exp: (timeout) print value of one | two
FAIL: gdb.c++/userdef.exp: (timeout) print value of one ^ two
FAIL: gdb.c++/userdef.exp: (timeout) print value of one < two
FAIL: gdb.c++/userdef.exp: (timeout) print value of one <= two
FAIL: gdb.c++/userdef.exp: (timeout) print value of one > two
FAIL: gdb.c++/userdef.exp: (timeout) print value of one >= two
FAIL: gdb.c++/userdef.exp: (timeout) print value of one == two
FAIL: gdb.c++/userdef.exp: (timeout) print value of one != two
FAIL: gdb.c++/userdef.exp: (timeout) print value of one<<31
FAIL: gdb.c++/userdef.exp: (timeout) print value of one>>31
FAIL: gdb.c++/userdef.exp: (timeout) print value of !one
FAIL: gdb.c++/userdef.exp: (timeout) print value of ~one
FAIL: gdb.c++/userdef.exp: (timeout) print value of -one
FAIL: gdb.c++/userdef.exp: (timeout) print value of one++
FAIL: gdb.c++/userdef.exp: (timeout) print value of ++one
FAIL: gdb.c++/userdef.exp: (timeout) print value of one-->>31
FAIL: gdb.c++/userdef.exp: (timeout) print value of --one
FAIL: gdb.c++/userdef.exp: (timeout) print value of one+=7
FAIL: gdb.c++/userdef.exp: (timeout) print value of two=one
FAIL: gdb.c++/userdef.exp: break A1::'operator+' (timeout)
FAIL: gdb.c++/userdef.exp: break A1::'operator +' (timeout)
FAIL: gdb.c++/virtfunc.exp: ptype VA
FAIL: gdb.c++/virtfunc.exp: ptype VB
FAIL: gdb.c++/virtfunc.exp: ptype V
FAIL: gdb.c++/virtfunc.exp: ptype A
FAIL: gdb.c++/virtfunc.exp: ptype B
FAIL: gdb.c++/virtfunc.exp: ptype C
FAIL: gdb.c++/virtfunc.exp: ptype AD
FAIL: gdb.c++/virtfunc.exp: ptype D
FAIL: gdb.c++/virtfunc.exp: ptype E
FAIL: gdb.c++/virtfunc.exp: ptype dd
FAIL: gdb.c++/virtfunc.exp: ptype ppd
FAIL: gdb.c++/virtfunc.exp: ptype pAd
FAIL: gdb.c++/virtfunc.exp: ptype a
FAIL: gdb.c++/virtfunc.exp: ptype b
FAIL: gdb.c++/virtfunc.exp: ptype c
FAIL: gdb.c++/virtfunc.exp: ptype d
FAIL: gdb.c++/virtfunc.exp: ptype e
FAIL: gdb.c++/virtfunc.exp: ptype v
FAIL: gdb.c++/virtfunc.exp: ptype vb
FAIL: gdb.c++/virtfunc.exp: ptype pAa
FAIL: gdb.c++/virtfunc.exp: ptype pAe
FAIL: gdb.c++/virtfunc.exp: ptype pBe
FAIL: gdb.c++/virtfunc.exp: ptype pDd
FAIL: gdb.c++/virtfunc.exp: ptype pDe
FAIL: gdb.c++/virtfunc.exp: ptype pVa
FAIL: gdb.c++/virtfunc.exp: ptype pVv
FAIL: gdb.c++/virtfunc.exp: ptype pVe
FAIL: gdb.c++/virtfunc.exp: ptype pVd
FAIL: gdb.c++/virtfunc.exp: ptype pADe
FAIL: gdb.c++/virtfunc.exp: ptype pEe
FAIL: gdb.c++/virtfunc.exp: ptype pVB
FAIL: gdb.threads/pthreads.exp: check backtrace from main thread
FAIL: gdb.threads/pthreads.exp: apply backtrace command to all three threads
FAIL: gdb.trace/packetlen.exp: setup collect actions
=== gdb Summary ===
# of expected passes 6239
# of unexpected failures 223
# of expected failures 158
# of unresolved testcases 24
# of untested testcases 23
/net/barnabe.lsd.ic.unicamp.br/l/.md4/tmp/i386-pc-solaris2.7/egcs/gdb/testsuite/../../gdb/gdb version 5.0 -nx
=== ld tests ===
Running target unix
FAIL: cdtest
FAIL: cdtest with -Ur
FAIL: selective4
XPASS: selective6
FAIL: S-records with constructors
=== ld Summary ===
# of expected passes 24
# of unexpected failures 4
# of unexpected successes 1
=== libjava tests ===
Running target unix
FAIL: Array_1 output from source compiled test
FAIL: Array_1 output from bytecode->native test
FAIL: Array_1 -O output from source compiled test
FAIL: Array_1 -O output from bytecode->native test
FAIL: Array_2 output from source compiled test
FAIL: Array_2 output from bytecode->native test
FAIL: Array_2 -O output from source compiled test
FAIL: Array_2 -O output from bytecode->native test
FAIL: Class_1 output from source compiled test
FAIL: Class_1 output from bytecode->native test
FAIL: Class_1 -O output from source compiled test
FAIL: Class_1 -O output from bytecode->native test
FAIL: Divide_1 execution from source compiled test
FAIL: Divide_1 execution from bytecode->native test
FAIL: Divide_1 -O execution from source compiled test
FAIL: Divide_1 -O execution from bytecode->native test
FAIL: Final output from source compiled test
FAIL: Final output from bytecode->native test
FAIL: Final -O output from source compiled test
FAIL: Final -O output from bytecode->native test
FAIL: Float_1 output from source compiled test
FAIL: Float_1 output from bytecode->native test
FAIL: Float_1 -O output from source compiled test
FAIL: Float_1 -O output from bytecode->native test
FAIL: G19990301_01 output from source compiled test
FAIL: G19990301_01 output from bytecode->native test
FAIL: G19990301_01 -O output from source compiled test
FAIL: G19990301_01 -O output from bytecode->native test
FAIL: G19990302_02 output from source compiled test
FAIL: G19990302_02 output from bytecode->native test
FAIL: G19990302_02 -O output from source compiled test
FAIL: G19990302_02 -O output from bytecode->native test
FAIL: G19990303_01 output from source compiled test
FAIL: G19990303_01 output from bytecode->native test
FAIL: G19990303_01 -O output from source compiled test
FAIL: G19990303_01 -O output from bytecode->native test
FAIL: G19990303_02 output from source compiled test
FAIL: G19990303_02 output from bytecode->native test
FAIL: G19990303_02 -O output from source compiled test
FAIL: G19990303_02 -O output from bytecode->native test
FAIL: G19990304_01 output from source compiled test
FAIL: G19990304_01 output from bytecode->native test
FAIL: G19990304_01 -O output from source compiled test
FAIL: G19990304_01 -O output from bytecode->native test
FAIL: G19990310_01 output from source compiled test
FAIL: G19990310_01 output from bytecode->native test
FAIL: G19990310_01 -O output from source compiled test
FAIL: G19990310_01 -O output from bytecode->native test
FAIL: PR55 output from source compiled test
FAIL: PR55 output from bytecode->native test
FAIL: PR55 -O output from source compiled test
FAIL: PR55 -O output from bytecode->native test
FAIL: InterfaceDispatch output from source compiled test
FAIL: InterfaceDispatch output from bytecode->native test
FAIL: InterfaceDispatch -O output from source compiled test
FAIL: InterfaceDispatch -O output from bytecode->native test
FAIL: Invoke_1 execution from source compiled test
FAIL: Invoke_1 execution from bytecode->native test
FAIL: Invoke_1 -O execution from source compiled test
FAIL: Invoke_1 -O execution from bytecode->native test
FAIL: Invoke_2 output from source compiled test
FAIL: Invoke_2 output from bytecode->native test
FAIL: Invoke_2 -O output from source compiled test
FAIL: Invoke_2 -O output from bytecode->native test
FAIL: N19990310_02 output from source compiled test
FAIL: N19990310_02 output from bytecode->native test
FAIL: N19990310_02 -O output from source compiled test
FAIL: N19990310_02 -O output from bytecode->native test
FAIL: N19990310_3 output from source compiled test
FAIL: N19990310_3 output from bytecode->native test
FAIL: N19990310_3 -O output from source compiled test
FAIL: N19990310_3 -O output from bytecode->native test
FAIL: N19990310_5 output from source compiled test
FAIL: N19990310_5 output from bytecode->native test
FAIL: N19990310_5 -O output from source compiled test
FAIL: N19990310_5 -O output from bytecode->native test
FAIL: PR141 output from source compiled test
FAIL: PR141 output from bytecode->native test
FAIL: PR141 -O output from source compiled test
FAIL: PR141 -O output from bytecode->native test
FAIL: PR160 output from source compiled test
FAIL: PR160 output from bytecode->native test
FAIL: PR160 -O output from source compiled test
FAIL: PR160 -O output from bytecode->native test
FAIL: PR162 output from source compiled test
FAIL: PR162 output from bytecode->native test
FAIL: PR162 -O output from source compiled test
FAIL: PR162 -O output from bytecode->native test
FAIL: PR218 execution from source compiled test
FAIL: PR218 execution from bytecode->native test
FAIL: PR218 -O execution from source compiled test
FAIL: PR218 -O execution from bytecode->native test
FAIL: PR242 output from source compiled test
FAIL: PR242 output from bytecode->native test
FAIL: PR242 -O output from source compiled test
FAIL: PR242 -O output from bytecode->native test
FAIL: PR260 output from source compiled test
FAIL: PR260 output from bytecode->native test
FAIL: PR260 -O output from source compiled test
FAIL: PR260 -O output from bytecode->native test
FAIL: PR56 output from source compiled test
FAIL: PR56 output from bytecode->native test
FAIL: PR56 -O output from source compiled test
FAIL: PR56 -O output from bytecode->native test
FAIL: Primes output from source compiled test
FAIL: Primes output from bytecode->native test
FAIL: Primes -O output from source compiled test
FAIL: Primes -O output from bytecode->native test
FAIL: Shazam output from source compiled test
FAIL: Shazam output from bytecode->native test
FAIL: Shazam -O output from source compiled test
FAIL: Shazam -O output from bytecode->native test
FAIL: StringBuffer_1 output from source compiled test
FAIL: StringBuffer_1 output from bytecode->native test
FAIL: StringBuffer_1 -O output from source compiled test
FAIL: StringBuffer_1 -O output from bytecode->native test
FAIL: Synch output from source compiled test
FAIL: Synch output from bytecode->native test
FAIL: Synch -O output from source compiled test
FAIL: Synch -O output from bytecode->native test
FAIL: Thread_Alive output from source compiled test
FAIL: Thread_Alive output from bytecode->native test
FAIL: Thread_Alive -O output from source compiled test
FAIL: Thread_Alive -O output from bytecode->native test
FAIL: Thread_Interrupt output from source compiled test
FAIL: Thread_Interrupt output from bytecode->native test
FAIL: Thread_Interrupt -O output from source compiled test
FAIL: Thread_Interrupt -O output from bytecode->native test
FAIL: Thread_Join output from source compiled test
FAIL: Thread_Join output from bytecode->native test
FAIL: Thread_Join -O output from source compiled test
FAIL: Thread_Join -O output from bytecode->native test
FAIL: Thread_Monitor output from source compiled test
FAIL: Thread_Monitor output from bytecode->native test
FAIL: Thread_Monitor -O output from source compiled test
FAIL: Thread_Monitor -O output from bytecode->native test
FAIL: Thread_Sleep output from source compiled test
FAIL: Thread_Sleep output from bytecode->native test
FAIL: Thread_Sleep -O output from source compiled test
FAIL: Thread_Sleep -O output from bytecode->native test
FAIL: Thread_Wait output from source compiled test
FAIL: Thread_Wait output from bytecode->native test
FAIL: Thread_Wait -O output from source compiled test
FAIL: Thread_Wait -O output from bytecode->native test
FAIL: Thread_Wait_2 output from source compiled test
FAIL: Thread_Wait_2 output from bytecode->native test
FAIL: Thread_Wait_2 -O output from source compiled test
FAIL: Thread_Wait_2 -O output from bytecode->native test
FAIL: anfi output from source compiled test
FAIL: anfi output from bytecode->native test
FAIL: anfi -O output from source compiled test
FAIL: anfi -O output from bytecode->native test
FAIL: Thread_Wait_Interrupt output from source compiled test
FAIL: Thread_Wait_Interrupt output from bytecode->native test
FAIL: Thread_Wait_Interrupt -O output from source compiled test
FAIL: Thread_Wait_Interrupt -O output from bytecode->native test
FAIL: Throw_1 output from source compiled test
FAIL: Throw_1 output from bytecode->native test
FAIL: Throw_1 -O output from source compiled test
FAIL: Throw_1 -O output from bytecode->native test
FAIL: anon output from source compiled test
FAIL: anon output from bytecode->native test
FAIL: anon -O output from source compiled test
FAIL: anon -O output from bytecode->native test
FAIL: anon2 output from source compiled test
FAIL: anon2 output from bytecode->native test
FAIL: anon2 -O output from source compiled test
FAIL: anon2 -O output from bytecode->native test
FAIL: anon3 output from source compiled test
FAIL: anon3 output from bytecode->native test
FAIL: anon3 -O output from source compiled test
FAIL: anon3 -O output from bytecode->native test
FAIL: anon4 output from source compiled test
FAIL: anon4 output from bytecode->native test
FAIL: anon4 -O output from source compiled test
FAIL: anon4 -O output from bytecode->native test
FAIL: anonarray output from source compiled test
FAIL: anonarray output from bytecode->native test
FAIL: anonarray -O output from source compiled test
FAIL: anonarray -O output from bytecode->native test
FAIL: anonarray2 output from source compiled test
FAIL: anonarray2 output from bytecode->native test
FAIL: anonarray2 -O output from source compiled test
FAIL: anonarray2 -O output from bytecode->native test
FAIL: anonarray3 output from source compiled test
FAIL: anonarray3 output from bytecode->native test
FAIL: anonarray3 -O output from source compiled test
FAIL: anonarray3 -O output from bytecode->native test
FAIL: direct_read output from source compiled test
FAIL: direct_read output from bytecode->native test
FAIL: direct_read -O output from source compiled test
FAIL: direct_read -O output from bytecode->native test
FAIL: direct_write output from source compiled test
FAIL: direct_write output from bytecode->native test
FAIL: direct_write -O output from source compiled test
FAIL: direct_write -O output from bytecode->native test
FAIL: err1 output from source compiled test
FAIL: err1 output from bytecode->native test
FAIL: err1 -O output from source compiled test
FAIL: err1 -O output from bytecode->native test
FAIL: err10 output from source compiled test
FAIL: err10 output from bytecode->native test
FAIL: err10 -O output from source compiled test
FAIL: err10 -O output from bytecode->native test
FAIL: err11 output from source compiled test
FAIL: err11 output from bytecode->native test
FAIL: err11 -O output from source compiled test
FAIL: err11 -O output from bytecode->native test
FAIL: err12 output from source compiled test
FAIL: err12 output from bytecode->native test
FAIL: err12 -O output from source compiled test
FAIL: err12 -O output from bytecode->native test
FAIL: err13 output from source compiled test
FAIL: err13 output from bytecode->native test
FAIL: err13 -O output from source compiled test
FAIL: err13 -O output from bytecode->native test
FAIL: err2 output from source compiled test
FAIL: err2 output from bytecode->native test
FAIL: err2 -O output from source compiled test
FAIL: err2 -O output from bytecode->native test
FAIL: err3 output from source compiled test
FAIL: err3 output from bytecode->native test
FAIL: err3 -O output from source compiled test
FAIL: err3 -O output from bytecode->native test
FAIL: err4 output from source compiled test
FAIL: err4 output from bytecode->native test
FAIL: err4 -O output from source compiled test
FAIL: err4 -O output from bytecode->native test
FAIL: err5 output from source compiled test
FAIL: err5 output from bytecode->native test
FAIL: err5 -O output from source compiled test
FAIL: err5 -O output from bytecode->native test
FAIL: err6 output from source compiled test
FAIL: err6 output from bytecode->native test
FAIL: err6 -O output from source compiled test
FAIL: err6 -O output from bytecode->native test
FAIL: err7 output from source compiled test
FAIL: err7 -O output from source compiled test
FAIL: err8 output from source compiled test
FAIL: err8 -O output from source compiled test
FAIL: err9 output from source compiled test
FAIL: err9 output from bytecode->native test
FAIL: err9 -O output from source compiled test
FAIL: err9 -O output from bytecode->native test
FAIL: final_inner output from source compiled test
FAIL: final_inner output from bytecode->native test
FAIL: final_inner -O output from source compiled test
FAIL: final_inner -O output from bytecode->native test
FAIL: final_int output from source compiled test
FAIL: final_int output from bytecode->native test
FAIL: final_int -O output from source compiled test
FAIL: final_int -O output from bytecode->native test
FAIL: indirect output from source compiled test
FAIL: indirect output from bytecode->native test
FAIL: indirect -O output from source compiled test
FAIL: indirect -O output from bytecode->native test
FAIL: final_static_and_friend output from source compiled test
FAIL: final_static_and_friend output from bytecode->native test
FAIL: final_static_and_friend -O output from source compiled test
FAIL: final_static_and_friend -O output from bytecode->native test
FAIL: indirect_read output from source compiled test
FAIL: indirect_read output from bytecode->native test
FAIL: indirect_read -O output from source compiled test
FAIL: indirect_read -O output from bytecode->native test
FAIL: indirect_write output from source compiled test
FAIL: indirect_write output from bytecode->native test
FAIL: indirect_write -O output from source compiled test
FAIL: indirect_write -O output from bytecode->native test
FAIL: inner1 output from source compiled test
FAIL: inner1 output from bytecode->native test
FAIL: inner1 -O output from source compiled test
FAIL: inner1 -O output from bytecode->native test
FAIL: inner2 output from source compiled test
FAIL: inner2 output from bytecode->native test
FAIL: inner2 -O output from source compiled test
FAIL: inner2 -O output from bytecode->native test
FAIL: inner3 output from source compiled test
FAIL: inner3 output from bytecode->native test
FAIL: inner3 -O output from source compiled test
FAIL: inner3 -O output from bytecode->native test
FAIL: inner4 output from source compiled test
FAIL: inner4 output from bytecode->native test
FAIL: inner4 -O output from source compiled test
FAIL: inner4 -O output from bytecode->native test
FAIL: inner_array output from source compiled test
FAIL: inner_array output from bytecode->native test
FAIL: inner_array -O output from source compiled test
FAIL: inner_array -O output from bytecode->native test
FAIL: inner_interface output from source compiled test
FAIL: inner_interface output from bytecode->native test
FAIL: inner_interface -O output from source compiled test
FAIL: inner_interface -O output from bytecode->native test
FAIL: instance output from source compiled test
FAIL: instance output from bytecode->native test
FAIL: instance -O output from source compiled test
FAIL: instance -O output from bytecode->native test
FAIL: instinit output from source compiled test
FAIL: instinit output from bytecode->native test
FAIL: instinit -O output from source compiled test
FAIL: instinit -O output from bytecode->native test
FAIL: instinit2 output from source compiled test
FAIL: instinit2 output from bytecode->native test
FAIL: instinit2 -O output from source compiled test
FAIL: instinit2 -O output from bytecode->native test
FAIL: klass output from source compiled test
FAIL: klass output from bytecode->native test
FAIL: klass -O output from source compiled test
FAIL: klass -O output from bytecode->native test
FAIL: multiple_finit output from source compiled test
FAIL: multiple_finit output from bytecode->native test
FAIL: multiple_finit -O output from source compiled test
FAIL: multiple_finit -O output from bytecode->native test
FAIL: nested_with_ctor output from source compiled test
FAIL: nested_with_ctor output from bytecode->native test
FAIL: nested_with_ctor -O output from source compiled test
FAIL: nested_with_ctor -O output from bytecode->native test
FAIL: pr109 output from source compiled test
FAIL: pr109 output from bytecode->native test
FAIL: pr109 -O output from source compiled test
FAIL: pr109 -O output from bytecode->native test
FAIL: pr133 output from source compiled test
FAIL: pr133 output from bytecode->native test
FAIL: pr133 -O output from source compiled test
FAIL: pr133 -O output from bytecode->native test
FAIL: pr179 output from source compiled test
FAIL: pr179 output from bytecode->native test
FAIL: pr179 -O output from source compiled test
FAIL: pr179 -O output from bytecode->native test
FAIL: pr184 output from source compiled test
FAIL: pr184 output from bytecode->native test
FAIL: pr184 -O output from source compiled test
FAIL: pr184 -O output from bytecode->native test
FAIL: pr83 output from source compiled test
FAIL: pr83 output from bytecode->native test
FAIL: pr83 -O output from source compiled test
FAIL: pr83 -O output from bytecode->native test
FAIL: private_direct_read output from source compiled test
FAIL: private_direct_read output from bytecode->native test
FAIL: private_direct_read -O output from source compiled test
FAIL: private_direct_read -O output from bytecode->native test
XPASS: stub compilation from source
FAIL: stub output from source compiled test
XPASS: stub byte compilation
XPASS: stub compilation from bytecode
FAIL: stub output from bytecode->native test
XPASS: stub -O compilation from source
FAIL: stub -O output from source compiled test
XPASS: stub byte compilation
XPASS: stub -O compilation from bytecode
FAIL: stub -O output from bytecode->native test
FAIL: search_outer output from source compiled test
FAIL: search_outer output from bytecode->native test
FAIL: search_outer -O output from source compiled test
FAIL: search_outer -O output from bytecode->native test
FAIL: stringconst2 output from source compiled test
FAIL: stringconst2 output from bytecode->native test
FAIL: stringconst2 -O output from source compiled test
FAIL: stringconst2 -O output from bytecode->native test
FAIL: test_long output from source compiled test
FAIL: test_long output from bytecode->native test
FAIL: test_long -O output from source compiled test
FAIL: test_long -O output from bytecode->native test
FAIL: tmi output from source compiled test
FAIL: tmi output from bytecode->native test
FAIL: tmi -O output from source compiled test
FAIL: tmi -O output from bytecode->native test
FAIL: tp output from source compiled test
FAIL: tp output from bytecode->native test
FAIL: tp -O output from source compiled test
FAIL: tp -O output from bytecode->native test
FAIL: update_outer output from source compiled test
FAIL: update_outer output from bytecode->native test
FAIL: update_outer -O output from source compiled test
FAIL: update_outer -O output from bytecode->native test
FAIL: Link for gnu.testlet.java.io.ObjectInputOutput.InputTest
FAIL: Link for gnu.testlet.java.io.ObjectInputOutput.OutputTest
FAIL: gnu.testlet.java.io.ObjectStreamClass.Test: getSerialVersionUID (number 2)
FAIL: gnu.testlet.java.io.ObjectStreamClass.Test: uncaught exception at "getSerialVersionUID" number 4: java.lang.ClassFormatError: erroneous field initializer
FAIL: gnu.testlet.java.io.PipedStream.close (number 1)
FAIL: gnu.testlet.java.lang.Class.ClassTest: forName (number 3)
FAIL: gnu.testlet.java.lang.Double.DoubleTest: Error: test_toString failed - 8 (number 1)
FAIL: gnu.testlet.java.lang.Double.DoubleTest: Error: test_equals failed CYGNUS: Double.equals - 8 (number 1)
FAIL: gnu.testlet.java.lang.Double.DoubleTest: Error: test_intValue returned wrong results CYGNUS: Float to int conversions - 1 (number 1)
FAIL: gnu.testlet.java.lang.Double.DoubleTest: Error: test_longValue returned wrong results CYGNUS: Float to int conversions - 1 (number 1)
FAIL: gnu.testlet.java.lang.Float.FloatTest: Error: test_Basics failed - 3 (number 1)
FAIL: gnu.testlet.java.lang.Float.FloatTest: Error: test_Basics failed - 4 (number 1)
FAIL: gnu.testlet.java.lang.Float.FloatTest: Error: test_toString failed - 8 (number 1)
FAIL: gnu.testlet.java.lang.Float.FloatTest: Error: test_equals failed - 8 (number 1)
FAIL: gnu.testlet.java.lang.Float.FloatTest: Error: test_intValue returned wrong results - 1 (number 1)
FAIL: gnu.testlet.java.lang.Math.MathTest: Error : test_atan2 failed - 5 (number 1)
FAIL: gnu.testlet.java.lang.Math.max (number 2)
FAIL: gnu.testlet.java.lang.Math.max (number 18)
FAIL: gnu.testlet.java.lang.Math.min (number 2)
FAIL: gnu.testlet.java.lang.Math.min (number 3)
FAIL: gnu.testlet.java.lang.Math.min (number 17)
FAIL: gnu.testlet.java.lang.Math.min (number 18)
FAIL: gnu.testlet.java.lang.Math.min (number 19)
FAIL: gnu.testlet.java.math.BigInteger.shift: shift (number 2)
FAIL: gnu.testlet.java.net.DatagramSocket.DatagramSocketTest2: uncaught exception at "invalid_receive_data" number 4: java.lang.IllegalArgumentException: Invalid length: -1
FAIL: gnu.testlet.java.net.InetAddress.InetAddressTest: Error : test_Basics failed - 10 Should not throw UnknownHostException here (number 1)
FAIL: gnu.testlet.java.net.InetAddress.InetAddressTest: uncaught exception at "Error : test_Basics failed - 10 Should not throw UnknownHostException here " number 2: java.lang.NullPointerException
FAIL: gnu.testlet.java.net.Socket.SocketTest: Error : test_Basics failed - 7 exception should not have been thrown here (number 1)
FAIL: gnu.testlet.java.net.URL.URLTest: openConnection (number 1)
FAIL: gnu.testlet.java.net.URL.URLTest: openConnection (number 2)
FAIL: gnu.testlet.java.net.URLConnection.URLConnectionTest: Error in test_getContentFunctions - 1 content type was not correct (number 1)
FAIL: gnu.testlet.java.net.URLConnection.URLConnectionTest: Error in test_getContentFunctions - 3 size was not correct (number 1)
FAIL: gnu.testlet.java.net.URLConnection.URLConnectionTest: Error in test_getContentFunctions - 4 getContent did not return proper results (number 1)
FAIL: gnu.testlet.java.net.URLConnection.URLConnectionTest: Error in test_getHeaderField - 0 0 header field wrong (number 1)
FAIL: gnu.testlet.java.net.URLConnection.URLConnectionTest: Error in test_getHeaderField - 1 2 header field wrong (number 1)
FAIL: gnu.testlet.java.net.URLConnection.URLConnectionTest: Error in test_getHeaderField - 2 4 header field wrong (number 1)
FAIL: gnu.testlet.java.net.URLConnection.URLConnectionTest: Error in test_getHeaderField - 3 5 header field wrong (number 1)
FAIL: gnu.testlet.java.net.URLConnection.URLConnectionTest: Error in test_getHeaderField - 4 0 headerkey field wrong (number 1)
FAIL: gnu.testlet.java.net.URLConnection.URLConnectionTest: Error in test_getHeaderField - 7 3 headerkey field wrong (number 1)
FAIL: gnu.testlet.java.net.URLConnection.URLConnectionTest: Error in test_getHeaderField - 8 4 headerkey field wrong (number 1)
FAIL: gnu.testlet.java.net.URLConnection.URLConnectionTest: Error in test_URLConnection - 23 should not have raised exception here (number 1)
FAIL: gnu.testlet.java.text.DateFormatSymbols.Test: invalid locale (number 1)
=== libjava Summary ===
# of expected passes 12338
# of unexpected failures 410
# of unexpected successes 6
# of expected failures 38
# of untested testcases 28
=== libstdc++-v3 tests ===
Running target unix
FAIL: 22_locale/codecvt_unicode_char.cc execution test
FAIL: 22_locale/codecvt_unicode_wchar_t.cc execution test
XPASS: 26_numerics/c99_classification_macros_c.cc (test for excess errors)
FAIL: 26_numerics/c_math.cc (test for excess errors)
=== libstdc++-v3 Summary ===
# of expected passes 235
# of unexpected failures 3
# of unexpected successes 1
# of expected failures 7
=== objc tests ===
Running target unix
FAIL: objc/execute/IMP.m compilation, -O
FAIL: objc/execute/_cmd.m compilation, -O
FAIL: objc/execute/accessing_ivars.m compilation, -O
FAIL: objc/execute/bf-1.m compilation, -O
FAIL: objc/execute/bf-10.m compilation, -O
FAIL: objc/execute/bf-11.m compilation, -O
FAIL: objc/execute/bf-12.m compilation, -O
FAIL: objc/execute/bf-13.m compilation, -O
FAIL: objc/execute/bf-14.m compilation, -O
FAIL: objc/execute/bf-15.m compilation, -O
FAIL: objc/execute/bf-16.m compilation, -O
FAIL: objc/execute/bf-17.m compilation, -O
FAIL: objc/execute/bf-18.m compilation, -O
FAIL: objc/execute/bf-19.m compilation, -O
FAIL: objc/execute/bf-2.m compilation, -O
FAIL: objc/execute/bf-20.m compilation, -O
FAIL: objc/execute/bf-3.m compilation, -O
FAIL: objc/execute/bf-4.m compilation, -O
FAIL: objc/execute/bf-5.m compilation, -O
FAIL: objc/execute/bf-6.m compilation, -O
FAIL: objc/execute/bf-7.m compilation, -O
FAIL: objc/execute/bf-8.m compilation, -O
FAIL: objc/execute/bf-9.m compilation, -O
FAIL: objc/execute/bycopy-1.m compilation, -O
FAIL: objc/execute/bycopy-2.m compilation, -O
FAIL: objc/execute/bycopy-3.m compilation, -O
FAIL: objc/execute/class-1.m compilation, -O
FAIL: objc/execute/class-10.m compilation, -O
FAIL: objc/execute/class-11.m compilation, -O
FAIL: objc/execute/class-12.m compilation, -O
FAIL: objc/execute/class-13.m compilation, -O
FAIL: objc/execute/class-14.m compilation, -O
FAIL: objc/execute/class-2.m compilation, -O
FAIL: objc/execute/class-3.m compilation, -O
FAIL: objc/execute/class-4.m compilation, -O
FAIL: objc/execute/class-5.m compilation, -O
FAIL: objc/execute/class-6.m compilation, -O
FAIL: objc/execute/class-7.m compilation, -O
FAIL: objc/execute/class-8.m compilation, -O
FAIL: objc/execute/class-9.m compilation, -O
FAIL: objc/execute/compatibility_alias.m compilation, -O
FAIL: objc/execute/encode-1.m compilation, -O
FAIL: objc/execute/fdecl.m compilation, -O
FAIL: objc/execute/formal_protocol-1.m compilation, -O
FAIL: objc/execute/formal_protocol-2.m compilation, -O
FAIL: objc/execute/formal_protocol-3.m compilation, -O
FAIL: objc/execute/formal_protocol-4.m compilation, -O
FAIL: objc/execute/formal_protocol-5.m compilation, -O
FAIL: objc/execute/formal_protocol-6.m compilation, -O
FAIL: objc/execute/formal_protocol-7.m compilation, -O
FAIL: objc/execute/informal_protocol.m compilation, -O
FAIL: objc/execute/initialize.m compilation, -O
FAIL: objc/execute/load.m compilation, -O
FAIL: objc/execute/many_args_method.m compilation, -O
FAIL: objc/execute/nested-1.m compilation, -O
FAIL: objc/execute/nested-2.m compilation, -O
FAIL: objc/execute/nested-3.m compilation, -O
FAIL: objc/execute/no_clash.m compilation, -O
FAIL: objc/execute/np-1.m compilation, -O
FAIL: objc/execute/np-2.m compilation, -O
FAIL: objc/execute/paste.m compilation, -O
FAIL: objc/execute/private.m compilation, -O
FAIL: objc/execute/protocol.m compilation, -O
FAIL: objc/execute/redefining_self.m compilation, -O
FAIL: objc/execute/root_methods.m compilation, -O
FAIL: objc/execute/selector-1.m compilation, -O
FAIL: objc/execute/static-1.m compilation, -O
FAIL: objc/execute/static-2.m compilation, -O
FAIL: objc/execute/string1.m compilation, -O
FAIL: objc/execute/string2.m compilation, -O
FAIL: objc/execute/string3.m compilation, -O
FAIL: objc/execute/string4.m compilation, -O
FAIL: objc/execute/va_method.m compilation, -O
=== objc Summary ===
# of unexpected failures 73
# of untested testcases 73
/net/barnabe.lsd.ic.unicamp.br/l/.md4/tmp/i386-pc-solaris2.7/egcs/gcc/xgcc version 3.0 20010528 (prerelease)
Compiler version: 3.0 20010528 (prerelease)
Platform: i386-pc-solaris2.7
BOOT_CFLAGS: -g -O9 -W -Wall
Counting all warnings,
there are 72 warnings in stage3 of this bootstrap.
Number of warnings per file:
51 cc1plus
4 libjava/java/lang/strtod.c
4 libjava/java/lang/dtoa.c
3 gcc/unwind-pe.h
2 libjava/gnu/gcj/convert/natIconv.cc
1 libjava/prims.cc
1 libjava/name-finder.cc
1 libjava/java/lang/e_log.c
1 libjava/java/lang/e_exp.c
1 libjava/gnu/gcj/io/shs.cc
1 libjava/exception.cc
1 libjava/boehm.cc
1 /home/phd/oliva/src/tool/egcs/boehm-gc/mark_rts.c
Number of warning types:
51 -fvtable-thunks is no longer supported
9 `???' might be used uninitialized in this function
2 control reaches end
2 `noreturn'
1 unused parameter `
1 unused
1 function returns address of local variable
1 division: function singularity
1 comparison
1 cast from
1 `void
1 `_Unwind_Ptr result