This is the mail archive of the gcc-testresults@gcc.gnu.org mailing list for the GCC project.
Index Nav: | [Date Index] [Subject Index] [Author Index] [Thread Index] | |
---|---|---|
Message Nav: | [Date Prev] [Date Next] | [Thread Prev] [Thread Next] |
Native configuration is sparc-sun-solaris2.8 === g++ tests === Running target unix FAIL: g++.dg/special/conpr-1.C execution test FAIL: g++.dg/special/conpr-2.C execution test FAIL: g++.dg/special/conpr-3.C execution test FAIL: g++.dg/special/conpr-3.C execution test FAIL: g++.dg/special/conpr-1.C execution test FAIL: g++.eh/badalloc1.C Execution test FAIL: g++.ext/instantiate1.C not instantiated (test for errors, line 20) FAIL: g++.ext/instantiate1.C not instantiated (test for errors, line 22) FAIL: g++.ext/instantiate2.C not instantiated (test for errors, line 19) FAIL: g++.ext/instantiate3.C not instantiated (test for errors, line 13) XPASS: g++.other/crash27.C (test for excess errors) === g++ Summary === # of expected passes 6434 # of unexpected failures 10 # of unexpected successes 1 # of expected failures 102 # of untested testcases 18 /export/home/lucier/gcc/gcc-3.0/objdir/gcc/testsuite/../g++ version 3.0 20010602 (prerelease) === g77 tests === Running target unix === g77 Summary === # of expected passes 933 # of unsupported tests 8 === gcc tests === Running target unix XPASS: gcc.c-torture/execute/20010114-2.c execution, -O0 XPASS: gcc.c-torture/execute/20010114-2.c execution, -O1 XPASS: gcc.c-torture/execute/20010114-2.c execution, -O2 XPASS: gcc.c-torture/execute/20010114-2.c execution, -O3 -fomit-frame-pointer XPASS: gcc.c-torture/execute/20010114-2.c execution, -O3 -g XPASS: gcc.c-torture/execute/20010114-2.c execution, -Os FAIL: gcc.dg/20001013-1.c (test for excess errors) === gcc Summary === # of expected passes 15104 # of unexpected failures 1 # of unexpected successes 6 # of expected failures 77 # of unresolved testcases 3 # of unsupported tests 49 /export/home/lucier/gcc/gcc-3.0/objdir/gcc/xgcc version 3.0 20010602 (prerelease) === objc tests === Running target unix === objc Summary === # of expected passes 145 # of expected failures 1 /export/home/lucier/gcc/gcc-3.0/objdir/gcc/xgcc version 3.0 20010602 (prerelease) === libstdc++-v3 tests === Running target unix FAIL: 21_strings/append.cc execution test FAIL: 21_strings/c_strings.cc execution test FAIL: 21_strings/ctor_copy_dtor.cc execution test FAIL: 21_strings/element_access.cc execution test FAIL: 21_strings/insert.cc execution test FAIL: 21_strings/substr.cc execution test FAIL: 22_locale/codecvt_unicode_char.cc execution test FAIL: 22_locale/codecvt_unicode_wchar_t.cc execution test FAIL: 23_containers/vector_element_access.cc execution test XPASS: 26_numerics/c99_classification_macros_c.cc (test for excess errors) FAIL: 26_numerics/c_math.cc (test for excess errors) === libstdc++-v3 Summary === # of expected passes 228 # of unexpected failures 10 # of unexpected successes 1 # of expected failures 7 Compiler version: 3.0 20010602 (prerelease) Platform: sparc-sun-solaris2.8 configure flags: --host=sparc-sun-solaris2.8 Counting all warnings, there are 106 warnings in stage3 of this bootstrap. Number of warnings per file: 29 gcc/combine.c 7 gcc/unwind-dw2.c 6 gcc/cse.c 6 gcc/cp/pt.c 5 gcc/reload1.c 5 gcc/expr.c 5 gcc/except.c 5 gcc/cp/error.c 5 gcc/cp/call.c 4 gcc/gcc.c 4 gcc/config/sparc/sparc.c 2 gcc/reload.c 2 gcc/function.c 2 gcc/fold-const.c 2 gcc/flow.c 2 gcc/alias.c 1 gcc/unwind-dw2-fde.c 1 gcc/sched-deps.c 1 gcc/regmove.c 1 gcc/objc/lang-specs.h 1 gcc/libgcc2.c 1 gcc/java/jvspec.c 1 gcc/final.c 1 gcc/f/lang-specs.h 1 gcc/expmed.c 1 gcc/dwarfout.c 1 gcc/dwarf2out.c 1 gcc/cp/typeck2.c 1 gcc/cp/lang-specs.h 1 gcc/cp/init.c 1 gcc/cp/errfn.c Number of warning types: 52 comparison between signed and unsigned 15 \`???' might be used uninitialized in this function 14 signed and unsigned type in conditional expression 8 string length \`???' is greater than the length \`???' ISO C89 compilers are required to support 6 implicit declaration of function \`???' 5 initialization from incompatible pointer type 1 pointer targets in passing arg ??? of \`???' differ in signedness 1 passing arg ??? of \`???' discards qualifiers from pointer target type 1 missing braces around initializer 1 function declaration isn't a prototype 1 ??? format, ??? arg (arg ???) 1 (near initialization for \`???')
Index Nav: | [Date Index] [Subject Index] [Author Index] [Thread Index] | |
---|---|---|
Message Nav: | [Date Prev] [Date Next] | [Thread Prev] [Thread Next] |