This is the mail archive of the
gcc-testresults@gcc.gnu.org
mailing list for the GCC project.
Results for 3.0 20010528 (prerelease) testsuite on i386-unknown-freebsd4.0
- To: gcc-testresults at gcc dot gnu dot org
- Subject: Results for 3.0 20010528 (prerelease) testsuite on i386-unknown-freebsd4.0
- From: Alexandre Oliva <oliva at mish dot cs dot utah dot edu>
- Date: Tue, 29 May 2001 05:19:54 -0600 (MDT)
Native configuration is i386-unknown-freebsd4.0
=== binutils tests ===
Running target unix
=== binutils Summary ===
# of expected passes 26
=== g++ tests ===
Running target unix
FAIL: g++.ext/instantiate1.C not instantiated (test for errors, line 20)
XPASS: g++.oliva/delete3.C Execution test
XPASS: g++.other/crash27.C (test for excess errors)
=== g++ Summary ===
# of expected passes 6445
# of unexpected failures 1
# of unexpected successes 2
# of expected failures 102
# of untested testcases 15
/x/oliva/egcs/gcc/testsuite/../g++ version 3.0 20010528 (prerelease)
=== g77 tests ===
Running target unix
=== g77 Summary ===
# of expected passes 933
# of unsupported tests 8
=== gas tests ===
Running target unix
=== gas Summary ===
# of expected passes 72
=== gcc tests ===
Running target unix
XPASS: gcc.c-torture/execute/20010114-2.c execution, -O0
XPASS: gcc.c-torture/execute/20010114-2.c execution, -O3 -fomit-frame-pointer
XPASS: gcc.c-torture/execute/20010114-2.c execution, -O3 -g
XPASS: gcc.c-torture/execute/loop-2b.c execution, -O0
XPASS: gcc.c-torture/execute/loop-2b.c execution, -O1
XPASS: gcc.c-torture/execute/loop-2b.c execution, -O3 -fomit-frame-pointer
XPASS: gcc.c-torture/execute/loop-2b.c execution, -O3 -fomit-frame-pointer -funroll-loops
XPASS: gcc.c-torture/execute/loop-2b.c execution, -O3 -fomit-frame-pointer -funroll-all-loops -finline-functions
XPASS: gcc.c-torture/execute/loop-2b.c execution, -O3 -g
XPASS: gcc.c-torture/execute/loop-2b.c execution, -Os
XPASS: gcc.c-torture/execute/ieee/rbug.c execution, -O3 -fomit-frame-pointer
XPASS: gcc.c-torture/execute/ieee/rbug.c execution, -O3 -g
FAIL: gcc.dg/special/gcsec-1.c execution test
=== gcc Summary ===
# of expected passes 15142
# of unexpected failures 1
# of unexpected successes 12
# of expected failures 95
# of unsupported tests 24
/x/oliva/egcs/gcc/xgcc version 3.0 20010528 (prerelease)
=== ld tests ===
Running target unix
FAIL: bootstrap
FAIL: bootstrap with strip
FAIL: bootstrap with --static
FAIL: bootstrap with --traditional-format
FAIL: bootstrap with --no-keep-memory
FAIL: cdtest
FAIL: cdtest with -Ur
FAIL: selective4
XPASS: selective6
FAIL: S-records with constructors
XPASS: undefined line
=== ld Summary ===
# of expected passes 15
# of unexpected failures 9
# of unexpected successes 2
=== libstdc++-v3 tests ===
Running target unix
=== libstdc++-v3 Summary ===
=== objc tests ===
Running target unix
=== objc Summary ===
# of expected passes 145
# of expected failures 1
/x/oliva/egcs/gcc/xgcc version 3.0 20010528 (prerelease)
Compiler version: 3.0 20010528 (prerelease)
Platform: i386-unknown-freebsd4.0
BOOT_CFLAGS: -g -O9 -W -Wall
Counting all warnings,
there are 120 warnings in stage3 of this bootstrap.
Number of warnings per file:
96 libiberty/md5.c
7 fastjar/compress.c
4 libiberty/strsignal.c
4 libiberty/getopt.c
2 libsupc++/eh_personality.cc
2 libiberty/strerror.c
2 fastjar/pushback.c
2 fastjar/jartool.c
1 configure
Number of warning types:
32 function-like macro `FI' must be used with arguments in traditional C
32 function-like macro `FH' must be used with arguments in traditional C
32 function-like macro `FG' must be used with arguments in traditional C
9 comparison between signed and unsigned
4 unused parameter `???'
4 type qualifiers for `???' conflict with previous decl
2 static declaration for `???' follows non-static
1 wchar_t support disabled.
1 new
1 function declaration isn't a prototype
1 comparison of unsigned expression < 0 is always false
1 ambiguates