This is the mail archive of the
gcc-testresults@gcc.gnu.org
mailing list for the GCC project.
Results for 3.0 20010521 (prerelease) testsuite on hppa1.1-hp-hpux11.00
- To: gcc-testresults at gcc dot gnu dot org
- Subject: Results for 3.0 20010521 (prerelease) testsuite on hppa1.1-hp-hpux11.00
- From: rbrown64 at csc dot com dot au
- Date: Tue, 29 May 2001 12:59:56 +1000
Native configuration is hppa1.1-hp-hpux11.00
=== libstdc++-v3 tests ===
Running target unix
=== libstdc++-v3 Summary for unix ===
Running target unix/-march=1.0
=== libstdc++-v3 Summary for unix/-march=1.0 ===
=== libstdc++-v3 Summary ===
=== gcc tests ===
Running target unix
FAIL: gcc.c-torture/compile/20001226-1.c, -O1
FAIL: gcc.c-torture/compile/20001226-1.c, -O2
FAIL: gcc.c-torture/compile/20001226-1.c, -O3 -fomit-frame-pointer
FAIL: gcc.c-torture/compile/20001226-1.c, -O3 -g
FAIL: gcc.c-torture/compile/20001226-1.c, -Os
XPASS: gcc.c-torture/execute/20010114-2.c execution, -O0
XPASS: gcc.c-torture/execute/20010114-2.c execution, -O1
XPASS: gcc.c-torture/execute/20010114-2.c execution, -O2
XPASS: gcc.c-torture/execute/20010114-2.c execution, -O3 -fomit-frame-pointer
XPASS: gcc.c-torture/execute/20010114-2.c execution, -O3 -g
XPASS: gcc.c-torture/execute/20010114-2.c execution, -Os
FAIL: gcc.c-torture/execute/20010119-1.c compilation, -O1
FAIL: gcc.c-torture/execute/20010119-1.c compilation, -O2
FAIL: gcc.c-torture/execute/20010119-1.c compilation, -O3 -fomit-frame-pointer
FAIL: gcc.c-torture/execute/20010119-1.c compilation, -O3 -fomit-frame-pointer -funroll-loops
FAIL: gcc.c-torture/execute/20010119-1.c compilation, -O3 -fomit-frame-pointer -funroll-all-loops -finline-functions
FAIL: gcc.c-torture/execute/20010119-1.c compilation, -O3 -g
FAIL: gcc.c-torture/execute/20010119-1.c compilation, -Os
FAIL: gcc.c-torture/execute/20010122-1.c execution, -O0
FAIL: gcc.c-torture/execute/20010122-1.c execution, -O1
FAIL: gcc.c-torture/execute/20010122-1.c execution, -O2
FAIL: gcc.c-torture/execute/20010122-1.c execution, -O3 -fomit-frame-pointer
FAIL: gcc.c-torture/execute/20010122-1.c execution, -O3 -fomit-frame-pointer -funroll-loops
FAIL: gcc.c-torture/execute/20010122-1.c execution, -O3 -fomit-frame-pointer -funroll-all-loops -finline-functions
FAIL: gcc.c-torture/execute/20010122-1.c execution, -O3 -g
FAIL: gcc.c-torture/execute/20010122-1.c execution, -Os
XPASS: gcc.c-torture/execute/loop-2b.c execution, -O0
XPASS: gcc.c-torture/execute/loop-2b.c execution, -O1
XPASS: gcc.c-torture/execute/loop-2b.c execution, -O2
XPASS: gcc.c-torture/execute/loop-2b.c execution, -O3 -fomit-frame-pointer
XPASS: gcc.c-torture/execute/loop-2b.c execution, -O3 -fomit-frame-pointer -funroll-loops
XPASS: gcc.c-torture/execute/loop-2b.c execution, -O3 -fomit-frame-pointer -funroll-all-loops -finline-functions
XPASS: gcc.c-torture/execute/loop-2b.c execution, -O3 -g
XPASS: gcc.c-torture/execute/loop-2b.c execution, -Os
FAIL: gcc.c-torture/execute/strct-stdarg-1.c execution, -O0
FAIL: gcc.c-torture/execute/strct-stdarg-1.c execution, -O1
FAIL: gcc.c-torture/execute/strct-stdarg-1.c execution, -O2
FAIL: gcc.c-torture/execute/strct-stdarg-1.c execution, -O3 -fomit-frame-pointer
FAIL: gcc.c-torture/execute/strct-stdarg-1.c execution, -O3 -fomit-frame-pointer -funroll-loops
FAIL: gcc.c-torture/execute/strct-stdarg-1.c execution, -O3 -fomit-frame-pointer -funroll-all-loops -finline-functions
FAIL: gcc.c-torture/execute/strct-stdarg-1.c execution, -O3 -g
FAIL: gcc.c-torture/execute/strct-stdarg-1.c execution, -Os
FAIL: gcc.c-torture/execute/ieee/mzero2.c execution, -O1
FAIL: gcc.c-torture/execute/ieee/mzero2.c execution, -O2
FAIL: gcc.c-torture/execute/ieee/mzero2.c execution, -O3 -fomit-frame-pointer
FAIL: gcc.c-torture/execute/ieee/mzero2.c execution, -O3 -g
FAIL: gcc.c-torture/execute/ieee/mzero2.c execution, -Os
FAIL: gcc.dg/asm-fs-1.c (test for excess errors)
FAIL: gcc.dg/asm-names.c (test for excess errors)
=== gcc Summary for unix ===
# of expected passes 15029
# of unexpected failures 35
# of unexpected successes 14
# of expected failures 81
# of unresolved testcases 10
# of unsupported tests 57
Running target unix/-march=1.0
FAIL: gcc.c-torture/compile/20001226-1.c, -O1
FAIL: gcc.c-torture/compile/20001226-1.c, -O2
FAIL: gcc.c-torture/compile/20001226-1.c, -O3 -fomit-frame-pointer
FAIL: gcc.c-torture/compile/20001226-1.c, -O3 -g
FAIL: gcc.c-torture/compile/20001226-1.c, -Os
XPASS: gcc.c-torture/execute/20010114-2.c execution, -O0
XPASS: gcc.c-torture/execute/20010114-2.c execution, -O1
XPASS: gcc.c-torture/execute/20010114-2.c execution, -O2
XPASS: gcc.c-torture/execute/20010114-2.c execution, -O3 -fomit-frame-pointer
XPASS: gcc.c-torture/execute/20010114-2.c execution, -O3 -g
XPASS: gcc.c-torture/execute/20010114-2.c execution, -Os
FAIL: gcc.c-torture/execute/20010119-1.c compilation, -O1
FAIL: gcc.c-torture/execute/20010119-1.c compilation, -O2
FAIL: gcc.c-torture/execute/20010119-1.c compilation, -O3 -fomit-frame-pointer
FAIL: gcc.c-torture/execute/20010119-1.c compilation, -O3 -fomit-frame-pointer -funroll-loops
FAIL: gcc.c-torture/execute/20010119-1.c compilation, -O3 -fomit-frame-pointer -funroll-all-loops -finline-functions
FAIL: gcc.c-torture/execute/20010119-1.c compilation, -O3 -g
FAIL: gcc.c-torture/execute/20010119-1.c compilation, -Os
FAIL: gcc.c-torture/execute/20010122-1.c execution, -O0
FAIL: gcc.c-torture/execute/20010122-1.c execution, -O1
FAIL: gcc.c-torture/execute/20010122-1.c execution, -O2
FAIL: gcc.c-torture/execute/20010122-1.c execution, -O3 -fomit-frame-pointer
FAIL: gcc.c-torture/execute/20010122-1.c execution, -O3 -fomit-frame-pointer -funroll-loops
FAIL: gcc.c-torture/execute/20010122-1.c execution, -O3 -fomit-frame-pointer -funroll-all-loops -finline-functions
FAIL: gcc.c-torture/execute/20010122-1.c execution, -O3 -g
FAIL: gcc.c-torture/execute/20010122-1.c execution, -Os
FAIL: gcc.c-torture/execute/961223-1.c compilation, -O0
FAIL: gcc.c-torture/execute/961223-1.c compilation, -O1
FAIL: gcc.c-torture/execute/961223-1.c compilation, -O2
FAIL: gcc.c-torture/execute/961223-1.c compilation, -O3 -fomit-frame-pointer
FAIL: gcc.c-torture/execute/961223-1.c compilation, -O3 -g
FAIL: gcc.c-torture/execute/961223-1.c compilation, -Os
FAIL: gcc.c-torture/execute/991019-1.c compilation, -O1
FAIL: gcc.c-torture/execute/991019-1.c compilation, -O2
FAIL: gcc.c-torture/execute/991019-1.c compilation, -O3 -fomit-frame-pointer
FAIL: gcc.c-torture/execute/991019-1.c compilation, -O3 -fomit-frame-pointer -funroll-loops
FAIL: gcc.c-torture/execute/991019-1.c compilation, -O3 -fomit-frame-pointer -funroll-all-loops -finline-functions
FAIL: gcc.c-torture/execute/991019-1.c compilation, -O3 -g
FAIL: gcc.c-torture/execute/991019-1.c compilation, -Os
FAIL: gcc.c-torture/execute/complex-5.c execution, -O0
FAIL: gcc.c-torture/execute/complex-5.c execution, -O1
FAIL: gcc.c-torture/execute/complex-5.c execution, -O2
FAIL: gcc.c-torture/execute/complex-5.c execution, -Os
XPASS: gcc.c-torture/execute/loop-2b.c execution, -O0
XPASS: gcc.c-torture/execute/loop-2b.c execution, -O1
XPASS: gcc.c-torture/execute/loop-2b.c execution, -O2
XPASS: gcc.c-torture/execute/loop-2b.c execution, -O3 -fomit-frame-pointer
XPASS: gcc.c-torture/execute/loop-2b.c execution, -O3 -fomit-frame-pointer -funroll-loops
XPASS: gcc.c-torture/execute/loop-2b.c execution, -O3 -fomit-frame-pointer -funroll-all-loops -finline-functions
XPASS: gcc.c-torture/execute/loop-2b.c execution, -O3 -g
XPASS: gcc.c-torture/execute/loop-2b.c execution, -Os
FAIL: gcc.c-torture/execute/strct-pack-1.c compilation, -O0
FAIL: gcc.c-torture/execute/strct-stdarg-1.c execution, -O0
FAIL: gcc.c-torture/execute/strct-stdarg-1.c execution, -O1
FAIL: gcc.c-torture/execute/strct-stdarg-1.c execution, -O2
FAIL: gcc.c-torture/execute/strct-stdarg-1.c execution, -O3 -fomit-frame-pointer
FAIL: gcc.c-torture/execute/strct-stdarg-1.c execution, -O3 -fomit-frame-pointer -funroll-loops
FAIL: gcc.c-torture/execute/strct-stdarg-1.c execution, -O3 -fomit-frame-pointer -funroll-all-loops -finline-functions
FAIL: gcc.c-torture/execute/strct-stdarg-1.c execution, -O3 -g
FAIL: gcc.c-torture/execute/strct-stdarg-1.c execution, -Os
FAIL: gcc.c-torture/execute/ieee/mzero2.c execution, -O1
FAIL: gcc.c-torture/execute/ieee/mzero2.c execution, -O2
FAIL: gcc.c-torture/execute/ieee/mzero2.c execution, -O3 -fomit-frame-pointer
FAIL: gcc.c-torture/execute/ieee/mzero2.c execution, -O3 -g
FAIL: gcc.c-torture/execute/ieee/mzero2.c execution, -Os
FAIL: gcc.dg/asm-fs-1.c (test for excess errors)
FAIL: gcc.dg/asm-names.c (test for excess errors)
=== gcc Summary for unix/-march=1.0 ===
# of expected passes 14997
# of unexpected failures 53
# of unexpected successes 14
# of expected failures 81
# of unresolved testcases 24
# of unsupported tests 57
=== gcc Summary ===
# of expected passes 30026
# of unexpected failures 88
# of unexpected successes 28
# of expected failures 162
# of unresolved testcases 34
# of unsupported tests 114
/devel/src/gcc-20010521.chk/gcc/xgcc version 3.0 20010521 (prerelease)
=== g++ tests ===
Running target unix
FAIL: g++.dg/mangle1.C scan-assembler
FAIL: g++.dg/mangle1.C scan-assembler
FAIL: g++.dg/mangle1.C scan-assembler
FAIL: g++.dg/mangle1.C scan-assembler
FAIL: g++.dg/mangle1.C scan-assembler
FAIL: g++.dg/mangle1.C scan-assembler
FAIL: g++.dg/mangle1.C scan-assembler
FAIL: g++.dg/mangle1.C scan-assembler
FAIL: g++.dg/mangle1.C scan-assembler
FAIL: g++.dg/mangle1.C scan-assembler
FAIL: g++.dg/mangle1.C scan-assembler
FAIL: g++.dg/mangle1.C scan-assembler
FAIL: g++.dg/mangle1.C scan-assembler
FAIL: g++.dg/mangle1.C scan-assembler
FAIL: g++.dg/mangle1.C scan-assembler
FAIL: g++.ext/instantiate1.C not instantiated (test for errors, line 20)
FAIL: g++.ext/instantiate1.C not instantiated (test for errors, line 22)
XPASS: g++.oliva/delete3.C Execution test
XPASS: g++.other/crash27.C (test for excess errors)
FAIL: g++.other/headers1.C (test for excess errors)
FAIL: g++.other/mangle3.C (test for excess errors)
=== g++ Summary for unix ===
# of expected passes 6399
# of unexpected failures 19
# of unexpected successes 2
# of expected failures 114
# of untested testcases 20
Running target unix/-march=1.0
FAIL: g++.dg/mangle1.C scan-assembler
FAIL: g++.dg/mangle1.C scan-assembler
FAIL: g++.dg/mangle1.C scan-assembler
FAIL: g++.dg/mangle1.C scan-assembler
FAIL: g++.dg/mangle1.C scan-assembler
FAIL: g++.dg/mangle1.C scan-assembler
FAIL: g++.dg/mangle1.C scan-assembler
FAIL: g++.dg/mangle1.C scan-assembler
FAIL: g++.dg/mangle1.C scan-assembler
FAIL: g++.dg/mangle1.C scan-assembler
FAIL: g++.dg/mangle1.C scan-assembler
FAIL: g++.dg/mangle1.C scan-assembler
FAIL: g++.dg/mangle1.C scan-assembler
FAIL: g++.dg/mangle1.C scan-assembler
FAIL: g++.dg/mangle1.C scan-assembler
FAIL: g++.ext/instantiate1.C not instantiated (test for errors, line 20)
FAIL: g++.ext/instantiate1.C not instantiated (test for errors, line 22)
FAIL: g++.law/cvt2.C (test for excess errors)
FAIL: g++.law/dtors3.C (test for excess errors)
XPASS: g++.oliva/delete3.C Execution test
XPASS: g++.other/crash27.C (test for excess errors)
FAIL: g++.other/headers1.C (test for excess errors)
FAIL: g++.other/mangle3.C (test for excess errors)
=== g++ Summary for unix/-march=1.0 ===
# of expected passes 6396
# of unexpected failures 21
# of unexpected successes 2
# of expected failures 115
# of untested testcases 20
=== g++ Summary ===
# of expected passes 12795
# of unexpected failures 40
# of unexpected successes 4
# of expected failures 229
# of untested testcases 40
/devel/src/gcc-20010521.chk/gcc/testsuite/../g++ version 3.0 20010521 (prerelease)
=== g77 tests ===
Running target unix
FAIL: g77.f-torture/compile/alpha1.f, -O0
FAIL: g77.f-torture/compile/alpha1.f, -O1
FAIL: g77.f-torture/compile/alpha1.f, -O2
FAIL: g77.f-torture/compile/alpha1.f, -O3 -fomit-frame-pointer
FAIL: g77.f-torture/compile/alpha1.f, -O3 -g
FAIL: g77.f-torture/compile/alpha1.f, -Os
FAIL: g77.f-torture/execute/io0.f execution, -O0
FAIL: g77.f-torture/execute/io0.f execution, -O1
FAIL: g77.f-torture/execute/io0.f execution, -O2
FAIL: g77.f-torture/execute/io0.f execution, -O3 -fomit-frame-pointer
FAIL: g77.f-torture/execute/io0.f execution, -O3 -g
FAIL: g77.f-torture/execute/io0.f execution, -Os
FAIL: g77.f-torture/execute/io1.f execution, -O0
FAIL: g77.f-torture/execute/io1.f execution, -O1
FAIL: g77.f-torture/execute/io1.f execution, -O2
FAIL: g77.f-torture/execute/io1.f execution, -O3 -fomit-frame-pointer
FAIL: g77.f-torture/execute/io1.f execution, -O3 -g
FAIL: g77.f-torture/execute/io1.f execution, -Os
=== g77 Summary for unix ===
# of expected passes 915
# of unexpected failures 18
# of unsupported tests 8
Running target unix/-march=1.0
FAIL: g77.f-torture/compile/alpha1.f, -O0
FAIL: g77.f-torture/compile/alpha1.f, -O1
FAIL: g77.f-torture/compile/alpha1.f, -O2
FAIL: g77.f-torture/compile/alpha1.f, -O3 -fomit-frame-pointer
FAIL: g77.f-torture/compile/alpha1.f, -O3 -g
FAIL: g77.f-torture/compile/alpha1.f, -Os
FAIL: g77.f-torture/execute/19990826-2.f execution, -O0
FAIL: g77.f-torture/execute/io0.f execution, -O0
FAIL: g77.f-torture/execute/io0.f execution, -O1
FAIL: g77.f-torture/execute/io0.f execution, -O2
FAIL: g77.f-torture/execute/io0.f execution, -O3 -fomit-frame-pointer
FAIL: g77.f-torture/execute/io0.f execution, -O3 -g
FAIL: g77.f-torture/execute/io0.f execution, -Os
FAIL: g77.f-torture/execute/io1.f execution, -O0
FAIL: g77.f-torture/execute/io1.f execution, -O1
FAIL: g77.f-torture/execute/io1.f execution, -O2
FAIL: g77.f-torture/execute/io1.f execution, -O3 -fomit-frame-pointer
FAIL: g77.f-torture/execute/io1.f execution, -O3 -g
FAIL: g77.f-torture/execute/io1.f execution, -Os
=== g77 Summary for unix/-march=1.0 ===
# of expected passes 914
# of unexpected failures 19
# of unsupported tests 8
=== g77 Summary ===
# of expected passes 1829
# of unexpected failures 37
# of unsupported tests 16
=== objc tests ===
Running target unix
=== objc Summary for unix ===
# of expected passes 145
# of expected failures 1
Running target unix/-march=1.0
=== objc Summary for unix/-march=1.0 ===
# of expected passes 145
# of expected failures 1
=== objc Summary ===
# of expected passes 290
# of expected failures 2
/devel/src/gcc-20010521.chk/gcc/xgcc version 3.0 20010521 (prerelease)
Compiler version: 3.0 20010521 (prerelease)
Platform: hppa1.1-hp-hpux11.00
configure flags: --host=hppa1.1-hp-hpux11.00 --enable-checking --with-gnu-as --with-as=/usr/local/bin/as
Counting all warnings,
there are 3025 warnings in stage3 of this bootstrap.
Number of warnings per file:
566 gcc/f/expr.c
518 gcc/f/com.c
414 gcc/f/stc.c
276 gcc/f/std.c
170 gcc/f/ste.c
112 gcc/f/data.c
102 gcc/f/bld.c
100 gcc/f/stu.c
98 gcc/f/lex.c
60 gcc/f/equiv.c
54 gcc/f/symbol.c
52 gcc/f/intrin.c
46 gcc/f/target.c
44 gcc/f/sta.c
36 gcc/f/stb.c
27 gcc/combine.c
24 gcc/f/info.c
23 gcc/expr.c
20 gcc/f/stw.c
18 gcc/f/global.c
14 gcc/f/name.c
14 gcc/config/pa/pa.c
12 gcc/f/where.c
12 gcc/f/top.c
11 gcc/recog.c
11 gcc/calls.c
10 gcc/reload.c
10 gcc/f/fini.c
9 quadlib.c
9 gcc/reload1.c
8 gcc/f/malloc.c
7 gcc/varasm.c
6 gcc/java/jcf-depend.c
6 gcc/function.c
6 gcc/f/type.c
6 gcc/f/storag.c
6 gcc/f/src.c
6 gcc/f/bit.c
6 gcc/f/bad.c
6 gcc/cse.c
6 gcc/cp/pt.c
5 gcc/gcc.c
5 gcc/cp/error.c
4 gcc/java/lex.c
4 gcc/intl/localealias.c
4 gcc/intl/l10nflist.c
4 gcc/f/stt.c
4 gcc/cp/call.c
3 gcc/unwind-sjlj.c
3 gcc/libgcc2.c
3 gcc/dwarf2asm.c
2 gcc/regmove.c
2 gcc/fold-const.c
2 gcc/f/implic.c
2 gcc/except.c
2 gcc/alias.c
2 f/str-ot.j
2 f/str-op.j
2 f/str-nq.j
2 f/str-io.j
2 f/str-fo.j
2 f/str-2t.j
2 f/str-1t.j
2 alloca.c
1 insn-output.c
1 gcc/unwind-pe.h
1 gcc/sched-deps.c
1 gcc/regclass.c
1 gcc/objc/lang-specs.h
1 gcc/jump.c
1 gcc/java/jvspec.c
1 gcc/intl/dcgettext.c
1 gcc/gengenrtl.c
1 gcc/gencheck.c
1 gcc/flow.c
1 gcc/final.c
1 gcc/f/lang-specs.h
1 gcc/expmed.c
1 gcc/cppexp.c
1 gcc/cp/typeck2.c
1 gcc/cp/lang-specs.h
1 gcc/cp/init.c
1 gcc/cp/errfn.c
Number of warning types:
2822 passing arg ??? of \`???' discards qualifiers from pointer target type
66 comparison between signed and unsigned
42 integer constant larger than the maximum value of an unsigned long int
30 signed and unsigned type in conditional expression
13 \`???' might be used uninitialized in this function
9 no previous prototype for \`???'
7 function declaration isn't a prototype
6 unused parameter \`???'
6 string length \`???' is greater than the length \`???' ISO C89 compilers are required to support
6 ??? format, ??? arg (arg ???)
5 initialization from incompatible pointer type
4 passing arg ??? of \`???' from incompatible pointer type
3 pointer targets in passing arg ??? of \`???' differ in signedness
2 unused variable \`???'
2 \`???' defined but not used
1 suggest not using #elif in traditional C
1 \`long' switch expression not converted to \`int' in ISO C