This is the mail archive of the
gcc-testresults@gcc.gnu.org
mailing list for the GCC project.
Results for 3.0 20010521 (prerelease) testsuite on i586-sco-sysv5uw7.1.0
- To: gcc-testresults at gcc dot gnu dot org
- Subject: Results for 3.0 20010521 (prerelease) testsuite on i586-sco-sysv5uw7.1.0
- From: rbrown64 at csc dot com dot au
- Date: Tue, 22 May 2001 23:26:37 +1000
Native configuration is i586-sco-sysv5uw7.1.0
=== libstdc++-v3 tests ===
Running target unix
FAIL: 17_intro/header_ciso646.cc (test for excess errors)
FAIL: 17_intro/headers.cc (test for excess errors)
FAIL: 17_intro/headers_c++.cc (test for excess errors)
FAIL: 17_intro/headers_c.cc (test for excess errors)
FAIL: 21_strings/c_strings.cc (test for excess errors)
FAIL: 22_locale/codecvt_unicode_char.cc execution test
FAIL: 22_locale/codecvt_unicode_wchar_t.cc execution test
FAIL: 22_locale/codecvt_wchar_t_char.cc execution test
FAIL: 22_locale/ctype_char_members.cc execution test
XPASS: 26_numerics/c99_classification_macros_c.cc (test for excess errors)
FAIL: 27_io/filebuf_members.cc execution test
FAIL: 27_io/ifstream_members.cc execution test
FAIL: 27_io/narrow_stream_objects.cc (test for excess errors)
FAIL: 27_io/wide_stream_objects.cc (test for excess errors)
=== libstdc++-v3 Summary for unix ===
# of expected passes 208
# of unexpected failures 13
# of unexpected successes 1
# of expected failures 7
Running target unix/-march=i486
FAIL: 17_intro/header_ciso646.cc (test for excess errors)
FAIL: 17_intro/headers.cc (test for excess errors)
FAIL: 17_intro/headers_c++.cc (test for excess errors)
FAIL: 17_intro/headers_c.cc (test for excess errors)
FAIL: 21_strings/c_strings.cc (test for excess errors)
FAIL: 22_locale/codecvt_unicode_char.cc execution test
FAIL: 22_locale/codecvt_unicode_wchar_t.cc execution test
FAIL: 22_locale/codecvt_wchar_t_char.cc execution test
FAIL: 22_locale/ctype_char_members.cc execution test
XPASS: 26_numerics/c99_classification_macros_c.cc (test for excess errors)
FAIL: 27_io/filebuf_members.cc execution test
FAIL: 27_io/ifstream_members.cc execution test
FAIL: 27_io/narrow_stream_objects.cc (test for excess errors)
FAIL: 27_io/wide_stream_objects.cc (test for excess errors)
=== libstdc++-v3 Summary for unix/-march=i486 ===
# of expected passes 208
# of unexpected failures 13
# of unexpected successes 1
# of expected failures 7
Running target unix/-march=i386
FAIL: 17_intro/header_ciso646.cc (test for excess errors)
FAIL: 17_intro/headers.cc (test for excess errors)
FAIL: 17_intro/headers_c++.cc (test for excess errors)
FAIL: 17_intro/headers_c.cc (test for excess errors)
FAIL: 21_strings/c_strings.cc (test for excess errors)
FAIL: 22_locale/codecvt_unicode_char.cc execution test
FAIL: 22_locale/codecvt_unicode_wchar_t.cc execution test
FAIL: 22_locale/codecvt_wchar_t_char.cc execution test
FAIL: 22_locale/ctype_char_members.cc execution test
XPASS: 26_numerics/c99_classification_macros_c.cc (test for excess errors)
FAIL: 27_io/filebuf_members.cc execution test
FAIL: 27_io/ifstream_members.cc execution test
FAIL: 27_io/narrow_stream_objects.cc (test for excess errors)
FAIL: 27_io/wide_stream_objects.cc (test for excess errors)
=== libstdc++-v3 Summary for unix/-march=i386 ===
# of expected passes 208
# of unexpected failures 13
# of unexpected successes 1
# of expected failures 7
=== libstdc++-v3 Summary ===
# of expected passes 624
# of unexpected failures 39
# of unexpected successes 3
# of expected failures 21
=== gcc tests ===
Running target unix
FAIL: gcc.c-torture/compile/20001226-1.c, -Os
XPASS: gcc.c-torture/execute/20010114-2.c execution, -O0
XPASS: gcc.c-torture/execute/20010114-2.c execution, -O3 -fomit-frame-pointer
XPASS: gcc.c-torture/execute/20010114-2.c execution, -O3 -g
XPASS: gcc.c-torture/execute/loop-2b.c execution, -O0
XPASS: gcc.c-torture/execute/loop-2b.c execution, -O1
XPASS: gcc.c-torture/execute/loop-2b.c execution, -O3 -fomit-frame-pointer
XPASS: gcc.c-torture/execute/loop-2b.c execution, -O3 -fomit-frame-pointer -funroll-loops
XPASS: gcc.c-torture/execute/loop-2b.c execution, -O3 -fomit-frame-pointer -funroll-all-loops -finline-functions
XPASS: gcc.c-torture/execute/loop-2b.c execution, -O3 -g
XPASS: gcc.c-torture/execute/loop-2b.c execution, -Os
=== gcc Summary for unix ===
# of expected passes 15126
# of unexpected failures 1
# of unexpected successes 10
# of expected failures 91
# of unsupported tests 24
Running target unix/-march=i486
FAIL: gcc.c-torture/compile/20001226-1.c, -Os
XPASS: gcc.c-torture/execute/20010114-2.c execution, -O0
XPASS: gcc.c-torture/execute/20010114-2.c execution, -O3 -fomit-frame-pointer
XPASS: gcc.c-torture/execute/20010114-2.c execution, -O3 -g
XPASS: gcc.c-torture/execute/loop-2b.c execution, -O0
XPASS: gcc.c-torture/execute/loop-2b.c execution, -O1
XPASS: gcc.c-torture/execute/loop-2b.c execution, -O3 -fomit-frame-pointer
XPASS: gcc.c-torture/execute/loop-2b.c execution, -O3 -fomit-frame-pointer -funroll-loops
XPASS: gcc.c-torture/execute/loop-2b.c execution, -O3 -fomit-frame-pointer -funroll-all-loops -finline-functions
XPASS: gcc.c-torture/execute/loop-2b.c execution, -O3 -g
XPASS: gcc.c-torture/execute/loop-2b.c execution, -Os
=== gcc Summary for unix/-march=i486 ===
# of expected passes 15126
# of unexpected failures 1
# of unexpected successes 10
# of expected failures 91
# of unsupported tests 24
Running target unix/-march=i386
FAIL: gcc.c-torture/compile/20001226-1.c, -Os
XPASS: gcc.c-torture/execute/20010114-2.c execution, -O0
XPASS: gcc.c-torture/execute/20010114-2.c execution, -O3 -fomit-frame-pointer
XPASS: gcc.c-torture/execute/20010114-2.c execution, -O3 -g
XPASS: gcc.c-torture/execute/loop-2b.c execution, -O0
XPASS: gcc.c-torture/execute/loop-2b.c execution, -O1
XPASS: gcc.c-torture/execute/loop-2b.c execution, -O3 -fomit-frame-pointer
XPASS: gcc.c-torture/execute/loop-2b.c execution, -O3 -fomit-frame-pointer -funroll-loops
XPASS: gcc.c-torture/execute/loop-2b.c execution, -O3 -fomit-frame-pointer -funroll-all-loops -finline-functions
XPASS: gcc.c-torture/execute/loop-2b.c execution, -O3 -g
XPASS: gcc.c-torture/execute/loop-2b.c execution, -Os
=== gcc Summary for unix/-march=i386 ===
# of expected passes 15126
# of unexpected failures 1
# of unexpected successes 10
# of expected failures 91
# of unsupported tests 24
=== gcc Summary ===
# of expected passes 45378
# of unexpected failures 3
# of unexpected successes 30
# of expected failures 273
# of unsupported tests 72
/devel/src/gcc-20010521.chk/gcc/xgcc version 3.0 20010521 (prerelease)
=== g++ tests ===
Running target unix
FAIL: g++.law/profile1.C (test for excess errors)
XPASS: g++.oliva/delete3.C Execution test
XPASS: g++.other/crash27.C (test for excess errors)
FAIL: g++.other/headers1.C (test for excess errors)
XPASS: g++.pt/decl2.C ICE - (test for errors, line 8)
=== g++ Summary for unix ===
# of expected passes 6441
# of unexpected failures 2
# of unexpected successes 3
# of expected failures 103
# of untested testcases 15
Running target unix/-march=i486
FAIL: g++.law/profile1.C (test for excess errors)
XPASS: g++.oliva/delete3.C Execution test
XPASS: g++.other/crash27.C (test for excess errors)
FAIL: g++.other/headers1.C (test for excess errors)
XPASS: g++.pt/decl2.C ICE - (test for errors, line 8)
=== g++ Summary for unix/-march=i486 ===
# of expected passes 6441
# of unexpected failures 2
# of unexpected successes 3
# of expected failures 103
# of untested testcases 15
Running target unix/-march=i386
FAIL: g++.law/profile1.C (test for excess errors)
XPASS: g++.oliva/delete3.C Execution test
XPASS: g++.other/crash27.C (test for excess errors)
FAIL: g++.other/headers1.C (test for excess errors)
XPASS: g++.pt/decl2.C ICE - (test for errors, line 8)
=== g++ Summary for unix/-march=i386 ===
# of expected passes 6441
# of unexpected failures 2
# of unexpected successes 3
# of expected failures 103
# of untested testcases 15
=== g++ Summary ===
# of expected passes 19323
# of unexpected failures 6
# of unexpected successes 9
# of expected failures 309
# of untested testcases 45
/devel/src/gcc-20010521.chk/gcc/testsuite/../g++ version 3.0 20010521 (prerelease)
=== g77 tests ===
Running target unix
XPASS: g77.f-torture/compile/20000629-1.f, -O3 -fomit-frame-pointer -funroll-loops
XPASS: g77.f-torture/compile/20000629-1.f, -O3 -fomit-frame-pointer -funroll-all-loops -finline-functions
=== g77 Summary for unix ===
# of expected passes 931
# of unexpected successes 2
# of unsupported tests 8
Running target unix/-march=i486
XPASS: g77.f-torture/compile/20000629-1.f, -O3 -fomit-frame-pointer -funroll-loops
XPASS: g77.f-torture/compile/20000629-1.f, -O3 -fomit-frame-pointer -funroll-all-loops -finline-functions
=== g77 Summary for unix/-march=i486 ===
# of expected passes 931
# of unexpected successes 2
# of unsupported tests 8
Running target unix/-march=i386
XPASS: g77.f-torture/compile/20000629-1.f, -O3 -fomit-frame-pointer -funroll-loops
XPASS: g77.f-torture/compile/20000629-1.f, -O3 -fomit-frame-pointer -funroll-all-loops -finline-functions
=== g77 Summary for unix/-march=i386 ===
# of expected passes 931
# of unexpected successes 2
# of unsupported tests 8
=== g77 Summary ===
# of expected passes 2793
# of unexpected successes 6
# of unsupported tests 24
=== objc tests ===
Running target unix
=== objc Summary for unix ===
# of expected passes 145
# of expected failures 1
Running target unix/-march=i486
=== objc Summary for unix/-march=i486 ===
# of expected passes 145
# of expected failures 1
Running target unix/-march=i386
=== objc Summary for unix/-march=i386 ===
# of expected passes 145
# of expected failures 1
=== objc Summary ===
# of expected passes 435
# of expected failures 3
/devel/src/gcc-20010521.chk/gcc/xgcc version 3.0 20010521 (prerelease)
Compiler version: 3.0 20010521 (prerelease)
Platform: i586-sco-sysv5uw7.1.0
configure flags: --host=i586-sco-sysv5uw7.1.0 --enable-checking --with-gnu-as --with-as=/usr/local/bin/as --with-gnu-ld --with-ld=/usr/local/bin/ld
Counting all warnings,
there are 141 warnings in stage3 of this bootstrap.
Number of warnings per file:
28 gcc/combine.c
19 gcc/dwarfout.c
10 gcc/reg-stack.c
7 gcc/varasm.c
6 gcc/cp/pt.c
5 gcc/except.c
5 gcc/cse.c
5 gcc/cp/error.c
4 gcc/unwind-dw2.c
4 gcc/java/lex.c
4 gcc/gcc.c
4 gcc/cp/call.c
3 insn-emit.c
3 gcc/reload1.c
3 gcc/config/i386/i386.md
3 gcc/config/i386/i386.c
2 gcc/reload.c
2 gcc/function.c
2 gcc/fold-const.c
2 gcc/expr.c
2 gcc/alias.c
1 gcc/unwind-dw2-fde.c
1 gcc/sched-deps.c
1 gcc/regmove.c
1 gcc/objc/lang-specs.h
1 gcc/libgcc2.c
1 gcc/java/jvspec.c
1 gcc/intl/localealias.c
1 gcc/intl/dcgettext.c
1 gcc/flow.c
1 gcc/final.c
1 gcc/f/lang-specs.h
1 gcc/expmed.c
1 gcc/dwarf2out.c
1 gcc/dwarf2asm.c
1 gcc/cp/typeck2.c
1 gcc/cp/lang-specs.h
1 gcc/cp/init.c
1 gcc/cp/errfn.c
Number of warning types:
77 comparison between signed and unsigned
14 \`???' might be used uninitialized in this function
7 string length \`???' is greater than the length \`???' ISO C89 compilers are required to support
7 signed and unsigned type in conditional expression
7 ??? format, ??? arg (arg ???)
6 passing arg ??? of \`???' from incompatible pointer type
6 implicit declaration of function \`???'
5 initialization from incompatible pointer type
3 unused variable \`???'
2 destination missing a mode?
1 unused parameter \`???'
1 suggest not using #elif in traditional C
1 pointer targets in passing arg ??? of \`???' differ in signedness
1 passing arg ??? of \`???' discards qualifiers from pointer target type
1 operand 0 missing mode?
1 function declaration isn't a prototype
1 \`???' defined but not used