This is the mail archive of the
gcc-testresults@gcc.gnu.org
mailing list for the GCC project.
Results for 3.1 20010518 (experimental) testsuite on i686-pc-linux-gnu
- To: gcc-testresults at gcc dot gnu dot org
- Subject: Results for 3.1 20010518 (experimental) testsuite on i686-pc-linux-gnu
- From: Michael Ritzert <michael dot ritzert at realtech dot de>
- Date: Sat, 19 May 2001 11:00:26 +0200
Native configuration is i686-pc-linux-gnu
=== libstdc++-v3 tests ===
Running target unix
FAIL: 21_strings/c_strings.cc (test for excess errors)
FAIL: 21_strings/ctor_copy_dtor.cc execution test
FAIL: 21_strings/insert.cc execution test
FAIL: 22_locale/codecvt_unicode_char.cc execution test
FAIL: 22_locale/codecvt_unicode_wchar_t.cc execution test
=== libstdc++-v3 Summary ===
# of expected passes 221
# of unexpected failures 5
# of expected failures 8
=== gcc tests ===
Running target unix
FAIL: gcc.c-torture/execute/20010114-2.c execution, -O1
FAIL: gcc.c-torture/execute/20010114-2.c execution, -O2
FAIL: gcc.c-torture/execute/20010114-2.c execution, -Os
FAIL: gcc.c-torture/execute/loop-2b.c execution, -O2
=== gcc Summary ===
# of expected passes 15292
# of unexpected failures 4
# of expected failures 84
# of unsupported tests 21
/home/ritzert/compile/gcc/HEAD/apathix.realtech.de-auto/gcc/xgcc version 3.1 20010518 (experimental)
=== g++ tests ===
Running target unix
FAIL: g++.ext/instantiate1.C not instantiated (test for errors, line 20)
XPASS: g++.other/crash27.C (test for excess errors)
=== g++ Summary ===
# of expected passes 6477
# of unexpected failures 1
# of unexpected successes 1
# of expected failures 101
# of untested testcases 9
/home/ritzert/compile/gcc/HEAD/apathix.realtech.de-auto/gcc/testsuite/../g++ version 3.1 20010518 (experimental)
Compiler version: 3.1 20010518 (experimental)
Platform: i686-pc-linux-gnu
configure flags: --host=i686-pc-linux-gnu --enable-languages=c++ --enable-threads --prefix=/opt/gcc