This is the mail archive of the
gcc-testresults@gcc.gnu.org
mailing list for the GCC project.
Results for 3.1 20010515 (experimental) testsuite on i686-pc-linux-gnu
- To: gcc-testresults at gcc dot gnu dot org
- Subject: Results for 3.1 20010515 (experimental) testsuite on i686-pc-linux-gnu
- From: aj at suse dot de (Andreas Jaeger)
- Date: Wed, 16 May 2001 07:01:20 +0200 (CEST)
Native configuration is i686-pc-linux-gnu
=== libstdc++-v3 tests ===
Running target unix
FAIL: 21_strings/c_strings.cc (test for excess errors)
XPASS: 21_strings/inserters_extractors.cc (test for warnings, line 45)
XPASS: 23_containers/map_operators.cc (test for errors, line 43)
XPASS: 23_containers/map_operators.cc (test for errors, line 44)
XPASS: 27_io/istream_unformatted.cc (test for warnings, line 146)
XPASS: 27_io/istream_unformatted.cc (test for warnings, line 238)
XPASS: 27_io/istream_unformatted.cc (test for warnings, line 364)
XPASS: 27_io/stringstream.cc (test for warnings, line 52)
=== libstdc++-v3 Summary ===
# of expected passes 223
# of unexpected failures 1
# of unexpected successes 7
# of expected failures 7
=== libjava tests ===
Running target unix
XPASS: N19990310_4 output from source compiled test
XPASS: N19990310_4 -O output from source compiled test
XPASS: stringconst output from bytecode->native test
XPASS: stringconst -O output from bytecode->native test
=== libjava Summary ===
# of expected passes 1668
# of unexpected successes 4
# of expected failures 18
# of untested testcases 26
=== gcc tests ===
Running target unix
FAIL: gcc.c-torture/execute/20010114-2.c execution, -O1
FAIL: gcc.c-torture/execute/20010114-2.c execution, -O2
FAIL: gcc.c-torture/execute/20010114-2.c execution, -Os
FAIL: gcc.c-torture/execute/loop-2b.c execution, -O2
FAIL: gcc.dg/format/c99-strftime-1.c bad %O% (test for warnings, line 96)
FAIL: gcc.dg/format/c99-strftime-1.c (test for excess errors)
=== gcc Summary ===
# of expected passes 15275
# of unexpected failures 6
# of expected failures 84
# of unsupported tests 21
/builds/gcc/gcc-3.1-devel/gcc/xgcc version 3.1 20010515 (experimental)
=== g++ tests ===
Running target unix
FAIL: g++.ext/instantiate1.C not instantiated (test for errors, line 20)
XPASS: g++.other/crash27.C (test for excess errors)
FAIL: g++.robertl/eb130.C (test for excess errors)
FAIL: g++.robertl/eb27.C (test for excess errors)
=== g++ Summary ===
# of expected passes 6462
# of unexpected failures 3
# of unexpected successes 1
# of expected failures 103
# of untested testcases 9
/builds/gcc/gcc-3.1-devel/gcc/testsuite/../g++ version 3.1 20010515 (experimental)
=== g77 tests ===
Running target unix
=== g77 Summary ===
# of expected passes 975
=== objc tests ===
Running target unix
FAIL: objc/execute/formal_protocol-6.m execution, -O
=== objc Summary ===
# of expected passes 145
# of unexpected failures 1
/builds/gcc/gcc-3.1-devel/gcc/xgcc version 3.1 20010515 (experimental)
Compiler version: 3.1 20010515 (experimental)
Platform: i686-pc-linux-gnu
configure flags: --host=i686-pc-linux-gnu --prefix=/opt/gcc-3.1-devel --enable-shared --enable-threads=posix --with-gnu-as --with-gnu-ld --disable-nls --with-system-zlib --enable-languages=c,objc,c++,f77,java