This is the mail archive of the
gcc-testresults@gcc.gnu.org
mailing list for the GCC project.
Results for 3.1 20010511 (experimental) testsuite on i686-pc-linux-gnu
- To: gcc-testresults at gcc dot gnu dot org
- Subject: Results for 3.1 20010511 (experimental) testsuite on i686-pc-linux-gnu
- From: Andris Pavenis <andris at hal dot astr dot lu dot lv>
- Date: Sat, 12 May 2001 07:07:29 +0300
Source: gcc MAIN branch (last updated 2001 May 12 04:02 +0300)
System: Linux kernel 2.4.3-ac3
glibc-2.2.2
binutils-2.10.1.0.4
Native configuration is i686-pc-linux-gnu
=== libstdc++ tests ===
Running target unix
FAIL: 21_strings/ctor_copy_dtor.cc (execution test), static
FAIL: 21_strings/insert.cc (execution test), static
FAIL: 21_strings/c_strings.cc (test for excess errors), static
FAIL: 21_strings/c_strings.cc (test for excess errors), shared
FAIL: 27_io/ios_members.cc (execution test), static
=== libstdc++ Summary ===
# of expected passes 407
# of unexpected failures 5
# of expected failures 16
=== gcc tests ===
Running target unix
FAIL: gcc.c-torture/compile/20001226-1.c, -Os
FAIL: gcc.c-torture/execute/20010114-2.c execution, -O1
FAIL: gcc.c-torture/execute/20010114-2.c execution, -O2
FAIL: gcc.c-torture/execute/20010114-2.c execution, -Os
FAIL: gcc.c-torture/execute/loop-2b.c execution, -O2
FAIL: gcc.misc-tests/mg.c
=== gcc Summary ===
# of expected passes 15275
# of unexpected failures 6
# of expected failures 84
# of unsupported tests 21
/disk2/cvs/gcc31/build/build.lnx/gcc/xgcc version 3.1 20010511 (experimental)
=== g++ tests ===
Running target unix
FAIL: g++.ext/instantiate1.C not instantiated (test for errors, line 20)
XPASS: g++.other/crash27.C (test for excess errors)
=== g++ Summary ===
# of expected passes 6464
# of unexpected failures 1
# of unexpected successes 1
# of expected failures 102
# of untested testcases 9
/disk2/cvs/gcc31/build/build.lnx/gcc/testsuite/../g++ version 3.1 20010511 (experimental)
=== g77 tests ===
Running target unix
=== g77 Summary ===
# of expected passes 975
=== objc tests ===
Running target unix
FAIL: objc/execute/formal_protocol-6.m execution, -O
=== objc Summary ===
# of expected passes 145
# of unexpected failures 1
/disk2/cvs/gcc31/build/build.lnx/gcc/xgcc version 3.1 20010511 (experimental)
Compiler version: 3.1 20010511 (experimental)
Platform: i686-pc-linux-gnu
configure flags: --host=i686-pc-linux-gnu --prefix=/disk2/gcc31 --enable-shared --verbose --enable-threads=posix
Counting all warnings,
there are 91 warnings in stage3 of this bootstrap.
Number of warnings per file:
10 gcc/except.c
7 gcc/cp/decl.c
6 gcc/cp/pt.c
5 gcc/cp/tree.c
5 gcc/cp/error.c
4 gcc/reg-stack.c
4 gcc/java/lex.c
4 gcc/expr.c
4 gcc/cp/call.c
4 gcc/config/i386/i386.c
3 gcc/sched-deps.c
3 gcc/reload1.c
3 gcc/gcc.c
3 gcc/config/i386/i386.md
2 gcc/unwind-dw2.c
2 gcc/reload.c
2 gcc/objc/objc-act.c
2 gcc/flow.c
1 insn-output.c
1 gcc/unwind-dw2-fde.c
1 gcc/resource.c
1 gcc/regmove.c
1 gcc/recog.c
1 gcc/objc/lang-specs.h
1 gcc/java/jvspec.c
1 gcc/fold-const.c
1 gcc/final.c
1 gcc/f/lang-specs.h
1 gcc/dwarfout.c
1 gcc/dwarf2out.c
1 gcc/cse.c
1 gcc/cp/method.c
1 gcc/cp/lang-specs.h
1 gcc/cp/init.c
1 gcc/cp/errfn.c
1 gcc/combine.c
Number of warning types:
22 comparison between signed and unsigned
20 cast from pointer to integer of different size
13 `???' might be used uninitialized in this function
7 string length `???' is greater than the length `???' ISO C89 compilers are required to support
6 passing arg ??? of `???' from incompatible pointer type
5 unused variable `???'
5 initialization from incompatible pointer type
3 signed and unsigned type in conditional expression
2 destination missing a mode?
1 unused parameter `???'
1 pointer targets in passing arg ??? of `???' differ in signedness
1 passing arg ??? of `???' discards qualifiers from pointer target type
1 operand 0 missing mode?
1 function declaration isn't a prototype
1 control reaches end of non-void function
1 `???' declared `static' but never defined
1 ??? format, ??? arg (arg ???)