This is the mail archive of the
gcc-testresults@gcc.gnu.org
mailing list for the GCC project.
Results for 3.1 20010511 (experimental) testsuite on sparc-sun-solaris2.8
- To: gcc-testresults at gcc dot gnu dot org
- Subject: Results for 3.1 20010511 (experimental) testsuite on sparc-sun-solaris2.8
- From: lucier at math dot purdue dot edu
- Date: Fri, 11 May 2001 16:04:46 -0500 (EST)
Native configuration is sparc-sun-solaris2.8
=== libstdc++ tests ===
Running target unix
FAIL: 21_strings/c_strings.cc (test for excess errors), static
FAIL: 21_strings/c_strings.cc (test for excess errors), shared
FAIL: 21_strings/append.cc (execution test), static
FAIL: 21_strings/append.cc (execution test), shared
FAIL: 21_strings/ctor_copy_dtor.cc (execution test), static
FAIL: 21_strings/ctor_copy_dtor.cc (execution test), shared
FAIL: 21_strings/element_access.cc (execution test), static
FAIL: 21_strings/element_access.cc (execution test), shared
FAIL: 21_strings/insert.cc (execution test), static
FAIL: 21_strings/insert.cc (execution test), shared
FAIL: 21_strings/substr.cc (execution test), static
FAIL: 21_strings/substr.cc (execution test), shared
FAIL: 22_locale/codecvt_unicode_char.cc (execution test), static
FAIL: 22_locale/codecvt_unicode_char.cc (execution test), shared
FAIL: 22_locale/codecvt_unicode_wchar_t.cc (execution test), static
FAIL: 22_locale/codecvt_unicode_wchar_t.cc (execution test), shared
FAIL: 23_containers/vector_element_access.cc (execution test), static
FAIL: 23_containers/vector_element_access.cc (execution test), shared
XPASS: 26_numerics/c99_classification_macros_c.cc (test for excess errors), static
XPASS: 26_numerics/c99_classification_macros_c.cc (test for excess errors), shared
=== libstdc++ Summary ===
# of expected passes 394
# of unexpected failures 18
# of unexpected successes 2
# of expected failures 14
=== gcc tests ===
Running target unix
FAIL: gcc.c-torture/execute/20010122-1.c execution, -O3 -fomit-frame-pointer
FAIL: gcc.c-torture/execute/20010122-1.c execution, -O3 -fomit-frame-pointer -funroll-loops
FAIL: gcc.c-torture/execute/20010122-1.c execution, -O3 -fomit-frame-pointer -funroll-all-loops -finline-functions
FAIL: gcc.c-torture/execute/20010122-1.c execution, -O3 -g
FAIL: gcc.dg/20001013-1.c (test for excess errors)
FAIL: gcc.dg/c99-float-1.c (test for excess errors)
FAIL: gcc.dg/ultrasp2.c (test for excess errors)
=== gcc Summary ===
# of expected passes 15220
# of unexpected failures 7
# of expected failures 78
# of unresolved testcases 3
# of unsupported tests 49
/export/home/lucier/gcc/gcc-3.1/objdir/gcc/xgcc version 3.1 20010511 (experimental)
=== g++ tests ===
Running target unix
FAIL: g++.dg/special/conpr-1.C execution test
FAIL: g++.dg/special/conpr-2.C execution test
FAIL: g++.dg/special/conpr-3.C execution test
FAIL: g++.dg/special/conpr-3.C execution test
FAIL: g++.dg/special/conpr-1.C execution test
FAIL: g++.ext/instantiate1.C not instantiated (test for errors, line 20)
FAIL: g++.ext/instantiate1.C not instantiated (test for errors, line 22)
FAIL: g++.ext/instantiate2.C not instantiated (test for errors, line 19)
FAIL: g++.ext/instantiate3.C not instantiated (test for errors, line 13)
XPASS: g++.other/crash27.C (test for excess errors)
FAIL: g++.robertl/eb91.C (test for excess errors)
=== g++ Summary ===
# of expected passes 6438
# of unexpected failures 10
# of unexpected successes 1
# of expected failures 103
# of untested testcases 18
/export/home/lucier/gcc/gcc-3.1/objdir/gcc/testsuite/../g++ version 3.1 20010511 (experimental)
=== g77 tests ===
Running target unix
FAIL: g77.f-torture/execute/20010430.f execution, -O2
FAIL: g77.f-torture/execute/20010430.f execution, -O3 -fomit-frame-pointer
FAIL: g77.f-torture/execute/20010430.f execution, -O3 -fomit-frame-pointer -funroll-loops
FAIL: g77.f-torture/execute/20010430.f execution, -O3 -fomit-frame-pointer -funroll-all-loops -finline-functions
FAIL: g77.f-torture/execute/20010430.f execution, -O3 -g
=== g77 Summary ===
# of expected passes 954
# of unexpected failures 5
# of unsupported tests 8
=== objc tests ===
Running target unix
FAIL: objc/execute/formal_protocol-6.m execution, -O
=== objc Summary ===
# of expected passes 145
# of unexpected failures 1
/export/home/lucier/gcc/gcc-3.1/objdir/gcc/xgcc version 3.1 20010511 (experimental)
Compiler version: 3.1 20010511 (experimental)
Platform: sparc-sun-solaris2.8
configure flags: --host=sparc-sun-solaris2.8
Counting all warnings,
there are 107 warnings in stage3 of this bootstrap.
Number of warnings per file:
28 gcc/combine.c
9 gcc/expr.c
6 gcc/cse.c
6 gcc/cp/pt.c
5 gcc/unwind-dw2.c
5 gcc/reload1.c
5 gcc/cp/error.c
4 gcc/gcc.c
4 gcc/except.c
4 gcc/cp/call.c
4 gcc/config/sparc/sparc.c
3 gcc/sched-deps.c
2 gcc/reload.c
2 gcc/function.c
2 gcc/fold-const.c
2 gcc/flow.c
2 gcc/alias.c
1 gcc/unwind-dw2-fde.c
1 gcc/regmove.c
1 gcc/recog.c
1 gcc/objc/lang-specs.h
1 gcc/libgcc2.c
1 gcc/java/jvspec.c
1 gcc/final.c
1 gcc/f/lang-specs.h
1 gcc/expmed.c
1 gcc/dwarfout.c
1 gcc/dwarf2out.c
1 gcc/cp/lang-specs.h
1 gcc/cp/init.c
1 gcc/cp/errfn.c
Number of warning types:
53 comparison between signed and unsigned
13 \`???' might be used uninitialized in this function
12 signed and unsigned type in conditional expression
8 string length \`???' is greater than the length \`???' ISO C89 compilers are required to support
5 initialization from incompatible pointer type
4 unused parameter \`???'
2 unused variable \`???'
2 passing arg ??? of \`???' from incompatible pointer type
2 implicit declaration of function \`???'
1 pointer targets in passing arg ??? of \`???' differ in signedness
1 passing arg ??? of \`???' discards qualifiers from pointer target type
1 missing braces around initializer
1 function declaration isn't a prototype
1 ??? format, ??? arg (arg ???)
1 (near initialization for \`???')