This is the mail archive of the
gcc-testresults@gcc.gnu.org
mailing list for the GCC project.
Results for 3.0 20010509 (prerelease) testsuite on hppa1.1-hp-hpux11.00
- To: gcc-testresults at gcc dot gnu dot org
- Subject: Results for 3.0 20010509 (prerelease) testsuite on hppa1.1-hp-hpux11.00
- From: Michael Ritzert <michael dot ritzert at realtech dot de>
- Date: Fri, 11 May 2001 10:10:44 +0200
host: HP-UX B.11.00 A 9000/715
compiler: Reading specs from /var/compile/alina-auto/hppa1.1-hp-hpux11.00/libstdc++-v3/../../gcc/specs
Configured with: /home/ritzert/compile/gcc/gcc-3_0-branch/gcc/configure --enable-languages=c++ --prefix=/opt/gcc-3.0 --with-gnu-as --with-as=/opt/binutils/bin/as
Thread model: single
gcc version 3.0 20010509 (prerelease)
g++: No input files
compiler flags: -ggdb3 -DDEBUG_ASSERT -ffunction-sections -fdata-sections
date: 20010511
pass/fail results: 95/14 shared + 95/14 static = 190/28 total
p == pass/fail execution test
+: pass, -b: build failure, -r: run failure, x: disabled
ctime == time to compile and link
etime == time for executable to run
text == size of the executable text section
data == size of the executable data section
total == size of the executable
p ctime etime text data total name
+ 27 2.985 176216 17_intro/header_ciso646.cc -static
+ 39 3.052 188268 17_intro/header_ciso646.cc
+ 28 2.996 134252 17_intro/header_cstdio.cc -static
+ 39 3.201 146338 17_intro/header_cstdio.cc
+ 30 2.946 187941 17_intro/header_cstdlib.cc -static
+ 42 3.111 200035 17_intro/header_cstdlib.cc
+ 27 2.924 124685 17_intro/header_cstring.cc -static
+ 40 3.113 136779 17_intro/header_cstring.cc
+ 28 2.931 140979 17_intro/header_ctime.cc -static
+ 39 3.136 153065 17_intro/header_ctime.cc
+ 30 2.949 188796 17_intro/header_cwchar.cc -static
+ 42 3.049 200882 17_intro/header_cwchar.cc
+ 27 2.946 122989 17_intro/header_cwctype.cc -static
+ 38 3.134 135083 17_intro/header_cwctype.cc
+ 58 2.930 377501 17_intro/header_fstream.cc -static
+ 70 3.077 389595 17_intro/header_fstream.cc
+ 53 2.923 338333 17_intro/header_iomanip.cc -static
+ 65 3.057 350427 17_intro/header_iomanip.cc
+ 47 2.950 278449 17_intro/header_ios.cc -static
+ 59 3.022 290535 17_intro/header_ios.cc
+ 30 3.029 191188 17_intro/header_iosfwd.cc -static
+ 43 3.034 203274 17_intro/header_iosfwd.cc
+ 85 3.589 8045053 17_intro/header_iostream.cc -static
+ 64 3.053 346814 17_intro/header_iostream.cc
+ 50 2.901 332445 17_intro/header_istream.cc -static
+ 62 3.038 344539 17_intro/header_istream.cc
+ 48 2.987 278469 17_intro/header_ostream.cc -static
+ 61 3.005 290563 17_intro/header_ostream.cc
+ 51 2.908 332445 17_intro/header_sstream.cc -static
+ 64 3.041 344539 17_intro/header_sstream.cc
+ 44 2.937 270695 17_intro/header_streambuf.cc -static
+ 55 3.084 282789 17_intro/header_streambuf.cc
+ 122 3.606 8148437 17_intro/headers.cc -static
+ 105 3.192 450198 17_intro/headers.cc
+ 31 2.975 190538 17_intro/headers_c++.cc -static
+ 44 3.094 202624 17_intro/headers_c++.cc
+ 31 2.981 190496 17_intro/headers_c.cc -static
+ 44 3.036 202590 17_intro/headers_c.cc
+ 32 3.101 524507 18_support/numeric_limits.cc -static
+ 44 3.194 488972 18_support/numeric_limits.cc
+ 86 3.488 8096071 19_diagnostics/stdexceptions.cc -static
+ 69 3.491 646976 19_diagnostics/stdexceptions.cc
+ 49 3.105 657327 20_util/auto_ptr.cc -static
+ 62 3.395 622162 20_util/auto_ptr.cc
+ 90 3.583 8137342 21_strings/append.cc -static
+ 74 3.400 686064 21_strings/append.cc
-b 81 3.400 0 0 0 21_strings/capacity.cc -static
-b 71 3.400 0 0 0 21_strings/capacity.cc
+ 79 3.489 8066558 21_strings/char_traits_requirements.cc -static
+ 64 3.224 616058 21_strings/char_traits_requirements.cc
+ 40 2.904 227011 21_strings/char_traits_typedefs.cc -static
+ 52 3.067 239097 21_strings/char_traits_typedefs.cc
+ 85 3.489 8096265 21_strings/compare.cc -static
+ 68 3.233 645416 21_strings/compare.cc
-r 86 4.798 8101868 21_strings/ctor_copy_dtor.cc -static
-r 69 4.633 651145 21_strings/ctor_copy_dtor.cc
+ 81 3.527 8078388 21_strings/element_access.cc -static
+ 65 3.284 627910 21_strings/element_access.cc
+ 87 3.467 8093054 21_strings/find.cc -static
+ 68 3.279 642134 21_strings/find.cc
+ 90 3.488 8129310 21_strings/insert.cc -static
+ 74 3.398 678321 21_strings/insert.cc
+ 137 4.177 8471792 21_strings/inserters_extractors.cc -static
+ 120 3.958 1038743 21_strings/inserters_extractors.cc
+ 90 3.554 8127772 21_strings/invariants.cc -static
+ 73 3.377 676661 21_strings/invariants.cc
+ 96 3.471 8151167 21_strings/nonmember.cc -static
+ 79 3.407 699688 21_strings/nonmember.cc
+ 83 3.476 8039866 21_strings/operations.cc -static
+ 67 3.287 588733 21_strings/operations.cc
+ 91 3.403 8134941 21_strings/replace.cc -static
+ 73 3.366 683880 21_strings/replace.cc
+ 82 3.449 8074181 21_strings/rfind.cc -static
+ 64 3.228 623604 21_strings/rfind.cc
+ 83 3.550 8095120 21_strings/substr.cc -static
+ 67 3.286 644433 21_strings/substr.cc
+ 90 3.583 8187514 22_locale/codecvt_char_char.cc -static
+ 74 3.287 757303 22_locale/codecvt_char_char.cc
+ 56 2.978 376859 22_locale/codecvt_unicode_char.cc -static
+ 67 3.128 388945 22_locale/codecvt_unicode_char.cc
+ 185 2.967 376870 22_locale/codecvt_unicode_wchar_t.cc -static
+ 68 3.071 388964 22_locale/codecvt_unicode_wchar_t.cc
+ 88 2.973 376859 22_locale/codecvt_wchar_t_char.cc -static
+ 69 3.062 388945 22_locale/codecvt_wchar_t_char.cc
+ 97 2.939 376821 22_locale/ctor_copy_dtor.cc -static
+ 69 3.105 388915 22_locale/ctor_copy_dtor.cc
+ 89 3.484 8130893 22_locale/ctype.cc -static
+ 80 3.255 677853 22_locale/ctype.cc
-r 91 0.000 8173565 22_locale/ctype_char_members.cc -static
-r 74 0.000 709728 22_locale/ctype_char_members.cc
+ 56 2.916 376860 22_locale/ctype_wchar_t_members.cc -static
+ 68 3.064 388946 22_locale/ctype_wchar_t_members.cc
+ 185 3.636 8676888 22_locale/facet.cc -static
+ 133 3.434 1260067 22_locale/facet.cc
+ 98 3.657 8247924 22_locale/global_templates.cc -static
+ 83 3.269 811988 22_locale/global_templates.cc
+ 161 3.788 8310404 22_locale/members.cc -static
+ 93 3.296 874914 22_locale/members.cc
-b 79 3.296 0 0 0 22_locale/numpunct.cc -static
-b 70 3.296 0 0 0 22_locale/numpunct.cc
+ 106 3.613 8282070 22_locale/numpunct_byname.cc -static
+ 88 3.207 845726 22_locale/numpunct_byname.cc
+ 99 3.586 8232669 22_locale/numpunct_char_members.cc -static
+ 83 3.265 782818 22_locale/numpunct_char_members.cc
+ 131 3.567 8265445 22_locale/operators.cc -static
+ 84 3.269 830173 22_locale/operators.cc
+ 98 3.588 8226428 22_locale/static_members.cc -static
+ 84 3.304 791210 22_locale/static_members.cc
+ 145 3.781 8259263 23_containers/bitset_ctor.cc -static
+ 88 3.426 809215 23_containers/bitset_ctor.cc
+ 172 15.208 8373128 23_containers/bitset_shift.cc -static
+ 111 14.693 923609 23_containers/bitset_shift.cc
-b 116 14.693 0 0 0 23_containers/map_operators.cc -static
-b 70 14.693 0 0 0 23_containers/map_operators.cc
-b 98 14.693 0 0 0 23_containers/multiset.cc -static
-b 82 14.693 0 0 0 23_containers/multiset.cc
-b 50 14.693 0 0 0 23_containers/set_operators.cc -static
-b 50 14.693 0 0 0 23_containers/set_operators.cc
+ 49 3.104 861898 23_containers/vector_capacity.cc -static
+ 78 3.260 655329 23_containers/vector_capacity.cc
+ 114 3.518 8392509 23_containers/vector_ctor.cc -static
+ 95 3.233 937259 23_containers/vector_ctor.cc
+ 81 3.680 8089411 23_containers/vector_element_access.cc -static
+ 64 3.352 636293 23_containers/vector_element_access.cc
+ 57 3.093 948913 23_containers/vector_modifiers.cc -static
+ 71 3.231 742392 23_containers/vector_modifiers.cc
+ 141 3.841 8283123 24_iterators/istreambuf_iterator.cc -static
+ 91 3.357 846727 24_iterators/istreambuf_iterator.cc
+ 117 3.481 8352484 24_iterators/iterator.cc -static
+ 103 3.419 900532 24_iterators/iterator.cc
+ 43 2.986 332679 25_algorithms/equal.cc -static
+ 55 3.058 284738 25_algorithms/equal.cc
+ 37 2.951 277067 25_algorithms/lower_bound.cc -static
+ 49 3.233 289119 25_algorithms/lower_bound.cc
+ 36 3.007 270963 25_algorithms/min_max.cc -static
+ 48 3.214 283007 25_algorithms/min_max.cc
+ 194 0.000 8280655 26_numerics/binary_closure.cc -static
+ 93 0.000 841833 26_numerics/binary_closure.cc
+ 62 2.930 200610 26_numerics/buggy_complex.cc -static
+ 45 3.059 212696 26_numerics/buggy_complex.cc
-b 23 3.059 0 0 0 26_numerics/c99_macros.cc -static
-b 23 3.059 0 0 0 26_numerics/c99_macros.cc
+ 65 2.920 244790 26_numerics/c_math.cc -static
+ 44 3.258 256834 26_numerics/c_math.cc
+ 148 4.010 8668381 26_numerics/complex_inserters_extractors.cc -static
+ 98 3.431 876517 26_numerics/complex_inserters_extractors.cc
+ 34 2.980 257730 26_numerics/complex_value.cc -static
+ 46 3.126 269774 26_numerics/complex_value.cc
+ 102 3.088 653786 26_numerics/valarray.cc -static
+ 70 3.244 618629 26_numerics/valarray.cc
-b 133 3.244 0 0 0 27_io/filebuf.cc -static
-b 82 3.244 0 0 0 27_io/filebuf.cc
+ 99 3.825 8228351 27_io/filebuf_members.cc -static
+ 98 3.239 789285 27_io/filebuf_members.cc
+ 83 3.014 344521 27_io/fpos.cc -static
+ 62 3.156 356581 27_io/fpos.cc
+ 128 9.073 8232834 27_io/ifstream_members.cc -static
+ 83 8.681 792682 27_io/ifstream_members.cc
+ 99 3.816 8253666 27_io/ios_base_callbacks.cc -static
+ 85 3.393 804555 27_io/ios_base_callbacks.cc
-r 131 24689.000 8231192 27_io/ios_base_members_static.cc -static
-r 82 24689.000 782393 27_io/ios_base_members_static.cc
+ 99 3.619 8195304 27_io/ios_base_storage.cc -static
+ 84 3.317 759287 27_io/ios_base_storage.cc
+ 101 3.698 8239346 27_io/ios_ctor.cc -static
+ 84 3.296 789948 27_io/ios_ctor.cc
-b 125 3.296 0 0 0 27_io/ios_manip_basefield.cc -static
-b 106 3.296 0 0 0 27_io/ios_manip_basefield.cc
-b 126 3.296 0 0 0 27_io/ios_manip_fmtflags.cc -static
-b 110 3.296 0 0 0 27_io/ios_manip_fmtflags.cc
+ 84 3.690 8085941 27_io/ios_members.cc -static
+ 69 3.357 656525 27_io/ios_members.cc
+ 51 3.061 332398 27_io/istream.cc -static
+ 62 3.057 344492 27_io/istream.cc
+ 146 1.000 8511252 27_io/istream_extractor_arith.cc -static
+ 126 1.000 1077589 27_io/istream_extractor_arith.cc
-r 107 0.000 8270998 27_io/istream_extractor_char.cc -static
-r 90 0.000 822079 27_io/istream_extractor_char.cc
+ 119 3.851 8367427 27_io/istream_extractor_other.cc -static
+ 101 3.276 919666 27_io/istream_extractor_other.cc
+ 105 3.778 8258846 27_io/istream_manip.cc -static
+ 87 3.326 822708 27_io/istream_manip.cc
-b 82 3.326 0 0 0 27_io/istream_seeks.cc -static
-b 80 3.326 0 0 0 27_io/istream_seeks.cc
+ 103 3.722 8259030 27_io/istream_sentry.cc -static
+ 87 3.384 822707 27_io/istream_sentry.cc
+ 133 4.848 8436129 27_io/istream_unformatted.cc -static
+ 116 4.407 1001944 27_io/istream_unformatted.cc
+ 105 3.784 8267607 27_io/istringstream_members.cc -static
+ 87 3.356 831484 27_io/istringstream_members.cc
+ 164 0.000 8231654 27_io/narrow_stream_objects.cc -static
+ 105 0.000 536505 27_io/narrow_stream_objects.cc
+ 98 9.884 8231330 27_io/ofstream_members.cc -static
+ 81 9.393 791114 27_io/ofstream_members.cc
+ 49 2.917 278422 27_io/ostream.cc -static
+ 61 3.010 290516 27_io/ostream.cc
+ 130 4.033 8437796 27_io/ostream_inserter_arith.cc -static
+ 113 3.754 1002699 27_io/ostream_inserter_arith.cc
+ 131 6.238 8430850 27_io/ostream_inserter_char.cc -static
+ 115 5.621 996197 27_io/ostream_inserter_char.cc
+ 116 3.837 8367754 27_io/ostream_inserter_other.cc -static
+ 101 3.404 932850 27_io/ostream_inserter_other.cc
+ 110 3.753 8286631 27_io/ostream_manip.cc -static
+ 93 3.394 850374 27_io/ostream_manip.cc
+ 117 3.709 8357183 27_io/ostream_seeks.cc -static
+ 99 3.334 921570 27_io/ostream_seeks.cc
+ 99 3.797 8241719 27_io/ostream_unformatted.cc -static
+ 83 3.455 805012 27_io/ostream_unformatted.cc
+ 111 3.884 8252220 27_io/streambuf.cc -static
+ 93 3.397 801678 27_io/streambuf.cc
+ 117 3.848 8312533 27_io/stringbuf.cc -static
+ 99 3.477 862467 27_io/stringbuf.cc
+ 121 3.885 8343805 27_io/stringstream.cc -static
+ 103 3.389 908031 27_io/stringstream.cc
+ 122 3.761 8148983 27_io/wide_stream_objects.cc -static
+ 103 3.099 450744 27_io/wide_stream_objects.cc
+ 111 3.768 8181293 ext/headers.cc -static
+ 89 3.081 483054 ext/headers.cc
testrun == 19256 seconds
Native configuration is hppa1.1-hp-hpux11.00
=== gcc tests ===
Running target unix
FAIL: gcc.c-torture/compile/20000804-1.c, -O0
FAIL: gcc.c-torture/compile/20001226-1.c, -O1
FAIL: gcc.c-torture/compile/20001226-1.c, -O2
FAIL: gcc.c-torture/compile/20001226-1.c, -O3 -fomit-frame-pointer
FAIL: gcc.c-torture/compile/20001226-1.c, -O3 -g
FAIL: gcc.c-torture/compile/20001226-1.c, -Os
XPASS: gcc.c-torture/execute/20010114-2.c execution, -O0
XPASS: gcc.c-torture/execute/20010114-2.c execution, -O1
XPASS: gcc.c-torture/execute/20010114-2.c execution, -O2
XPASS: gcc.c-torture/execute/20010114-2.c execution, -O3 -fomit-frame-pointer
XPASS: gcc.c-torture/execute/20010114-2.c execution, -O3 -g
XPASS: gcc.c-torture/execute/20010114-2.c execution, -Os
FAIL: gcc.c-torture/execute/20010119-1.c compilation, -O1
FAIL: gcc.c-torture/execute/20010119-1.c compilation, -O2
FAIL: gcc.c-torture/execute/20010119-1.c compilation, -O3 -fomit-frame-pointer
FAIL: gcc.c-torture/execute/20010119-1.c compilation, -O3 -fomit-frame-pointer -funroll-loops
FAIL: gcc.c-torture/execute/20010119-1.c compilation, -O3 -fomit-frame-pointer -funroll-all-loops -finline-functions
FAIL: gcc.c-torture/execute/20010119-1.c compilation, -O3 -g
FAIL: gcc.c-torture/execute/20010119-1.c compilation, -Os
FAIL: gcc.c-torture/execute/20010122-1.c execution, -O0
FAIL: gcc.c-torture/execute/20010122-1.c execution, -O1
FAIL: gcc.c-torture/execute/20010122-1.c execution, -O2
FAIL: gcc.c-torture/execute/20010122-1.c execution, -O3 -fomit-frame-pointer
FAIL: gcc.c-torture/execute/20010122-1.c execution, -O3 -fomit-frame-pointer -funroll-loops
FAIL: gcc.c-torture/execute/20010122-1.c execution, -O3 -fomit-frame-pointer -funroll-all-loops -finline-functions
FAIL: gcc.c-torture/execute/20010122-1.c execution, -O3 -g
FAIL: gcc.c-torture/execute/20010122-1.c execution, -Os
XPASS: gcc.c-torture/execute/loop-2b.c execution, -O0
XPASS: gcc.c-torture/execute/loop-2b.c execution, -O1
XPASS: gcc.c-torture/execute/loop-2b.c execution, -O2
XPASS: gcc.c-torture/execute/loop-2b.c execution, -O3 -fomit-frame-pointer
XPASS: gcc.c-torture/execute/loop-2b.c execution, -O3 -fomit-frame-pointer -funroll-loops
XPASS: gcc.c-torture/execute/loop-2b.c execution, -O3 -fomit-frame-pointer -funroll-all-loops -finline-functions
XPASS: gcc.c-torture/execute/loop-2b.c execution, -O3 -g
XPASS: gcc.c-torture/execute/loop-2b.c execution, -Os
FAIL: gcc.c-torture/execute/strct-stdarg-1.c execution, -O0
FAIL: gcc.c-torture/execute/strct-stdarg-1.c execution, -O1
FAIL: gcc.c-torture/execute/strct-stdarg-1.c execution, -O2
FAIL: gcc.c-torture/execute/strct-stdarg-1.c execution, -O3 -fomit-frame-pointer
FAIL: gcc.c-torture/execute/strct-stdarg-1.c execution, -O3 -fomit-frame-pointer -funroll-loops
FAIL: gcc.c-torture/execute/strct-stdarg-1.c execution, -O3 -fomit-frame-pointer -funroll-all-loops -finline-functions
FAIL: gcc.c-torture/execute/strct-stdarg-1.c execution, -O3 -g
FAIL: gcc.c-torture/execute/strct-stdarg-1.c execution, -Os
FAIL: gcc.c-torture/execute/ieee/mzero2.c execution, -O1
FAIL: gcc.c-torture/execute/ieee/mzero2.c execution, -O2
FAIL: gcc.c-torture/execute/ieee/mzero2.c execution, -O3 -fomit-frame-pointer
FAIL: gcc.c-torture/execute/ieee/mzero2.c execution, -O3 -g
FAIL: gcc.c-torture/execute/ieee/mzero2.c execution, -Os
FAIL: gcc.dg/asm-names.c (test for excess errors)
FAIL: gcc.dg/sequence-pt-1.c sequence point warning (test for warnings, line 59)
FAIL: gcc.misc-tests/mg.c
=== gcc Summary ===
# of expected passes 15003
# of unexpected failures 37
# of unexpected successes 14
# of expected failures 80
# of unresolved testcases 10
# of unsupported tests 56
/var/compile/alina-auto/gcc/xgcc version 3.0 20010509 (prerelease)
=== g++ tests ===
Running target unix
FAIL: g++.eh/rethrow1.C Execution test
FAIL: g++.eh/rethrow2.C Execution test
FAIL: g++.eh/rethrow4.C Execution test
FAIL: g++.eh/rethrow6.C Execution test
FAIL: g++.ext/attrib5.C (test for excess errors)
FAIL: g++.ext/instantiate1.C not instantiated (test for errors, line 20)
FAIL: g++.ext/instantiate1.C not instantiated (test for errors, line 22)
FAIL: g++.law/profile1.C (test for excess errors)
XPASS: g++.mike/eh33.C (test for excess errors)
XPASS: g++.mike/eh33.C Execution test
XPASS: g++.mike/eh50.C (test for excess errors)
XPASS: g++.mike/eh50.C Execution test
FAIL: g++.other/mangle3.C (test for excess errors)
=== g++ Summary ===
# of expected passes 6382
# of unexpected failures 9
# of unexpected successes 4
# of expected failures 114
# of untested testcases 20
/var/compile/alina-auto/gcc/testsuite/../g++ version 3.0 20010509 (prerelease)
Compiler version: 3.0 20010509 (prerelease)
Platform: hppa1.1-hp-hpux11.00
configure flags: --host=hppa1.1-hp-hpux11.00 --enable-languages=c++ --prefix=/opt/gcc-3.0 --with-gnu-as --with-as=/opt/binutils/bin/as