This is the mail archive of the
gcc-testresults@gcc.gnu.org
mailing list for the GCC project.
Results for 3.1 20010509 (experimental) testsuite on i686-pc-linux-gnu
- To: gcc-testresults at gcc dot gnu dot org
- Subject: Results for 3.1 20010509 (experimental) testsuite on i686-pc-linux-gnu
- From: "Kaveh R. Ghazi" <ghazi at caip dot rutgers dot edu>
- Date: Thu, 10 May 2001 17:53:36 -0400 (EDT)
Native configuration is i686-pc-linux-gnu
=== libstdc++ tests ===
Running target unix
=== libstdc++ Summary ===
/home/ghazi/gcc-testing/egcs-CVS20010509/libstdc++-v3 version 20010417
=== libjava tests ===
Running target unix
FAIL: ArrayClass compilation from bytecode
FAIL: ArrayClass -O compilation from bytecode
FAIL: BlankFinal compilation from bytecode
FAIL: BlankFinal -O compilation from bytecode
FAIL: G19990217_01 -O compilation from bytecode
FAIL: PR232 -O compilation from bytecode
FAIL: assignment compilation from bytecode
FAIL: assignment -O compilation from bytecode
FAIL: Array_1 compilation from bytecode
FAIL: Array_1 -O compilation from bytecode
FAIL: Class_1 compilation from bytecode
FAIL: Class_1 -O compilation from bytecode
FAIL: Divide_1 compilation from bytecode
FAIL: Divide_1 -O compilation from bytecode
FAIL: Final compilation from bytecode
FAIL: Final -O compilation from bytecode
FAIL: G19990302_02 compilation from bytecode
FAIL: G19990302_02 -O compilation from bytecode
FAIL: G19990303_01 compilation from bytecode
FAIL: G19990303_01 -O compilation from bytecode
FAIL: G19990303_02 compilation from bytecode
FAIL: G19990303_02 -O compilation from bytecode
FAIL: G19990304_01 compilation from bytecode
FAIL: G19990304_01 -O compilation from bytecode
FAIL: InterfaceDispatch compilation from bytecode
FAIL: InterfaceDispatch -O compilation from bytecode
FAIL: Invoke_1 compilation from bytecode
FAIL: Invoke_1 -O compilation from bytecode
XPASS: N19990310_4 output from source compiled test
XPASS: N19990310_4 -O output from source compiled test
FAIL: PR141 compilation from bytecode
FAIL: PR141 -O compilation from bytecode
FAIL: PR218 compilation from bytecode
FAIL: PR218 -O compilation from bytecode
FAIL: PR260 compilation from bytecode
FAIL: PR260 -O compilation from bytecode
FAIL: StringBuffer_1 compilation from bytecode
FAIL: StringBuffer_1 -O compilation from bytecode
FAIL: Thread_Alive compilation from bytecode
FAIL: Thread_Alive -O compilation from bytecode
FAIL: Thread_Interrupt compilation from bytecode
FAIL: Thread_Interrupt -O compilation from bytecode
FAIL: Thread_Join compilation from bytecode
FAIL: Thread_Join -O compilation from bytecode
FAIL: Thread_Monitor compilation from bytecode
FAIL: Thread_Monitor -O compilation from bytecode
FAIL: Thread_Sleep compilation from bytecode
FAIL: Thread_Sleep -O compilation from bytecode
FAIL: Thread_Wait compilation from bytecode
FAIL: Thread_Wait -O compilation from bytecode
FAIL: Thread_Wait_2 compilation from bytecode
FAIL: Thread_Wait_2 -O compilation from bytecode
FAIL: Throw_1 compilation from bytecode
FAIL: Throw_1 -O compilation from bytecode
FAIL: Thread_Wait_Interrupt compilation from bytecode
FAIL: Thread_Wait_Interrupt -O compilation from bytecode
FAIL: instinit2 compilation from bytecode
FAIL: instinit2 -O compilation from bytecode
FAIL: pr179 compilation from bytecode
FAIL: pr179 -O compilation from bytecode
FAIL: pr184 compilation from bytecode
FAIL: pr184 -O compilation from bytecode
FAIL: pr83 compilation from bytecode
FAIL: pr83 -O compilation from bytecode
XPASS: stringconst output from bytecode->native test
XPASS: stringconst -O output from bytecode->native test
FAIL: stringconst2 compilation from bytecode
FAIL: stringconst2 -O compilation from bytecode
FAIL: test_long output from bytecode->native test
FAIL: test_long -O output from bytecode->native test
=== libjava Summary ===
# of expected passes 1458
# of unexpected failures 66
# of unexpected successes 4
# of expected failures 18
# of untested testcases 170
=== gcc tests ===
Running target unix/-fPIC
FAIL: gcc.c-torture/compile/20000804-1.c, -O0
FAIL: gcc.c-torture/compile/20001226-1.c, -O2
FAIL: gcc.c-torture/compile/20001226-1.c, -O3 -fomit-frame-pointer
FAIL: gcc.c-torture/compile/20001226-1.c, -O3 -g
FAIL: gcc.c-torture/compile/20001226-1.c, -Os
FAIL: gcc.c-torture/execute/20010114-2.c execution, -O1
FAIL: gcc.c-torture/execute/20010114-2.c execution, -O2
FAIL: gcc.c-torture/execute/20010114-2.c execution, -O3 -fomit-frame-pointer
FAIL: gcc.c-torture/execute/20010114-2.c execution, -O3 -g
FAIL: gcc.c-torture/execute/20010114-2.c execution, -Os
FAIL: gcc.c-torture/execute/930614-1.c compilation, -O3 -fomit-frame-pointer
FAIL: gcc.c-torture/execute/930614-1.c compilation, -O3 -g
FAIL: gcc.c-torture/execute/990127-2.c execution, -O3 -fomit-frame-pointer
FAIL: gcc.c-torture/execute/990127-2.c execution, -O3 -g
FAIL: gcc.c-torture/execute/conversion.c execution, -O3 -fomit-frame-pointer
FAIL: gcc.c-torture/execute/conversion.c execution, -O3 -g
FAIL: gcc.c-torture/execute/ieee/920810-1.c compilation, -O3 -fomit-frame-pointer
FAIL: gcc.c-torture/execute/ieee/920810-1.c compilation, -O3 -g
FAIL: gcc.dg/asm-names.c (test for excess errors)
=== gcc Summary for unix/-fPIC ===
# of expected passes 15228
# of unexpected failures 19
# of expected failures 84
# of unresolved testcases 4
# of unsupported tests 22
Running target unix/-fpic
FAIL: gcc.c-torture/compile/20000804-1.c, -O0
FAIL: gcc.c-torture/compile/20001226-1.c, -O2
FAIL: gcc.c-torture/compile/20001226-1.c, -O3 -fomit-frame-pointer
FAIL: gcc.c-torture/compile/20001226-1.c, -O3 -g
FAIL: gcc.c-torture/compile/20001226-1.c, -Os
FAIL: gcc.c-torture/execute/20010114-2.c execution, -O1
FAIL: gcc.c-torture/execute/20010114-2.c execution, -O2
FAIL: gcc.c-torture/execute/20010114-2.c execution, -O3 -fomit-frame-pointer
FAIL: gcc.c-torture/execute/20010114-2.c execution, -O3 -g
FAIL: gcc.c-torture/execute/20010114-2.c execution, -Os
FAIL: gcc.c-torture/execute/930614-1.c compilation, -O3 -fomit-frame-pointer
FAIL: gcc.c-torture/execute/930614-1.c compilation, -O3 -g
FAIL: gcc.c-torture/execute/990127-2.c execution, -O3 -fomit-frame-pointer
FAIL: gcc.c-torture/execute/990127-2.c execution, -O3 -g
FAIL: gcc.c-torture/execute/conversion.c execution, -O3 -fomit-frame-pointer
FAIL: gcc.c-torture/execute/conversion.c execution, -O3 -g
FAIL: gcc.c-torture/execute/ieee/920810-1.c compilation, -O3 -fomit-frame-pointer
FAIL: gcc.c-torture/execute/ieee/920810-1.c compilation, -O3 -g
FAIL: gcc.dg/asm-names.c (test for excess errors)
=== gcc Summary for unix/-fpic ===
# of expected passes 15228
# of unexpected failures 19
# of expected failures 84
# of unresolved testcases 4
# of unsupported tests 22
Running target unix
FAIL: gcc.c-torture/compile/20001226-1.c, -O1
FAIL: gcc.c-torture/compile/20001226-1.c, -O2
FAIL: gcc.c-torture/compile/20001226-1.c, -O3 -fomit-frame-pointer
FAIL: gcc.c-torture/compile/20001226-1.c, -O3 -g
FAIL: gcc.c-torture/compile/20001226-1.c, -Os
FAIL: gcc.c-torture/execute/20010114-2.c execution, -O1
FAIL: gcc.c-torture/execute/20010114-2.c execution, -O2
FAIL: gcc.c-torture/execute/20010114-2.c execution, -Os
FAIL: gcc.c-torture/execute/loop-2b.c execution, -O2
FAIL: gcc.dg/special/weak-1.c execution test
=== gcc Summary for unix ===
# of expected passes 15241
# of unexpected failures 10
# of expected failures 84
# of unsupported tests 22
=== gcc Summary ===
# of expected passes 45697
# of unexpected failures 48
# of expected failures 252
# of unresolved testcases 8
# of unsupported tests 66
/home/ghazi/gcc-testing/build/gcc/xgcc version 3.1 20010509 (experimental)
=== g++ tests ===
Running target unix/-fPIC
FAIL: g++.dg/special/conpr-1.C execution test
FAIL: g++.dg/special/conpr-2.C execution test
FAIL: g++.dg/special/conpr-3.C execution test
FAIL: g++.dg/special/conpr-3.C execution test
FAIL: g++.dg/special/conpr-1.C execution test
FAIL: g++.ext/instantiate1.C not instantiated (test for errors, line 20)
XPASS: g++.other/crash27.C (test for excess errors)
FAIL: g++.pt/asm1.C (test for excess errors)
FAIL: g++.pt/asm2.C (test for excess errors)
=== g++ Summary for unix/-fPIC ===
# of expected passes 6455
# of unexpected failures 8
# of unexpected successes 1
# of expected failures 102
# of untested testcases 9
Running target unix/-fpic
FAIL: g++.dg/special/conpr-1.C execution test
FAIL: g++.dg/special/conpr-2.C execution test
FAIL: g++.dg/special/conpr-3.C execution test
FAIL: g++.dg/special/conpr-3.C execution test
FAIL: g++.dg/special/conpr-1.C execution test
FAIL: g++.ext/instantiate1.C not instantiated (test for errors, line 20)
XPASS: g++.other/crash27.C (test for excess errors)
FAIL: g++.pt/asm1.C (test for excess errors)
FAIL: g++.pt/asm2.C (test for excess errors)
=== g++ Summary for unix/-fpic ===
# of expected passes 6455
# of unexpected failures 8
# of unexpected successes 1
# of expected failures 102
# of untested testcases 9
Running target unix
FAIL: g++.dg/special/conpr-1.C execution test
FAIL: g++.dg/special/conpr-2.C execution test
FAIL: g++.dg/special/conpr-3.C execution test
FAIL: g++.dg/special/conpr-3.C execution test
FAIL: g++.dg/special/conpr-1.C execution test
FAIL: g++.ext/instantiate1.C not instantiated (test for errors, line 20)
XPASS: g++.other/crash27.C (test for excess errors)
=== g++ Summary for unix ===
# of expected passes 6457
# of unexpected failures 6
# of unexpected successes 1
# of expected failures 102
# of untested testcases 9
=== g++ Summary ===
# of expected passes 19367
# of unexpected failures 22
# of unexpected successes 3
# of expected failures 306
# of untested testcases 27
/home/ghazi/gcc-testing/build/gcc/testsuite/../g++ version 3.1 20010509 (experimental)
=== g77 tests ===
Running target unix/-fPIC
=== g77 Summary for unix/-fPIC ===
# of expected passes 975
Running target unix/-fpic
=== g77 Summary for unix/-fpic ===
# of expected passes 975
Running target unix
=== g77 Summary for unix ===
# of expected passes 975
=== g77 Summary ===
# of expected passes 2925
=== objc tests ===
Running target unix/-fPIC
FAIL: objc/execute/formal_protocol-6.m execution, -O
=== objc Summary for unix/-fPIC ===
# of expected passes 145
# of unexpected failures 1
Running target unix/-fpic
FAIL: objc/execute/formal_protocol-6.m execution, -O
=== objc Summary for unix/-fpic ===
# of expected passes 145
# of unexpected failures 1
Running target unix
FAIL: objc/execute/formal_protocol-6.m execution, -O
=== objc Summary for unix ===
# of expected passes 145
# of unexpected failures 1
=== objc Summary ===
# of expected passes 435
# of unexpected failures 3
/home/ghazi/gcc-testing/build/gcc/xgcc version 3.1 20010509 (experimental)
Compiler version: 3.1 20010509 (experimental)
Platform: i686-pc-linux-gnu
configure flags: --host=i686-pc-linux-gnu --verbose --enable-checking=misc,tree,rtl,gc