This is the mail archive of the
gcc-testresults@gcc.gnu.org
mailing list for the GCC project.
Results for 3.0 20010503 (prerelease) testsuite on i686-pc-linux-gnu
- To: gcc-testresults at gcc dot gnu dot org
- Subject: Results for 3.0 20010503 (prerelease) testsuite on i686-pc-linux-gnu
- From: Andris Pavenis <andris at hal dot astr dot lu dot lv>
- Date: Fri, 4 May 2001 04:01:30 +0300
Source: gcc-3_0-branch (last updated 2001 May 04 01:02 +0300)
System: Linux kernel 2.4.4-ac3
glibc-2.2.2
binutils-2.10.1.0.4
Native configuration is i686-pc-linux-gnu
=== libjava tests ===
Running target unix
XPASS: N19990310_4 output from source compiled test
XPASS: N19990310_4 -O output from source compiled test
XPASS: stringconst output from bytecode->native test
XPASS: stringconst -O output from bytecode->native test
XPASS: stub compilation from source
XPASS: stub byte compilation
XPASS: stub compilation from bytecode
XPASS: stub -O compilation from source
XPASS: stub byte compilation
XPASS: stub -O compilation from bytecode
=== libjava Summary ===
# of expected passes 1676
# of unexpected successes 10
# of expected failures 14
# of untested testcases 16
=== gcc tests ===
Running target unix
FAIL: gcc.c-torture/compile/20001226-1.c, -Os
XPASS: gcc.c-torture/execute/20010114-2.c execution, -O0
XPASS: gcc.c-torture/execute/20010114-2.c execution, -O3 -fomit-frame-pointer
XPASS: gcc.c-torture/execute/20010114-2.c execution, -O3 -g
XPASS: gcc.c-torture/execute/loop-2b.c execution, -O0
XPASS: gcc.c-torture/execute/loop-2b.c execution, -O1
XPASS: gcc.c-torture/execute/loop-2b.c execution, -O3 -fomit-frame-pointer
XPASS: gcc.c-torture/execute/loop-2b.c execution, -O3 -fomit-frame-pointer -funroll-loops
XPASS: gcc.c-torture/execute/loop-2b.c execution, -O3 -fomit-frame-pointer -funroll-all-loops -finline-functions
XPASS: gcc.c-torture/execute/loop-2b.c execution, -O3 -g
XPASS: gcc.c-torture/execute/loop-2b.c execution, -Os
FAIL: gcc.dg/sequence-pt-1.c sequence point warning (test for warnings, line 59)
FAIL: gcc.dg/format/xopen-1.c multiple use of scanf argument (test for warnings, line 115)
FAIL: gcc.dg/format/xopen-1.c (test for excess errors)
FAIL: gcc.misc-tests/mg.c
=== gcc Summary ===
# of expected passes 15115
# of unexpected failures 5
# of unexpected successes 10
# of expected failures 90
# of unsupported tests 20
/disk2/cvs/gcc30/build/build.lnx/gcc/xgcc version 3.0 20010503 (prerelease)
=== g++ tests ===
Running target unix
FAIL: g++.ext/instantiate1.C not instantiated (test for errors, line 20)
FAIL: g++.ns/template17.C (test for excess errors)
=== g++ Summary ===
# of expected passes 6427
# of unexpected failures 2
# of expected failures 103
# of untested testcases 9
/disk2/cvs/gcc30/build/build.lnx/gcc/testsuite/../g++ version 3.0 20010503 (prerelease)
=== g77 tests ===
Running target unix
XPASS: g77.f-torture/compile/20000629-1.f, -O3 -fomit-frame-pointer -funroll-loops
XPASS: g77.f-torture/compile/20000629-1.f, -O3 -fomit-frame-pointer -funroll-all-loops -finline-functions
=== g77 Summary ===
# of expected passes 939
# of unexpected successes 2
=== objc tests ===
Running target unix
FAIL: objc/execute/formal_protocol-6.m execution, -O
=== objc Summary ===
# of expected passes 145
# of unexpected failures 1
/disk2/cvs/gcc30/build/build.lnx/gcc/xgcc version 3.0 20010503 (prerelease)
Compiler version: 3.0 20010503 (prerelease)
Platform: i686-pc-linux-gnu
configure flags: --host=i686-pc-linux-gnu --prefix=/disk2/gcctest --enable-shared --verbose --enable-threads=posix
Counting all warnings,
there are 103 warnings in stage3 of this bootstrap.
Number of warnings per file:
28 gcc/combine.c
10 gcc/reg-stack.c
6 gcc/cp/pt.c
5 gcc/cse.c
5 gcc/cp/error.c
4 gcc/tlink.c
4 gcc/java/lex.c
4 gcc/cp/call.c
3 gcc/reload1.c
3 gcc/gcc.c
3 gcc/config/i386/i386.c
2 insn-emit.c
2 gcc/reload.c
2 gcc/function.c
2 gcc/fold-const.c
2 gcc/expr.c
2 gcc/config/i386/i386.md
2 gcc/alias.c
1 gcc/sched-deps.c
1 gcc/regmove.c
1 gcc/objc/lang-specs.h
1 gcc/java/jvspec.c
1 gcc/hash.h
1 gcc/hash.c
1 gcc/final.c
1 gcc/f/lang-specs.h
1 gcc/expmed.c
1 gcc/dwarfout.c
1 gcc/cp/typeck2.c
1 gcc/cp/lang-specs.h
1 gcc/cp/init.c
1 gcc/cp/errfn.c
Number of warning types:
57 comparison between signed and unsigned
10 `???' might be used uninitialized in this function
7 string length `???' is greater than the length `???' ISO C89 compilers are required to support
6 passing arg ??? of `???' from incompatible pointer type
5 initialization from incompatible pointer type
4 signed and unsigned type in conditional expression
3 unused variable `???'
3 prototype declaration
3 promoted argument `???' doesn't match prototype
2 destination missing a mode?
1 pointer targets in passing arg ??? of `???' differ in signedness
1 passing arg ??? of `???' discards qualifiers from pointer target type
1 function declaration isn't a prototype