This is the mail archive of the
gcc-testresults@gcc.gnu.org
mailing list for the GCC project.
Results for 3.1 20010502 (experimental) testsuite on i686-pc-linux-gnu
- To: gcc-testresults at gcc dot gnu dot org
- Subject: Results for 3.1 20010502 (experimental) testsuite on i686-pc-linux-gnu
- From: Andris Pavenis <andris at hal dot astr dot lu dot lv>
- Date: Thu, 3 May 2001 07:06:12 +0300
Source: gcc HEAD branch (last updated 2001 May 03 04:01 +0300)
System: Linux kernel 2.4.3-ac13
glibc-2.2.2
binutils-2.10.1.0.4
Native configuration is i686-pc-linux-gnu
=== libstdc++ tests ===
Running target unix
FAIL: 21_strings/ctor_copy_dtor.cc (execution test), static
FAIL: 21_strings/insert.cc (execution test), static
FAIL: 27_io/ios_members.cc (execution test), static
=== libstdc++ Summary ===
# of expected passes 411
# of unexpected failures 3
# of expected failures 16
/disk2/cvs/gcc31/build/gcc/libstdc++-v3 version 20010417
=== gcc tests ===
Running target unix
FAIL: gcc.c-torture/compile/20001226-1.c, -Os
FAIL: gcc.c-torture/execute/20000822-1.c execution, -O0
FAIL: gcc.c-torture/execute/20000822-1.c execution, -O1
FAIL: gcc.c-torture/execute/20000822-1.c execution, -O2
FAIL: gcc.c-torture/execute/20000822-1.c execution, -O3 -fomit-frame-pointer
FAIL: gcc.c-torture/execute/20000822-1.c execution, -O3 -g
FAIL: gcc.c-torture/execute/20000822-1.c execution, -Os
FAIL: gcc.c-torture/execute/20010114-2.c execution, -O1
FAIL: gcc.c-torture/execute/20010114-2.c execution, -O2
FAIL: gcc.c-torture/execute/20010114-2.c execution, -Os
FAIL: gcc.c-torture/execute/921215-1.c execution, -O0
FAIL: gcc.c-torture/execute/921215-1.c execution, -O1
FAIL: gcc.c-torture/execute/921215-1.c execution, -O2
FAIL: gcc.c-torture/execute/921215-1.c execution, -O3 -fomit-frame-pointer
FAIL: gcc.c-torture/execute/921215-1.c execution, -O3 -g
FAIL: gcc.c-torture/execute/921215-1.c execution, -Os
FAIL: gcc.c-torture/execute/931002-1.c execution, -O0
FAIL: gcc.c-torture/execute/931002-1.c execution, -O1
FAIL: gcc.c-torture/execute/931002-1.c execution, -O2
FAIL: gcc.c-torture/execute/931002-1.c execution, -O3 -fomit-frame-pointer
FAIL: gcc.c-torture/execute/931002-1.c execution, -O3 -g
FAIL: gcc.c-torture/execute/931002-1.c execution, -Os
FAIL: gcc.c-torture/execute/loop-2b.c execution, -O2
FAIL: gcc.c-torture/execute/nestfunc-1.c execution, -O0
FAIL: gcc.c-torture/execute/nestfunc-1.c execution, -O1
FAIL: gcc.c-torture/execute/nestfunc-1.c execution, -O2
FAIL: gcc.c-torture/execute/nestfunc-1.c execution, -O3 -fomit-frame-pointer
FAIL: gcc.c-torture/execute/nestfunc-1.c execution, -O3 -g
FAIL: gcc.c-torture/execute/nestfunc-1.c execution, -Os
FAIL: gcc.c-torture/execute/nestfunc-2.c execution, -O0
FAIL: gcc.c-torture/execute/nestfunc-2.c execution, -O1
FAIL: gcc.c-torture/execute/nestfunc-2.c execution, -O2
FAIL: gcc.c-torture/execute/nestfunc-2.c execution, -O3 -fomit-frame-pointer
FAIL: gcc.c-torture/execute/nestfunc-2.c execution, -O3 -fomit-frame-pointer -funroll-loops
FAIL: gcc.c-torture/execute/nestfunc-2.c execution, -O3 -fomit-frame-pointer -funroll-all-loops -finline-functions
FAIL: gcc.c-torture/execute/nestfunc-2.c execution, -O3 -g
FAIL: gcc.c-torture/execute/nestfunc-2.c execution, -Os
FAIL: gcc.c-torture/execute/nestfunc-3.c execution, -O0
FAIL: gcc.c-torture/execute/nestfunc-3.c execution, -O1
FAIL: gcc.c-torture/execute/nestfunc-3.c execution, -O2
FAIL: gcc.c-torture/execute/nestfunc-3.c execution, -O3 -fomit-frame-pointer
FAIL: gcc.c-torture/execute/nestfunc-3.c execution, -O3 -fomit-frame-pointer -funroll-loops
FAIL: gcc.c-torture/execute/nestfunc-3.c execution, -O3 -fomit-frame-pointer -funroll-all-loops -finline-functions
FAIL: gcc.c-torture/execute/nestfunc-3.c execution, -O3 -g
FAIL: gcc.c-torture/execute/nestfunc-3.c execution, -Os
FAIL: gcc.dg/format/c99-scanf-1.c %hhu sign (test for warnings, line 144)
FAIL: gcc.dg/format/c99-scanf-1.c %hhu sign (test for warnings, line 144)
FAIL: gcc.misc-tests/mg.c
=== gcc Summary ===
# of expected passes 15215
# of unexpected failures 48
# of expected failures 84
# of unsupported tests 21
/disk2/cvs/gcc31/build/build.lnx/gcc/xgcc version 3.1 20010502 (experimental)
=== g++ tests ===
Running target unix
FAIL: g++.eh/catch14.C caused compiler crash
FAIL: g++.ext/instantiate1.C not instantiated (test for errors, line 20)
FAIL: g++.ns/template17.C (test for excess errors)
XPASS: g++.other/crash27.C (test for excess errors)
=== g++ Summary ===
# of expected passes 6462
# of unexpected failures 3
# of unexpected successes 1
# of expected failures 102
# of untested testcases 9
/disk2/cvs/gcc31/build/build.lnx/gcc/testsuite/../g++ version 3.1 20010502 (experimental)
=== g77 tests ===
Running target unix
=== g77 Summary ===
# of expected passes 975
=== objc tests ===
Running target unix
FAIL: objc/execute/formal_protocol-6.m execution, -O
=== objc Summary ===
# of expected passes 145
# of unexpected failures 1
/disk2/cvs/gcc31/build/build.lnx/gcc/xgcc version 3.1 20010502 (experimental)
Compiler version: 3.1 20010502 (experimental)
Platform: i686-pc-linux-gnu
configure flags: --host=i686-pc-linux-gnu --prefix=/disk2/gcc31 --enable-shared --verbose --enable-threads=posix
Counting all warnings,
there are 119 warnings in stage3 of this bootstrap.
Number of warnings per file:
27 gcc/combine.c
8 gcc/config/i386/i386.c
6 gcc/cse.c
6 gcc/cp/pt.c
5 gcc/cp/error.c
4 gcc/tlink.c
4 gcc/reg-stack.c
4 gcc/java/lex.c
4 gcc/expr.c
4 gcc/except.c
4 gcc/cp/call.c
3 gcc/sched-deps.c
3 gcc/reload1.c
3 gcc/gcc.c
3 gcc/config/i386/i386.md
2 gcc/unwind-dw2.c
2 gcc/reload.c
2 gcc/function.c
2 gcc/fold-const.c
2 gcc/flow.c
2 gcc/dwarf2out.c
2 gcc/alias.c
1 insn-output.c
1 gcc/unwind-dw2-fde.c
1 gcc/resource.c
1 gcc/regmove.c
1 gcc/recog.c
1 gcc/objc/lang-specs.h
1 gcc/java/jvspec.c
1 gcc/hash.h
1 gcc/hash.c
1 gcc/final.c
1 gcc/f/lang-specs.h
1 gcc/expmed.c
1 gcc/dwarfout.c
1 gcc/cp/lang-specs.h
1 gcc/cp/init.c
1 gcc/cp/errfn.c
1 gcc/builtins.c
Number of warning types:
56 comparison between signed and unsigned
13 `???' might be used uninitialized in this function
7 string length `???' is greater than the length `???' ISO C89 compilers are required to support
6 signed and unsigned type in conditional expression
6 passing arg ??? of `???' from incompatible pointer type
5 unused variable `???'
5 prototype declaration
5 promoted argument `???' doesn't match prototype
5 initialization from incompatible pointer type
2 function declaration isn't a prototype
2 destination missing a mode?
1 unused parameter `???'
1 pointer targets in passing arg ??? of `???' differ in signedness
1 passing arg ??? of `???' discards qualifiers from pointer target type
1 operand 0 missing mode?
1 implicit declaration of function `???'
1 control reaches end of non-void function
1 ??? format, ??? arg (arg ???)