This is the mail archive of the
gcc-testresults@gcc.gnu.org
mailing list for the GCC project.
Results for 3.0 20010430 (prerelease) testsuite on sparc-sun-solaris2.6
- To: gcc-testresults at gcc dot gnu dot org
- Subject: Results for 3.0 20010430 (prerelease) testsuite on sparc-sun-solaris2.6
- From: Alexandre Oliva <oliva at ic dot unicamp dot br>
- Date: Wed, 2 May 2001 19:42:09 -0300 (EST)
Native configuration is sparc-sun-solaris2.6
=== binutils tests ===
Running target unix
FAIL: readelf -wi
=== binutils Summary ===
# of expected passes 31
# of unexpected failures 1
=== g++ tests ===
Running target unix
FAIL: g++.ext/instantiate1.C not instantiated (test for errors, line 20)
FAIL: g++.robertl/eb132.C (test for excess errors)
FAIL: g++.robertl/eb39.C (test for excess errors)
FAIL: g++.robertl/eb73.C (test for excess errors)
FAIL: g++.robertl/eb91.C (test for excess errors)
=== g++ Summary ===
# of expected passes 6406
# of unexpected failures 5
# of expected failures 104
# of untested testcases 18
/tmp/egcs/gcc/testsuite/../g++ version 3.0 20010430 (prerelease)
=== g77 tests ===
Running target unix
=== g77 Summary ===
# of expected passes 925
# of unsupported tests 8
=== gas tests ===
Running target unix
=== gas Summary ===
# of expected passes 73
=== gcc tests ===
Running target unix
XPASS: gcc.c-torture/execute/20010114-2.c execution, -O0
XPASS: gcc.c-torture/execute/20010114-2.c execution, -O1
XPASS: gcc.c-torture/execute/20010114-2.c execution, -O2
XPASS: gcc.c-torture/execute/20010114-2.c execution, -O3 -fomit-frame-pointer
XPASS: gcc.c-torture/execute/20010114-2.c execution, -O3 -g
XPASS: gcc.c-torture/execute/20010114-2.c execution, -Os
FAIL: gcc.c-torture/execute/20010122-1.c execution, -O3 -fomit-frame-pointer
FAIL: gcc.c-torture/execute/20010122-1.c execution, -O3 -fomit-frame-pointer -funroll-loops
FAIL: gcc.c-torture/execute/20010122-1.c execution, -O3 -fomit-frame-pointer -funroll-all-loops -finline-functions
FAIL: gcc.c-torture/execute/20010122-1.c execution, -O3 -g
FAIL: gcc.c-torture/execute/960215-1.c execution, -O1
FAIL: gcc.c-torture/execute/960215-1.c execution, -O2
FAIL: gcc.c-torture/execute/960215-1.c execution, -O3 -fomit-frame-pointer
FAIL: gcc.c-torture/execute/960215-1.c execution, -O3 -g
FAIL: gcc.c-torture/execute/960215-1.c execution, -Os
XPASS: gcc.c-torture/execute/loop-2b.c execution, -O0
XPASS: gcc.c-torture/execute/loop-2b.c execution, -O1
XPASS: gcc.c-torture/execute/loop-2b.c execution, -O2
XPASS: gcc.c-torture/execute/loop-2b.c execution, -O3 -fomit-frame-pointer
XPASS: gcc.c-torture/execute/loop-2b.c execution, -O3 -fomit-frame-pointer -funroll-loops
XPASS: gcc.c-torture/execute/loop-2b.c execution, -O3 -fomit-frame-pointer -funroll-all-loops -finline-functions
XPASS: gcc.c-torture/execute/loop-2b.c execution, -O3 -g
XPASS: gcc.c-torture/execute/loop-2b.c execution, -Os
FAIL: gcc.c-torture/execute/regstack-1.c execution, -O1
FAIL: gcc.c-torture/execute/regstack-1.c execution, -O2
FAIL: gcc.c-torture/execute/regstack-1.c execution, -O3 -fomit-frame-pointer
FAIL: gcc.c-torture/execute/regstack-1.c execution, -O3 -g
FAIL: gcc.c-torture/execute/regstack-1.c execution, -Os
FAIL: gcc.dg/20001013-1.c (test for excess errors)
FAIL: gcc.dg/c99-float-1.c (test for excess errors)
FAIL: gcc.dg/sequence-pt-1.c sequence point warning (test for warnings, line 59)
=== gcc Summary ===
# of expected passes 15056
# of unexpected failures 17
# of unexpected successes 14
# of expected failures 80
# of unsupported tests 47
/tmp/egcs/gcc/xgcc version 3.0 20010430 (prerelease)
=== ld tests ===
Running target unix
FAIL: cdtest
FAIL: cdtest with -Ur
FAIL: selective4
XPASS: selective6
FAIL: shared (non PIC, load offset)
=== ld Summary ===
# of expected passes 52
# of unexpected failures 4
# of unexpected successes 1
=== libjava tests ===
Running target unix
FAIL: Invoke_1 execution from source compiled test
FAIL: Invoke_1 execution from bytecode->native test
FAIL: Invoke_1 -O execution from source compiled test
FAIL: Invoke_1 -O execution from bytecode->native test
XPASS: N19990310_4 output from source compiled test
XPASS: N19990310_4 -O output from source compiled test
FAIL: Thread_Monitor -O execution from bytecode->native test
FAIL: Thread_Wait_2 -O execution from bytecode->native test
XPASS: err11 compilation from bytecode
XPASS: err11 -O compilation from bytecode
XPASS: stub compilation from source
XPASS: stub byte compilation
XPASS: stub compilation from bytecode
XPASS: stub -O compilation from source
XPASS: stub byte compilation
XPASS: stub -O compilation from bytecode
XPASS: stringconst output from bytecode->native test
XPASS: stringconst -O output from bytecode->native test
FAIL: Link for gnu.testlet.java.io.ObjectInputOutput.InputTest
FAIL: Link for gnu.testlet.java.io.ObjectInputOutput.OutputTest
FAIL: gnu.testlet.java.io.ObjectStreamClass.Test: uncaught exception at "lookup" number 1: java.lang.NoClassDefFoundError: gnu.testlet.java.io.ObjectStreamClass.Serial
FAIL: gnu.testlet.java.io.PipedStream.close (number 1)
FAIL: gnu.testlet.java.lang.Character.unicode: Character 0:UNDEFINED incorectly reported as defined (number 1)
FAIL: gnu.testlet.java.lang.Character.unicode: Character 0:UNDEFINED is reported to be type Cc instead of Cn (number 1)
FAIL: gnu.testlet.java.lang.Character.unicode: Character 0:UNDEFINED incorectly reported as javaidentifierpart (number 1)
FAIL: gnu.testlet.java.lang.Character.unicode: Character 0:UNDEFINED incorectly reported as unicodeidentifierpart (number 1)
FAIL: gnu.testlet.java.lang.Character.unicode: Character 0:UNDEFINED has wrong numeric value of -1 instead of 35 (number 1)
FAIL: gnu.testlet.java.lang.Character.unicode: Character 1:UNDEFINED incorectly reported as defined (number 1)
FAIL: gnu.testlet.java.lang.Character.unicode: Character 1:UNDEFINED is reported to be type Cc instead of Cn (number 1)
FAIL: gnu.testlet.java.lang.Character.unicode: Character 1:UNDEFINED incorectly reported as javaidentifierpart (number 1)
FAIL: gnu.testlet.java.lang.Character.unicode: Character 1:UNDEFINED incorectly reported as unicodeidentifierpart (number 1)
FAIL: gnu.testlet.java.lang.Character.unicode: Character 1:UNDEFINED has wrong numeric value of -1 instead of 35 (number 1)
FAIL: gnu.testlet.java.lang.Character.unicode: Character 2:UNDEFINED incorectly reported as defined (number 1)
FAIL: gnu.testlet.java.lang.Character.unicode: Character 2:UNDEFINED is reported to be type Cc instead of Cn (number 1)
FAIL: gnu.testlet.java.lang.Character.unicode: Character 2:UNDEFINED incorectly reported as javaidentifierpart (number 1)
FAIL: gnu.testlet.java.lang.Character.unicode: Character 2:UNDEFINED incorectly reported as unicodeidentifierpart (number 1)
FAIL: gnu.testlet.java.lang.Character.unicode: Character 2:UNDEFINED has wrong numeric value of -1 instead of 35 (number 1)
FAIL: gnu.testlet.java.lang.Character.unicode: Character 3:UNDEFINED incorectly reported as defined (number 1)
FAIL: gnu.testlet.java.lang.Character.unicode: Character 3:UNDEFINED is reported to be type Cc instead of Cn (number 1)
FAIL: gnu.testlet.java.lang.Character.unicode: Character 3:UNDEFINED incorectly reported as javaidentifierpart (number 1)
FAIL: gnu.testlet.java.lang.Character.unicode: Character 3:UNDEFINED incorectly reported as unicodeidentifierpart (number 1)
FAIL: gnu.testlet.java.lang.Character.unicode: Character 3:UNDEFINED has wrong numeric value of -1 instead of 35 (number 1)
FAIL: gnu.testlet.java.lang.Character.unicode: Character 4:UNDEFINED incorectly reported as defined (number 1)
FAIL: gnu.testlet.java.lang.Character.unicode: Character 4:UNDEFINED is reported to be type Cc instead of Cn (number 1)
FAIL: gnu.testlet.java.lang.Character.unicode: Character 4:UNDEFINED incorectly reported as javaidentifierpart (number 1)
FAIL: gnu.testlet.java.lang.Character.unicode: Character 4:UNDEFINED incorectly reported as unicodeidentifierpart (number 1)
FAIL: gnu.testlet.java.lang.Character.unicode: Character 4:UNDEFINED has wrong numeric value of -1 instead of 35 (number 1)
FAIL: gnu.testlet.java.lang.Character.unicode: Character 5:UNDEFINED incorectly reported as defined (number 1)
FAIL: gnu.testlet.java.lang.Character.unicode: Character 5:UNDEFINED is reported to be type Cc instead of Cn (number 1)
FAIL: gnu.testlet.java.lang.Character.unicode: Character 5:UNDEFINED incorectly reported as javaidentifierpart (number 1)
FAIL: gnu.testlet.java.lang.Character.unicode: Character 5:UNDEFINED incorectly reported as unicodeidentifierpart (number 1)
FAIL: gnu.testlet.java.lang.Character.unicode: Character 5:UNDEFINED has wrong numeric value of -1 instead of 35 (number 1)
FAIL: gnu.testlet.java.lang.Character.unicode: Character 6:UNDEFINED incorectly reported as defined (number 1)
FAIL: gnu.testlet.java.lang.Character.unicode: Character 6:UNDEFINED is reported to be type Cc instead of Cn (number 1)
FAIL: gnu.testlet.java.lang.Character.unicode: Character 6:UNDEFINED incorectly reported as javaidentifierpart (number 1)
FAIL: gnu.testlet.java.lang.Character.unicode: Character 6:UNDEFINED incorectly reported as unicodeidentifierpart (number 1)
FAIL: gnu.testlet.java.lang.Character.unicode: Character 6:UNDEFINED has wrong numeric value of -1 instead of 35 (number 1)
FAIL: gnu.testlet.java.lang.Character.unicode: Character 7:UNDEFINED incorectly reported as defined (number 1)
FAIL: gnu.testlet.java.lang.Character.unicode: Character 7:UNDEFINED is reported to be type Cc instead of Cn (number 1)
FAIL: gnu.testlet.java.lang.Character.unicode: Character 7:UNDEFINED incorectly reported as javaidentifierpart (number 1)
FAIL: gnu.testlet.java.lang.Character.unicode: Character 7:UNDEFINED incorectly reported as unicodeidentifierpart (number 1)
FAIL: gnu.testlet.java.lang.Character.unicode: Character 7:UNDEFINED has wrong numeric value of -1 instead of 35 (number 1)
FAIL: gnu.testlet.java.lang.Character.unicode: Character 8:UNDEFINED incorectly reported as defined (number 1)
FAIL: gnu.testlet.java.lang.Character.unicode: Character 8:UNDEFINED is reported to be type Cc instead of Cn (number 1)
FAIL: gnu.testlet.java.lang.Character.unicode: Character 8:UNDEFINED incorectly reported as javaidentifierpart (number 1)
FAIL: gnu.testlet.java.lang.Character.unicode: Character 8:UNDEFINED incorectly reported as unicodeidentifierpart (number 1)
FAIL: gnu.testlet.java.lang.Character.unicode: Character 8:UNDEFINED has wrong numeric value of -1 instead of 35 (number 1)
FAIL: gnu.testlet.java.lang.Character.unicode: Character 9:UNDEFINED incorectly reported as defined (number 1)
FAIL: gnu.testlet.java.lang.Character.unicode: Character 9:UNDEFINED is reported to be type Cc instead of Cn (number 1)
FAIL: gnu.testlet.java.lang.Character.unicode: Character 9:UNDEFINED has wrong numeric value of -1 instead of 35 (number 1)
FAIL: gnu.testlet.java.lang.Character.unicode: Character a:UNDEFINED incorectly reported as defined (number 1)
FAIL: gnu.testlet.java.lang.Character.unicode: Character a:UNDEFINED is reported to be type Cc instead of Cn (number 1)
FAIL: gnu.testlet.java.lang.Character.unicode: Character a:UNDEFINED has wrong numeric value of -1 instead of 35 (number 1)
FAIL: gnu.testlet.java.lang.Character.unicode: Character b:UNDEFINED incorectly reported as defined (number 1)
FAIL: gnu.testlet.java.lang.Character.unicode: Character b:UNDEFINED is reported to be type Cc instead of Cn (number 1)
FAIL: gnu.testlet.java.lang.Character.unicode: Character b:UNDEFINED has wrong numeric value of -1 instead of 35 (number 1)
FAIL: gnu.testlet.java.lang.Character.unicode: Character c:UNDEFINED incorectly reported as defined (number 1)
FAIL: gnu.testlet.java.lang.Character.unicode: Character c:UNDEFINED is reported to be type Cc instead of Cn (number 1)
FAIL: gnu.testlet.java.lang.Character.unicode: Character c:UNDEFINED has wrong numeric value of -1 instead of 35 (number 1)
FAIL: gnu.testlet.java.lang.Character.unicode: Character d:UNDEFINED incorectly reported as defined (number 1)
FAIL: gnu.testlet.java.lang.Character.unicode: Character d:UNDEFINED is reported to be type Cc instead of Cn (number 1)
FAIL: gnu.testlet.java.lang.Character.unicode: Character d:UNDEFINED has wrong numeric value of -1 instead of 35 (number 1)
FAIL: gnu.testlet.java.lang.Character.unicode: Character e:UNDEFINED incorectly reported as defined (number 1)
FAIL: gnu.testlet.java.lang.Character.unicode: Character e:UNDEFINED is reported to be type Cc instead of Cn (number 1)
FAIL: gnu.testlet.java.lang.Character.unicode: Character e:UNDEFINED incorectly reported as javaidentifierpart (number 1)
FAIL: gnu.testlet.java.lang.Character.unicode: Character e:UNDEFINED incorectly reported as unicodeidentifierpart (number 1)
FAIL: gnu.testlet.java.lang.Character.unicode: Character e:UNDEFINED has wrong numeric value of -1 instead of 35 (number 1)
FAIL: gnu.testlet.java.lang.Character.unicode: Character f:UNDEFINED incorectly reported as defined (number 1)
FAIL: gnu.testlet.java.lang.Character.unicode: Character f:UNDEFINED is reported to be type Cc instead of Cn (number 1)
FAIL: gnu.testlet.java.lang.Character.unicode: Character f:UNDEFINED incorectly reported as javaidentifierpart (number 1)
FAIL: gnu.testlet.java.lang.Character.unicode: Character f:UNDEFINED incorectly reported as unicodeidentifierpart (number 1)
FAIL: gnu.testlet.java.lang.Character.unicode: Character f:UNDEFINED has wrong numeric value of -1 instead of 35 (number 1)
FAIL: gnu.testlet.java.lang.Character.unicode: Character 10:UNDEFINED incorectly reported as defined (number 1)
FAIL: gnu.testlet.java.lang.Character.unicode: Character 10:UNDEFINED is reported to be type Cc instead of Cn (number 1)
FAIL: gnu.testlet.java.lang.Character.unicode: Character 10:UNDEFINED incorectly reported as javaidentifierpart (number 1)
FAIL: gnu.testlet.java.lang.Character.unicode: Character 10:UNDEFINED incorectly reported as unicodeidentifierpart (number 1)
FAIL: gnu.testlet.java.lang.Character.unicode: Character 10:UNDEFINED has wrong numeric value of -1 instead of 35 (number 1)
FAIL: gnu.testlet.java.lang.Character.unicode: Character 11:UNDEFINED incorectly reported as defined (number 1)
FAIL: gnu.testlet.java.lang.Character.unicode: Character 11:UNDEFINED is reported to be type Cc instead of Cn (number 1)
FAIL: gnu.testlet.java.lang.Character.unicode: Character 11:UNDEFINED incorectly reported as javaidentifierpart (number 1)
FAIL: gnu.testlet.java.lang.Character.unicode: Character 11:UNDEFINED incorectly reported as unicodeidentifierpart (number 1)
FAIL: gnu.testlet.java.lang.Character.unicode: Character 11:UNDEFINED has wrong numeric value of -1 instead of 35 (number 1)
FAIL: gnu.testlet.java.lang.Character.unicode: Character 12:UNDEFINED incorectly reported as defined (number 1)
FAIL: gnu.testlet.java.lang.Character.unicode: Character 12:UNDEFINED is reported to be type Cc instead of Cn (number 1)
FAIL: gnu.testlet.java.lang.Character.unicode: Character 12:UNDEFINED incorectly reported as javaidentifierpart (number 1)
FAIL: gnu.testlet.java.lang.Character.unicode: Character 12:UNDEFINED incorectly reported as unicodeidentifierpart (number 1)
FAIL: gnu.testlet.java.lang.Character.unicode: Character 12:UNDEFINED has wrong numeric value of -1 instead of 35 (number 1)
FAIL: gnu.testlet.java.lang.Character.unicode: Character 13:UNDEFINED incorectly reported as defined (number 1)
FAIL: gnu.testlet.java.lang.Character.unicode: Character 13:UNDEFINED is reported to be type Cc instead of Cn (number 1)
FAIL: gnu.testlet.java.lang.Character.unicode: Character 13:UNDEFINED incorectly reported as javaidentifierpart (number 1)
FAIL: gnu.testlet.java.lang.Character.unicode: Character 13:UNDEFINED incorectly reported as unicodeidentifierpart (number 1)
FAIL: gnu.testlet.java.lang.Character.unicode: Character 13:UNDEFINED has wrong numeric value of -1 instead of 35 (number 1)
FAIL: gnu.testlet.java.lang.Character.unicode: Character 14:UNDEFINED incorectly reported as defined (number 1)
FAIL: gnu.testlet.java.lang.Character.unicode: Character 14:UNDEFINED is reported to be type Cc instead of Cn (number 1)
FAIL: gnu.testlet.java.lang.Character.unicode: Character 14:UNDEFINED incorectly reported as javaidentifierpart (number 1)
FAIL: gnu.testlet.java.lang.Character.unicode: Character 14:UNDEFINED incorectly reported as unicodeidentifierpart (number 1)
FAIL: gnu.testlet.java.lang.Character.unicode: Character 14:UNDEFINED has wrong numeric value of -1 instead of 35 (number 1)
FAIL: gnu.testlet.java.lang.Character.unicode: Character 15:UNDEFINED incorectly reported as defined (number 1)
FAIL: gnu.testlet.java.lang.Character.unicode: Character 15:UNDEFINED is reported to be type Cc instead of Cn (number 1)
FAIL: gnu.testlet.java.lang.Character.unicode: Character 15:UNDEFINED incorectly reported as javaidentifierpart (number 1)
FAIL: gnu.testlet.java.lang.Character.unicode: Character 15:UNDEFINED incorectly reported as unicodeidentifierpart (number 1)
FAIL: gnu.testlet.java.lang.Character.unicode: Character 15:UNDEFINED has wrong numeric value of -1 instead of 35 (number 1)
FAIL: gnu.testlet.java.lang.Character.unicode: Character 16:UNDEFINED incorectly reported as defined (number 1)
FAIL: gnu.testlet.java.lang.Character.unicode: Character 16:UNDEFINED is reported to be type Cc instead of Cn (number 1)
FAIL: gnu.testlet.java.lang.Character.unicode: Character 16:UNDEFINED incorectly reported as javaidentifierpart (number 1)
FAIL: gnu.testlet.java.lang.Character.unicode: Character 16:UNDEFINED incorectly reported as unicodeidentifierpart (number 1)
FAIL: gnu.testlet.java.lang.Character.unicode: Character 16:UNDEFINED has wrong numeric value of -1 instead of 35 (number 1)
FAIL: gnu.testlet.java.lang.Character.unicode: Character 17:UNDEFINED incorectly reported as defined (number 1)
FAIL: gnu.testlet.java.lang.Character.unicode: Character 17:UNDEFINED is reported to be type Cc instead of Cn (number 1)
FAIL: gnu.testlet.java.lang.Character.unicode: Character 17:UNDEFINED incorectly reported as javaidentifierpart (number 1)
FAIL: gnu.testlet.java.lang.Character.unicode: Character 17:UNDEFINED incorectly reported as unicodeidentifierpart (number 1)
FAIL: gnu.testlet.java.lang.Character.unicode: Character 17:UNDEFINED has wrong numeric value of -1 instead of 35 (number 1)
FAIL: gnu.testlet.java.lang.Character.unicode: Character 18:UNDEFINED incorectly reported as defined (number 1)
FAIL: gnu.testlet.java.lang.Character.unicode: Character 18:UNDEFINED is reported to be type Cc instead of Cn (number 1)
FAIL: gnu.testlet.java.lang.Character.unicode: Character 18:UNDEFINED incorectly reported as javaidentifierpart (number 1)
FAIL: gnu.testlet.java.lang.Character.unicode: Character 18:UNDEFINED incorectly reported as unicodeidentifierpart (number 1)
FAIL: gnu.testlet.java.lang.Character.unicode: Character 18:UNDEFINED has wrong numeric value of -1 instead of 35 (number 1)
FAIL: gnu.testlet.java.lang.Character.unicode: Character 19:UNDEFINED incorectly reported as defined (number 1)
FAIL: gnu.testlet.java.lang.Character.unicode: Character 19:UNDEFINED is reported to be type Cc instead of Cn (number 1)
FAIL: gnu.testlet.java.lang.Character.unicode: Character 19:UNDEFINED incorectly reported as javaidentifierpart (number 1)
FAIL: gnu.testlet.java.lang.Character.unicode: Character 19:UNDEFINED incorectly reported as unicodeidentifierpart (number 1)
FAIL: gnu.testlet.java.lang.Character.unicode: Character 19:UNDEFINED has wrong numeric value of -1 instead of 35 (number 1)
FAIL: gnu.testlet.java.lang.Character.unicode: Character 1a:UNDEFINED incorectly reported as defined (number 1)
FAIL: gnu.testlet.java.lang.Character.unicode: Character 1a:UNDEFINED is reported to be type Cc instead of Cn (number 1)
FAIL: gnu.testlet.java.lang.Character.unicode: Character 1a:UNDEFINED incorectly reported as javaidentifierpart (number 1)
FAIL: gnu.testlet.java.lang.Character.unicode: Character 1a:UNDEFINED incorectly reported as unicodeidentifierpart (number 1)
FAIL: gnu.testlet.java.lang.Character.unicode: Character 1a:UNDEFINED has wrong numeric value of -1 instead of 35 (number 1)
FAIL: gnu.testlet.java.lang.Character.unicode: Character 1b:UNDEFINED incorectly reported as defined (number 1)
FAIL: gnu.testlet.java.lang.Character.unicode: Character 1b:UNDEFINED is reported to be type Cc instead of Cn (number 1)
FAIL: gnu.testlet.java.lang.Character.unicode: Character 1b:UNDEFINED incorectly reported as javaidentifierpart (number 1)
FAIL: gnu.testlet.java.lang.Character.unicode: Character 1b:UNDEFINED incorectly reported as unicodeidentifierpart (number 1)
FAIL: gnu.testlet.java.lang.Character.unicode: Character 1b:UNDEFINED has wrong numeric value of -1 instead of 35 (number 1)
FAIL: gnu.testlet.java.lang.Character.unicode: Character 1c:UNDEFINED incorectly reported as defined (number 1)
FAIL: gnu.testlet.java.lang.Character.unicode: Character 1c:UNDEFINED is reported to be type Cc instead of Cn (number 1)
FAIL: gnu.testlet.java.lang.Character.unicode: Character 1c:UNDEFINED has wrong numeric value of -1 instead of 35 (number 1)
FAIL: gnu.testlet.java.lang.Character.unicode: Character 1d:UNDEFINED incorectly reported as defined (number 1)
FAIL: gnu.testlet.java.lang.Character.unicode: Character 1d:UNDEFINED is reported to be type Cc instead of Cn (number 1)
FAIL: gnu.testlet.java.lang.Character.unicode: Character 1d:UNDEFINED has wrong numeric value of -1 instead of 35 (number 1)
FAIL: gnu.testlet.java.lang.Character.unicode: Character 1e:UNDEFINED incorectly reported as defined (number 1)
FAIL: gnu.testlet.java.lang.Character.unicode: Character 1e:UNDEFINED is reported to be type Cc instead of Cn (number 1)
FAIL: gnu.testlet.java.lang.Character.unicode: Character 1e:UNDEFINED has wrong numeric value of -1 instead of 35 (number 1)
FAIL: gnu.testlet.java.lang.Character.unicode: Character 1f:UNDEFINED incorectly reported as defined (number 1)
FAIL: gnu.testlet.java.lang.Character.unicode: Character 1f:UNDEFINED is reported to be type Cc instead of Cn (number 1)
FAIL: gnu.testlet.java.lang.Character.unicode: Character 1f:UNDEFINED has wrong numeric value of -1 instead of 35 (number 1)
FAIL: gnu.testlet.java.lang.Character.unicode: Character 20:UNDEFINED incorectly reported as defined (number 1)
FAIL: gnu.testlet.java.lang.Character.unicode: Character 20:UNDEFINED incorectly reported as spacechar (number 1)
FAIL: gnu.testlet.java.lang.Character.unicode: Character 20:UNDEFINED incorectly reported as whitespace (number 1)
FAIL: gnu.testlet.java.lang.Character.unicode: Character 20:UNDEFINED is reported to be type Zs instead of Cn (number 1)
FAIL: gnu.testlet.java.lang.Character.unicode: Character 20:UNDEFINED has wrong numeric value of -1 instead of 35 (number 1)
FAIL: gnu.testlet.java.lang.Character.unicode: Character 21:UNDEFINED incorectly reported as defined (number 1)
FAIL: gnu.testlet.java.lang.Character.unicode: Character 21:UNDEFINED is reported to be type Po instead of Cn (number 1)
FAIL: gnu.testlet.java.lang.Character.unicode: Character 21:UNDEFINED has wrong numeric value of -1 instead of 35 (number 1)
FAIL: gnu.testlet.java.lang.Character.unicode: Character 22:UNDEFINED incorectly reported as defined (number 1)
FAIL: gnu.testlet.java.lang.Character.unicode: Character 22:UNDEFINED is reported to be type Po instead of Cn (number 1)
FAIL: gnu.testlet.java.lang.Character.unicode: Character 22:UNDEFINED has wrong numeric value of -1 instead of 35 (number 1)
FAIL: gnu.testlet.java.lang.Character.unicode: Character 23:UNDEFINED incorectly reported as defined (number 1)
FAIL: gnu.testlet.java.lang.Character.unicode: Character 23:UNDEFINED is reported to be type Po instead of Cn (number 1)
FAIL: gnu.testlet.java.lang.Character.unicode: Character 23:UNDEFINED has wrong numeric value of -1 instead of 35 (number 1)
FAIL: gnu.testlet.java.lang.Character.unicode: Character 24:UNDEFINED incorectly reported as defined (number 1)
FAIL: gnu.testlet.java.lang.Character.unicode: Character 24:UNDEFINED is reported to be type Sc instead of Cn (number 1)
FAIL: gnu.testlet.java.lang.Character.unicode: Character 24:UNDEFINED incorectly reported as javaindetifierstart (number 1)
FAIL: gnu.testlet.java.lang.Character.unicode: Character 24:UNDEFINED incorectly reported as javaidentifierpart (number 1)
FAIL: gnu.testlet.java.lang.Character.unicode: Character 24:UNDEFINED has wrong numeric value of -1 instead of 35 (number 1)
FAIL: gnu.testlet.java.lang.Character.unicode: Character 25:UNDEFINED incorectly reported as defined (number 1)
FAIL: gnu.testlet.java.lang.Character.unicode: Character 25:UNDEFINED is reported to be type Po instead of Cn (number 1)
FAIL: gnu.testlet.java.lang.Character.unicode: Character 25:UNDEFINED has wrong numeric value of -1 instead of 35 (number 1)
FAIL: gnu.testlet.java.lang.Character.unicode: Character 26:UNDEFINED incorectly reported as defined (number 1)
FAIL: gnu.testlet.java.lang.Character.unicode: Character 26:UNDEFINED is reported to be type Po instead of Cn (number 1)
FAIL: gnu.testlet.java.lang.Character.unicode: Character 26:UNDEFINED has wrong numeric value of -1 instead of 35 (number 1)
FAIL: gnu.testlet.java.lang.Character.unicode: Character 27:UNDEFINED incorectly reported as defined (number 1)
FAIL: gnu.testlet.java.lang.Character.unicode: Character 27:UNDEFINED is reported to be type Po instead of Cn (number 1)
FAIL: gnu.testlet.java.lang.Character.unicode: Character 27:UNDEFINED has wrong numeric value of -1 instead of 35 (number 1)
FAIL: gnu.testlet.java.lang.Character.unicode: Character 28:UNDEFINED incorectly reported as defined (number 1)
FAIL: gnu.testlet.java.lang.Character.unicode: Character 28:UNDEFINED is reported to be type Ps instead of Cn (number 1)
FAIL: gnu.testlet.java.lang.Character.unicode: Character 28:UNDEFINED has wrong numeric value of -1 instead of 35 (number 1)
FAIL: gnu.testlet.java.lang.Character.unicode: Character 29:UNDEFINED incorectly reported as defined (number 1)
FAIL: gnu.testlet.java.lang.Character.unicode: Character 29:UNDEFINED is reported to be type Pe instead of Cn (number 1)
FAIL: gnu.testlet.java.lang.Character.unicode: Character 29:UNDEFINED has wrong numeric value of -1 instead of 35 (number 1)
FAIL: gnu.testlet.java.lang.Character.unicode: Character 2a:UNDEFINED incorectly reported as defined (number 1)
FAIL: gnu.testlet.java.lang.Character.unicode: Character 2a:UNDEFINED is reported to be type Po instead of Cn (number 1)
FAIL: gnu.testlet.java.lang.Character.unicode: Character 2a:UNDEFINED has wrong numeric value of -1 instead of 35 (number 1)
FAIL: gnu.testlet.java.lang.Character.unicode: Character 2b:UNDEFINED incorectly reported as defined (number 1)
FAIL: gnu.testlet.java.lang.Character.unicode: Character 2b:UNDEFINED is reported to be type Sm instead of Cn (number 1)
FAIL: gnu.testlet.java.lang.Character.unicode: Character 2b:UNDEFINED has wrong numeric value of -1 instead of 35 (number 1)
FAIL: gnu.testlet.java.lang.Character.unicode: Character 2c:UNDEFINED incorectly reported as defined (number 1)
FAIL: gnu.testlet.java.lang.Character.unicode: Character 2c:UNDEFINED is reported to be type Po instead of Cn (number 1)
FAIL: gnu.testlet.java.lang.Character.unicode: Character 2c:UNDEFINED has wrong numeric value of -1 instead of 35 (number 1)
FAIL: gnu.testlet.java.lang.Character.unicode: Character 2d:UNDEFINED incorectly reported as defined (number 1)
FAIL: gnu.testlet.java.lang.Character.unicode: Character 2d:UNDEFINED is reported to be type Pd instead of Cn (number 1)
FAIL: gnu.testlet.java.lang.Character.unicode: Character 2d:UNDEFINED has wrong numeric value of -1 instead of 35 (number 1)
FAIL: gnu.testlet.java.lang.Character.unicode: Character 2e:UNDEFINED incorectly reported as defined (number 1)
FAIL: gnu.testlet.java.lang.Character.unicode: Character 2e:UNDEFINED is reported to be type Po instead of Cn (number 1)
FAIL: gnu.testlet.java.lang.Character.unicode: Character 2e:UNDEFINED has wrong numeric value of -1 instead of 35 (number 1)
FAIL: gnu.testlet.java.lang.Character.unicode: Character 2f:UNDEFINED incorectly reported as defined (number 1)
FAIL: gnu.testlet.java.lang.Character.unicode: Character 2f:UNDEFINED is reported to be type Po instead of Cn (number 1)
FAIL: gnu.testlet.java.lang.Character.unicode: Character 2f:UNDEFINED has wrong numeric value of -1 instead of 35 (number 1)
FAIL: gnu.testlet.java.lang.Character.unicode: Character 30:UNDEFINED incorectly reported as defined (number 1)
FAIL: gnu.testlet.java.lang.Character.unicode: Character 30:UNDEFINED is reported to be type Nd instead of Cn (number 1)
FAIL: gnu.testlet.java.lang.Character.unicode: Character 30:UNDEFINED incorectly reported as javaidentifierpart (number 1)
FAIL: gnu.testlet.java.lang.Character.unicode: Character 30:UNDEFINED incorectly reported as unicodeidentifierpart (number 1)
FAIL: gnu.testlet.java.lang.Character.unicode: Character 30:UNDEFINED has wrong digit form of 0 for radix 2 instead of -1 (number 1)
FAIL: gnu.testlet.java.lang.Character.unicode: Character 30:UNDEFINED has wrong digit form of 0 for radix 3 instead of -1 (number 1)
FAIL: gnu.testlet.java.lang.Character.unicode: Character 30:UNDEFINED has wrong digit form of 0 for radix 4 instead of -1 (number 1)
FAIL: gnu.testlet.java.lang.Character.unicode: Character 30:UNDEFINED has wrong digit form of 0 for radix 5 instead of -1 (number 1)
FAIL: gnu.testlet.java.lang.Character.unicode: Character 30:UNDEFINED has wrong digit form of 0 for radix 6 instead of -1 (number 1)
FAIL: gnu.testlet.java.lang.Character.unicode: Character 30:UNDEFINED has wrong digit form of 0 for radix 7 instead of -1 (number 1)
FAIL: gnu.testlet.java.lang.Character.unicode: Character 30:UNDEFINED has wrong digit form of 0 for radix 8 instead of -1 (number 1)
FAIL: gnu.testlet.java.lang.Character.unicode: Character 30:UNDEFINED has wrong digit form of 0 for radix 9 instead of -1 (number 1)
FAIL: gnu.testlet.java.lang.Character.unicode: Character 30:UNDEFINED has wrong digit form of 0 for radix 10 instead of -1 (number 1)
FAIL: gnu.testlet.java.lang.Character.unicode: Character 30:UNDEFINED has wrong digit form of 0 for radix 11 instead of -1 (number 1)
FAIL: gnu.testlet.java.lang.Character.unicode: Character 30:UNDEFINED has wrong digit form of 0 for radix 12 instead of -1 (number 1)
FAIL: gnu.testlet.java.lang.Character.unicode: Character 30:UNDEFINED has wrong digit form of 0 for radix 13 instead of -1 (number 1)
FAIL: gnu.testlet.java.lang.Character.unicode: Character 30:UNDEFINED has wrong digit form of 0 for radix 14 instead of -1 (number 1)
FAIL: gnu.testlet.java.lang.Character.unicode: Character 30:UNDEFINED has wrong digit form of 0 for radix 15 instead of -1 (number 1)
FAIL: gnu.testlet.java.lang.Character.unicode: Character 30:UNDEFINED has wrong digit form of 0 for radix 16 instead of -1 (number 1)
FAIL: gnu.testlet.java.lang.Character.unicode: Character 30:UNDEFINED has wrong digit form of 0 for radix 17 instead of -1 (number 1)
FAIL: gnu.testlet.java.lang.Character.unicode: Character 30:UNDEFINED has wrong digit form of 0 for radix 18 instead of -1 (number 1)
FAIL: gnu.testlet.java.lang.Character.unicode: Character 30:UNDEFINED has wrong digit form of 0 for radix 19 instead of -1 (number 1)
FAIL: gnu.testlet.java.lang.Character.unicode: Character 30:UNDEFINED has wrong digit form of 0 for radix 20 instead of -1 (number 1)
FAIL: gnu.testlet.java.lang.Character.unicode: Character 30:UNDEFINED has wrong digit form of 0 for radix 21 instead of -1 (number 1)
FAIL: gnu.testlet.java.lang.Character.unicode: Character 30:UNDEFINED has wrong digit form of 0 for radix 22 instead of -1 (number 1)
FAIL: gnu.testlet.java.lang.Character.unicode: Character 30:UNDEFINED has wrong digit form of 0 for radix 23 instead of -1 (number 1)
FAIL: gnu.testlet.java.lang.Character.unicode: Character 30:UNDEFINED has wrong digit form of 0 for radix 24 instead of -1 (number 1)
FAIL: gnu.testlet.java.lang.Character.unicode: Character 30:UNDEFINED has wrong digit form of 0 for radix 25 instead of -1 (number 1)
FAIL: gnu.testlet.java.lang.Character.unicode: Character 30:UNDEFINED has wrong digit form of 0 for radix 26 instead of -1 (number 1)
FAIL: gnu.testlet.java.lang.Character.unicode: Character 30:UNDEFINED has wrong digit form of 0 for radix 27 instead of -1 (number 1)
FAIL: gnu.testlet.java.lang.Character.unicode: Character 30:UNDEFINED has wrong digit form of 0 for radix 28 instead of -1 (number 1)
FAIL: gnu.testlet.java.lang.Character.unicode: Character 30:UNDEFINED has wrong digit form of 0 for radix 29 instead of -1 (number 1)
FAIL: gnu.testlet.java.lang.Character.unicode: Character 30:UNDEFINED has wrong digit form of 0 for radix 30 instead of -1 (number 1)
FAIL: gnu.testlet.java.lang.Character.unicode: Character 30:UNDEFINED has wrong digit form of 0 for radix 31 instead of -1 (number 1)
FAIL: gnu.testlet.java.lang.Character.unicode: Character 30:UNDEFINED has wrong digit form of 0 for radix 32 instead of -1 (number 1)
FAIL: gnu.testlet.java.lang.Character.unicode: Character 30:UNDEFINED has wrong digit form of 0 for radix 33 instead of -1 (number 1)
FAIL: gnu.testlet.java.lang.Character.unicode: Character 30:UNDEFINED has wrong digit form of 0 for radix 34 instead of -1 (number 1)
FAIL: gnu.testlet.java.lang.Character.unicode: Character 30:UNDEFINED has wrong digit form of 0 for radix 35 instead of -1 (number 1)
FAIL: gnu.testlet.java.lang.Character.unicode: Character 30:UNDEFINED has wrong digit form of 0 for radix 36 instead of -1 (number 1)
FAIL: gnu.testlet.java.lang.Character.unicode: Character 30:UNDEFINED has wrong numeric value of 0 instead of 35 (number 1)
FAIL: gnu.testlet.java.lang.Character.unicode: Character 31:UNDEFINED incorectly reported as defined (number 1)
FAIL: gnu.testlet.java.lang.Character.unicode: Character 31:UNDEFINED is reported to be type Nd instead of Cn (number 1)
FAIL: gnu.testlet.java.lang.Character.unicode: Character 31:UNDEFINED incorectly reported as javaidentifierpart (number 1)
FAIL: gnu.testlet.java.lang.Character.unicode: Character 31:UNDEFINED incorectly reported as unicodeidentifierpart (number 1)
FAIL: gnu.testlet.java.lang.Character.unicode: Character 31:UNDEFINED has wrong digit form of 1 for radix 2 instead of -1 (number 1)
FAIL: gnu.testlet.java.lang.Character.unicode: Character 31:UNDEFINED has wrong digit form of 1 for radix 3 instead of -1 (number 1)
FAIL: gnu.testlet.java.lang.Character.unicode: Character 31:UNDEFINED has wrong digit form of 1 for radix 4 instead of -1 (number 1)
FAIL: gnu.testlet.java.lang.Character.unicode: Character 31:UNDEFINED has wrong digit form of 1 for radix 5 instead of -1 (number 1)
FAIL: gnu.testlet.java.lang.Character.unicode: Character 31:UNDEFINED has wrong digit form of 1 for radix 6 instead of -1 (number 1)
FAIL: gnu.testlet.java.lang.Character.unicode: Character 31:UNDEFINED has wrong digit form of 1 for radix 7 instead of -1 (number 1)
FAIL: gnu.testlet.java.lang.Character.unicode: Character 31:UNDEFINED has wrong digit form of 1 for radix 8 instead of -1 (number 1)
FAIL: gnu.testlet.java.lang.Character.unicode: Character 31:UNDEFINED has wrong digit form of 1 for radix 9 instead of -1 (number 1)
FAIL: gnu.testlet.java.lang.Character.unicode: Character 31:UNDEFINED has wrong digit form of 1 for radix 10 instead of -1 (number 1)
FAIL: gnu.testlet.java.lang.Character.unicode: Character 31:UNDEFINED has wrong digit form of 1 for radix 11 instead of -1 (number 1)
FAIL: gnu.testlet.java.lang.Character.unicode: Character 31:UNDEFINED has wrong digit form of 1 for radix 12 instead of -1 (number 1)
FAIL: gnu.testlet.java.lang.Character.unicode: Character 31:UNDEFINED has wrong digit form of 1 for radix 13 instead of -1 (number 1)
FAIL: gnu.testlet.java.lang.Character.unicode: Character 31:UNDEFINED has wrong digit form of 1 for radix 14 instead of -1 (number 1)
FAIL: gnu.testlet.java.lang.Character.unicode: Character 31:UNDEFINED has wrong digit form of 1 for radix 15 instead of -1 (number 1)
FAIL: gnu.testlet.java.lang.Character.unicode: Character 31:UNDEFINED has wrong digit form of 1 for radix 16 instead of -1 (number 1)
FAIL: gnu.testlet.java.lang.Character.unicode: Character 31:UNDEFINED has wrong digit form of 1 for radix 17 instead of -1 (number 1)
FAIL: gnu.testlet.java.lang.Character.unicode: Character 31:UNDEFINED has wrong digit form of 1 for radix 18 instead of -1 (number 1)
FAIL: gnu.testlet.java.lang.Character.unicode: Character 31:UNDEFINED has wrong digit form of 1 for radix 19 instead of -1 (number 1)
FAIL: gnu.testlet.java.lang.Character.unicode: Character 31:UNDEFINED has wrong digit form of 1 for radix 20 instead of -1 (number 1)
FAIL: gnu.testlet.java.lang.Character.unicode: Character 31:UNDEFINED has wrong digit form of 1 for radix 21 instead of -1 (number 1)
FAIL: gnu.testlet.java.lang.Character.unicode: Character 31:UNDEFINED has wrong digit form of 1 for radix 22 instead of -1 (number 1)
FAIL: gnu.testlet.java.lang.Character.unicode: Character 31:UNDEFINED has wrong digit form of 1 for radix 23 instead of -1 (number 1)
FAIL: gnu.testlet.java.lang.Character.unicode: Character 31:UNDEFINED has wrong digit form of 1 for radix 24 instead of -1 (number 1)
FAIL: gnu.testlet.java.lang.Character.unicode: Character 31:UNDEFINED has wrong digit form of 1 for radix 25 instead of -1 (number 1)
FAIL: gnu.testlet.java.lang.Character.unicode: Character 31:UNDEFINED has wrong digit form of 1 for radix 26 instead of -1 (number 1)
FAIL: gnu.testlet.java.lang.Character.unicode: Character 31:UNDEFINED has wrong digit form of 1 for radix 27 instead of -1 (number 1)
FAIL: gnu.testlet.java.lang.Character.unicode: Character 31:UNDEFINED has wrong digit form of 1 for radix 28 instead of -1 (number 1)
FAIL: gnu.testlet.java.lang.Character.unicode: Character 31:UNDEFINED has wrong digit form of 1 for radix 29 instead of -1 (number 1)
FAIL: gnu.testlet.java.lang.Character.unicode: Character 31:UNDEFINED has wrong digit form of 1 for radix 30 instead of -1 (number 1)
FAIL: gnu.testlet.java.lang.Character.unicode: Character 31:UNDEFINED has wrong digit form of 1 for radix 31 instead of -1 (number 1)
FAIL: gnu.testlet.java.lang.Character.unicode: Character 31:UNDEFINED has wrong digit form of 1 for radix 32 instead of -1 (number 1)
FAIL: gnu.testlet.java.lang.Character.unicode: Character 31:UNDEFINED has wrong digit form of 1 for radix 33 instead of -1 (number 1)
FAIL: gnu.testlet.java.lang.Character.unicode: Character 31:UNDEFINED has wrong digit form of 1 for radix 34 instead of -1 (number 1)
FAIL: gnu.testlet.java.lang.Character.unicode: Character 31:UNDEFINED has wrong digit form of 1 for radix 35 instead of -1 (number 1)
FAIL: gnu.testlet.java.lang.Character.unicode: Character 31:UNDEFINED has wrong digit form of 1 for radix 36 instead of -1 (number 1)
FAIL: gnu.testlet.java.lang.Character.unicode: Character 31:UNDEFINED has wrong numeric value of 1 instead of 35 (number 1)
FAIL: gnu.testlet.java.lang.Character.unicode: Character 32:UNDEFINED incorectly reported as defined (number 1)
FAIL: gnu.testlet.java.lang.Character.unicode: Character 32:UNDEFINED is reported to be type Nd instead of Cn (number 1)
FAIL: gnu.testlet.java.lang.Character.unicode: Character 32:UNDEFINED incorectly reported as javaidentifierpart (number 1)
FAIL: gnu.testlet.java.lang.Character.unicode: Character 32:UNDEFINED incorectly reported as unicodeidentifierpart (number 1)
FAIL: gnu.testlet.java.lang.Character.unicode: Character 32:UNDEFINED has wrong digit form of 2 for radix 3 instead of -1 (number 1)
FAIL: gnu.testlet.java.lang.Character.unicode: Character 32:UNDEFINED has wrong digit form of 2 for radix 4 instead of -1 (number 1)
FAIL: gnu.testlet.java.lang.Character.unicode: Character 32:UNDEFINED has wrong digit form of 2 for radix 5 instead of -1 (number 1)
FAIL: gnu.testlet.java.lang.Character.unicode: Character 32:UNDEFINED has wrong digit form of 2 for radix 6 instead of -1 (number 1)
FAIL: gnu.testlet.java.lang.Character.unicode: Character 32:UNDEFINED has wrong digit form of 2 for radix 7 instead of -1 (number 1)
FAIL: gnu.testlet.java.lang.Character.unicode: Character 32:UNDEFINED has wrong digit form of 2 for radix 8 instead of -1 (number 1)
FAIL: gnu.testlet.java.lang.Character.unicode: Character 32:UNDEFINED has wrong digit form of 2 for radix 9 instead of -1 (number 1)
FAIL: gnu.testlet.java.lang.Character.unicode: Character 32:UNDEFINED has wrong digit form of 2 for radix 10 instead of -1 (number 1)
FAIL: gnu.testlet.java.lang.Character.unicode: Character 32:UNDEFINED has wrong digit form of 2 for radix 11 instead of -1 (number 1)
FAIL: gnu.testlet.java.lang.Character.unicode: Character 32:UNDEFINED has wrong digit form of 2 for radix 12 instead of -1 (number 1)
FAIL: gnu.testlet.java.lang.Character.unicode: Character 32:UNDEFINED has wrong digit form of 2 for radix 13 instead of -1 (number 1)
FAIL: gnu.testlet.java.lang.Character.unicode: Character 32:UNDEFINED has wrong digit form of 2 for radix 14 instead of -1 (number 1)
FAIL: gnu.testlet.java.lang.Character.unicode: Character 32:UNDEFINED has wrong digit form of 2 for radix 15 instead of -1 (number 1)
FAIL: gnu.testlet.java.lang.Character.unicode: Character 32:UNDEFINED has wrong digit form of 2 for radix 16 instead of -1 (number 1)
FAIL: gnu.testlet.java.lang.Character.unicode: Character 32:UNDEFINED has wrong digit form of 2 for radix 17 instead of -1 (number 1)
FAIL: gnu.testlet.java.lang.Character.unicode: Character 32:UNDEFINED has wrong digit form of 2 for radix 18 instead of -1 (number 1)
FAIL: gnu.testlet.java.lang.Character.unicode: Character 32:UNDEFINED has wrong digit form of 2 for radix 19 instead of -1 (number 1)
FAIL: gnu.testlet.java.lang.Character.unicode: Character 32:UNDEFINED has wrong digit form of 2 for radix 20 instead of -1 (number 1)
FAIL: gnu.testlet.java.lang.Character.unicode: Character 32:UNDEFINED has wrong digit form of 2 for radix 21 instead of -1 (number 1)
FAIL: gnu.testlet.java.lang.Character.unicode: Character 32:UNDEFINED has wrong digit form of 2 for radix 22 instead of -1 (number 1)
FAIL: gnu.testlet.java.lang.Character.unicode: Character 32:UNDEFINED has wrong digit form of 2 for radix 23 instead of -1 (number 1)
FAIL: gnu.testlet.java.lang.Character.unicode: Character 32:UNDEFINED has wrong digit form of 2 for radix 24 instead of -1 (number 1)
FAIL: gnu.testlet.java.lang.Character.unicode: Character 32:UNDEFINED has wrong digit form of 2 for radix 25 instead of -1 (number 1)
FAIL: gnu.testlet.java.lang.Character.unicode: Character 32:UNDEFINED has wrong digit form of 2 for radix 26 instead of -1 (number 1)
FAIL: gnu.testlet.java.lang.Character.unicode: Character 32:UNDEFINED has wrong digit form of 2 for radix 27 instead of -1 (number 1)
FAIL: gnu.testlet.java.lang.Character.unicode: Character 32:UNDEFINED has wrong digit form of 2 for radix 28 instead of -1 (number 1)
FAIL: gnu.testlet.java.lang.Character.unicode: Character 32:UNDEFINED has wrong digit form of 2 for radix 29 instead of -1 (number 1)
FAIL: gnu.testlet.java.lang.Character.unicode: Character 32:UNDEFINED has wrong digit form of 2 for radix 30 instead of -1 (number 1)
FAIL: gnu.testlet.java.lang.Character.unicode: Character 32:UNDEFINED has wrong digit form of 2 for radix 31 instead of -1 (number 1)
FAIL: gnu.testlet.java.lang.Character.unicode: Character 32:UNDEFINED has wrong digit form of 2 for radix 32 instead of -1 (number 1)
FAIL: gnu.testlet.java.lang.Character.unicode: Character 32:UNDEFINED has wrong digit form of 2 for radix 33 instead of -1 (number 1)
FAIL: gnu.testlet.java.lang.Character.unicode: Character 32:UNDEFINED has wrong digit form of 2 for radix 34 instead of -1 (number 1)
FAIL: gnu.testlet.java.lang.Character.unicode: Character 32:UNDEFINED has wrong digit form of 2 for radix 35 instead of -1 (number 1)
FAIL: gnu.testlet.java.lang.Character.unicode: Character 32:UNDEFINED has wrong digit form of 2 for radix 36 instead of -1 (number 1)
FAIL: gnu.testlet.java.lang.Character.unicode: Character 32:UNDEFINED has wrong numeric value of 2 instead of 35 (number 1)
FAIL: gnu.testlet.java.lang.Character.unicode: Character 33:UNDEFINED incorectly reported as defined (number 1)
FAIL: gnu.testlet.java.lang.Character.unicode: Character 33:UNDEFINED is reported to be type Nd instead of Cn (number 1)
FAIL: gnu.testlet.java.lang.Character.unicode: Character 33:UNDEFINED incorectly reported as javaidentifierpart (number 1)
FAIL: gnu.testlet.java.lang.Character.unicode: Character 33:UNDEFINED incorectly reported as unicodeidentifierpart (number 1)
FAIL: gnu.testlet.java.lang.Character.unicode: Character 33:UNDEFINED has wrong digit form of 3 for radix 4 instead of -1 (number 1)
FAIL: gnu.testlet.java.lang.Character.unicode: Character 33:UNDEFINED has wrong digit form of 3 for radix 5 instead of -1 (number 1)
FAIL: gnu.testlet.java.lang.Character.unicode: Character 33:UNDEFINED has wrong digit form of 3 for radix 6 instead of -1 (number 1)
FAIL: gnu.testlet.java.lang.Character.unicode: Character 33:UNDEFINED has wrong digit form of 3 for radix 7 instead of -1 (number 1)
FAIL: gnu.testlet.java.lang.Character.unicode: Character 33:UNDEFINED has wrong digit form of 3 for radix 8 instead of -1 (number 1)
FAIL: gnu.testlet.java.lang.Character.unicode: Character 33:UNDEFINED has wrong digit form of 3 for radix 9 instead of -1 (number 1)
FAIL: gnu.testlet.java.lang.Character.unicode: Character 33:UNDEFINED has wrong digit form of 3 for radix 10 instead of -1 (number 1)
FAIL: gnu.testlet.java.lang.Character.unicode: Character 33:UNDEFINED has wrong digit form of 3 for radix 11 instead of -1 (number 1)
FAIL: gnu.testlet.java.lang.Character.unicode: Character 33:UNDEFINED has wrong digit form of 3 for radix 12 instead of -1 (number 1)
FAIL: gnu.testlet.java.lang.Character.unicode: Character 33:UNDEFINED has wrong digit form of 3 for radix 13 instead of -1 (number 1)
FAIL: gnu.testlet.java.lang.Character.unicode: Character 33:UNDEFINED has wrong digit form of 3 for radix 14 instead of -1 (number 1)
FAIL: gnu.testlet.java.lang.Character.unicode: Character 33:UNDEFINED has wrong digit form of 3 for radix 15 instead of -1 (number 1)
FAIL: gnu.testlet.java.lang.Character.unicode: Character 33:UNDEFINED has wrong digit form of 3 for radix 16 instead of -1 (number 1)
FAIL: gnu.testlet.java.lang.Character.unicode: Character 33:UNDEFINED has wrong digit form of 3 for radix 17 instead of -1 (number 1)
FAIL: gnu.testlet.java.lang.Character.unicode: Character 33:UNDEFINED has wrong digit form of 3 for radix 18 instead of -1 (number 1)
FAIL: gnu.testlet.java.lang.Character.unicode: Character 33:UNDEFINED has wrong digit form of 3 for radix 19 instead of -1 (number 1)
FAIL: gnu.testlet.java.lang.Character.unicode: Character 33:UNDEFINED has wrong digit form of 3 for radix 20 instead of -1 (number 1)
FAIL: gnu.testlet.java.lang.Character.unicode: Character 33:UNDEFINED has wrong digit form of 3 for radix 21 instead of -1 (number 1)
FAIL: gnu.testlet.java.lang.Character.unicode: Character 33:UNDEFINED has wrong digit form of 3 for radix 22 instead of -1 (number 1)
FAIL: gnu.testlet.java.lang.Character.unicode: Character 33:UNDEFINED has wrong digit form of 3 for radix 23 instead of -1 (number 1)
FAIL: gnu.testlet.java.lang.Character.unicode: Character 33:UNDEFINED has wrong digit form of 3 for radix 24 instead of -1 (number 1)
FAIL: gnu.testlet.java.lang.Character.unicode: Character 33:UNDEFINED has wrong digit form of 3 for radix 25 instead of -1 (number 1)
FAIL: gnu.testlet.java.lang.Character.unicode: Character 33:UNDEFINED has wrong digit form of 3 for radix 26 instead of -1 (number 1)
FAIL: gnu.testlet.java.lang.Character.unicode: Character 33:UNDEFINED has wrong digit form of 3 for radix 27 instead of -1 (number 1)
FAIL: gnu.testlet.java.lang.Character.unicode: Character 33:UNDEFINED has wrong digit form of 3 for radix 28 instead of -1 (number 1)
FAIL: gnu.testlet.java.lang.Character.unicode: Character 33:UNDEFINED has wrong digit form of 3 for radix 29 instead of -1 (number 1)
FAIL: gnu.testlet.java.lang.Character.unicode: Character 33:UNDEFINED has wrong digit form of 3 for radix 30 instead of -1 (number 1)
FAIL: gnu.testlet.java.lang.Character.unicode: Character 33:UNDEFINED has wrong digit form of 3 for radix 31 instead of -1 (number 1)
FAIL: gnu.testlet.java.lang.Character.unicode: Character 33:UNDEFINED has wrong digit form of 3 for radix 32 instead of -1 (number 1)
FAIL: gnu.testlet.java.lang.Character.unicode: Character 33:UNDEFINED has wrong digit form of 3 for radix 33 instead of -1 (number 1)
FAIL: gnu.testlet.java.lang.Character.unicode: Character 33:UNDEFINED has wrong digit form of 3 for radix 34 instead of -1 (number 1)
FAIL: gnu.testlet.java.lang.Character.unicode: Character 33:UNDEFINED has wrong digit form of 3 for radix 35 instead of -1 (number 1)
FAIL: gnu.testlet.java.lang.Character.unicode: Character 33:UNDEFINED has wrong digit form of 3 for radix 36 instead of -1 (number 1)
FAIL: gnu.testlet.java.lang.Character.unicode: Character 33:UNDEFINED has wrong numeric value of 3 instead of 35 (number 1)
FAIL: gnu.testlet.java.lang.Character.unicode: Character 34:UNDEFINED incorectly reported as defined (number 1)
FAIL: gnu.testlet.java.lang.Character.unicode: Character 34:UNDEFINED is reported to be type Nd instead of Cn (number 1)
FAIL: gnu.testlet.java.lang.Character.unicode: Character 34:UNDEFINED incorectly reported as javaidentifierpart (number 1)
FAIL: gnu.testlet.java.lang.Character.unicode: Character 34:UNDEFINED incorectly reported as unicodeidentifierpart (number 1)
FAIL: gnu.testlet.java.lang.Character.unicode: Character 34:UNDEFINED has wrong digit form of 4 for radix 5 instead of -1 (number 1)
FAIL: gnu.testlet.java.lang.Character.unicode: Character 34:UNDEFINED has wrong digit form of 4 for radix 6 instead of -1 (number 1)
FAIL: gnu.testlet.java.lang.Character.unicode: Character 34:UNDEFINED has wrong digit form of 4 for radix 7 instead of -1 (number 1)
FAIL: gnu.testlet.java.lang.Character.unicode: Character 34:UNDEFINED has wrong digit form of 4 for radix 8 instead of -1 (number 1)
FAIL: gnu.testlet.java.lang.Character.unicode: Character 34:UNDEFINED has wrong digit form of 4 for radix 9 instead of -1 (number 1)
FAIL: gnu.testlet.java.lang.Character.unicode: Character 34:UNDEFINED has wrong digit form of 4 for radix 10 instead of -1 (number 1)
FAIL: gnu.testlet.java.lang.Character.unicode: Character 34:UNDEFINED has wrong digit form of 4 for radix 11 instead of -1 (number 1)
FAIL: gnu.testlet.java.lang.Character.unicode: Character 34:UNDEFINED has wrong digit form of 4 for radix 12 instead of -1 (number 1)
FAIL: gnu.testlet.java.lang.Character.unicode: Character 34:UNDEFINED has wrong digit form of 4 for radix 13 instead of -1 (number 1)
FAIL: gnu.testlet.java.lang.Character.unicode: Character 34:UNDEFINED has wrong digit form of 4 for radix 14 instead of -1 (number 1)
FAIL: gnu.testlet.java.lang.Character.unicode: Character 34:UNDEFINED has wrong digit form of 4 for radix 15 instead of -1 (number 1)
FAIL: gnu.testlet.java.lang.Character.unicode: Character 34:UNDEFINED has wrong digit form of 4 for radix 16 instead of -1 (number 1)
FAIL: gnu.testlet.java.lang.Character.unicode: Character 34:UNDEFINED has wrong digit form of 4 for radix 17 instead of -1 (number 1)
FAIL: gnu.testlet.java.lang.Character.unicode: Character 34:UNDEFINED has wrong digit form of 4 for radix 18 instead of -1 (number 1)
FAIL: gnu.testlet.java.lang.Character.unicode: Character 34:UNDEFINED has wrong digit form of 4 for radix 19 instead of -1 (number 1)
FAIL: gnu.testlet.java.lang.Character.unicode: Character 34:UNDEFINED has wrong digit form of 4 for radix 20 instead of -1 (number 1)
FAIL: gnu.testlet.java.lang.Character.unicode: Character 34:UNDEFINED has wrong digit form of 4 for radix 21 instead of -1 (number 1)
FAIL: gnu.testlet.java.lang.Character.unicode: Character 34:UNDEFINED has wrong digit form of 4 for radix 22 instead of -1 (number 1)
FAIL: gnu.testlet.java.lang.Character.unicode: Character 34:UNDEFINED has wrong digit form of 4 for radix 23 instead of -1 (number 1)
FAIL: gnu.testlet.java.lang.Character.unicode: Character 34:UNDEFINED has wrong digit form of 4 for radix 24 instead of -1 (number 1)
FAIL: gnu.testlet.java.lang.Character.unicode: Character 34:UNDEFINED has wrong digit form of 4 for radix 25 instead of -1 (number 1)
FAIL: gnu.testlet.java.lang.Character.unicode: Character 34:UNDEFINED has wrong digit form of 4 for radix 26 instead of -1 (number 1)
FAIL: gnu.testlet.java.lang.Character.unicode: Character 34:UNDEFINED has wrong digit form of 4 for radix 27 instead of -1 (number 1)
FAIL: gnu.testlet.java.lang.Character.unicode: Character 34:UNDEFINED has wrong digit form of 4 for radix 28 instead of -1 (number 1)
FAIL: gnu.testlet.java.lang.Character.unicode: Character 34:UNDEFINED has wrong digit form of 4 for radix 29 instead of -1 (number 1)
FAIL: gnu.testlet.java.lang.Character.unicode: Character 34:UNDEFINED has wrong digit form of 4 for radix 30 instead of -1 (number 1)
FAIL: gnu.testlet.java.lang.Character.unicode: Character 34:UNDEFINED has wrong digit form of 4 for radix 31 instead of -1 (number 1)
FAIL: gnu.testlet.java.lang.Character.unicode: Character 34:UNDEFINED has wrong digit form of 4 for radix 32 instead of -1 (number 1)
FAIL: gnu.testlet.java.lang.Character.unicode: Character 34:UNDEFINED has wrong digit form of 4 for radix 33 instead of -1 (number 1)
FAIL: gnu.testlet.java.lang.Character.unicode: Character 34:UNDEFINED has wrong digit form of 4 for radix 34 instead of -1 (number 1)
FAIL: gnu.testlet.java.lang.Character.unicode: Character 34:UNDEFINED has wrong digit form of 4 for radix 35 instead of -1 (number 1)
FAIL: gnu.testlet.java.lang.Character.unicode: Character 34:UNDEFINED has wrong digit form of 4 for radix 36 instead of -1 (number 1)
FAIL: gnu.testlet.java.lang.Character.unicode: Character 34:UNDEFINED has wrong numeric value of 4 instead of 35 (number 1)
FAIL: gnu.testlet.java.lang.Character.unicode: Character 35:UNDEFINED incorectly reported as defined (number 1)
FAIL: gnu.testlet.java.lang.Character.unicode: Character 35:UNDEFINED is reported to be type Nd instead of Cn (number 1)
FAIL: gnu.testlet.java.lang.Character.unicode: Character 35:UNDEFINED incorectly reported as javaidentifierpart (number 1)
FAIL: gnu.testlet.java.lang.Character.unicode: Character 35:UNDEFINED incorectly reported as unicodeidentifierpart (number 1)
FAIL: gnu.testlet.java.lang.Character.unicode: Character 35:UNDEFINED has wrong digit form of 5 for radix 6 instead of -1 (number 1)
FAIL: gnu.testlet.java.lang.Character.unicode: Character 35:UNDEFINED has wrong digit form of 5 for radix 7 instead of -1 (number 1)
FAIL: gnu.testlet.java.lang.Character.unicode: Character 35:UNDEFINED has wrong digit form of 5 for radix 8 instead of -1 (number 1)
FAIL: gnu.testlet.java.lang.Character.unicode: Character 35:UNDEFINED has wrong digit form of 5 for radix 9 instead of -1 (number 1)
FAIL: gnu.testlet.java.lang.Character.unicode: Character 35:UNDEFINED has wrong digit form of 5 for radix 10 instead of -1 (number 1)
FAIL: gnu.testlet.java.lang.Character.unicode: Character 35:UNDEFINED has wrong digit form of 5 for radix 11 instead of -1 (number 1)
FAIL: gnu.testlet.java.lang.Character.unicode: Character 35:UNDEFINED has wrong digit form of 5 for radix 12 instead of -1 (number 1)
FAIL: gnu.testlet.java.lang.Character.unicode: Character 35:UNDEFINED has wrong digit form of 5 for radix 13 instead of -1 (number 1)
FAIL: gnu.testlet.java.lang.Character.unicode: Character 35:UNDEFINED has wrong digit form of 5 for radix 14 instead of -1 (number 1)
FAIL: gnu.testlet.java.lang.Character.unicode: Character 35:UNDEFINED has wrong digit form of 5 for radix 15 instead of -1 (number 1)
FAIL: gnu.testlet.java.lang.Character.unicode: Character 35:UNDEFINED has wrong digit form of 5 for radix 16 instead of -1 (number 1)
FAIL: gnu.testlet.java.lang.Character.unicode: Character 35:UNDEFINED has wrong digit form of 5 for radix 17 instead of -1 (number 1)
FAIL: gnu.testlet.java.lang.Character.unicode: Character 35:UNDEFINED has wrong digit form of 5 for radix 18 instead of -1 (number 1)
FAIL: gnu.testlet.java.lang.Character.unicode: Character 35:UNDEFINED has wrong digit form of 5 for radix 19 instead of -1 (number 1)
FAIL: gnu.testlet.java.lang.Character.unicode: Character 35:UNDEFINED has wrong digit form of 5 for radix 20 instead of -1 (number 1)
FAIL: gnu.testlet.java.lang.Character.unicode: Character 35:UNDEFINED has wrong digit form of 5 for radix 21 instead of -1 (number 1)
FAIL: gnu.testlet.java.lang.Character.unicode: Character 35:UNDEFINED has wrong digit form of 5 for radix 22 instead of -1 (number 1)
FAIL: gnu.testlet.java.lang.Character.unicode: Character 35:UNDEFINED has wrong digit form of 5 for radix 23 instead of -1 (number 1)
FAIL: gnu.testlet.java.lang.Character.unicode: Character 35:UNDEFINED has wrong digit form of 5 for radix 24 instead of -1 (number 1)
FAIL: gnu.testlet.java.lang.Character.unicode: Character 35:UNDEFINED has wrong digit form of 5 for radix 25 instead of -1 (number 1)
FAIL: gnu.testlet.java.lang.Character.unicode: Character 35:UNDEFINED has wrong digit form of 5 for radix 26 instead of -1 (number 1)
FAIL: gnu.testlet.java.lang.Character.unicode: Character 35:UNDEFINED has wrong digit form of 5 for radix 27 instead of -1 (number 1)
FAIL: gnu.testlet.java.lang.Character.unicode: Character 35:UNDEFINED has wrong digit form of 5 for radix 28 instead of -1 (number 1)
FAIL: gnu.testlet.java.lang.Character.unicode: Character 35:UNDEFINED has wrong digit form of 5 for radix 29 instead of -1 (number 1)
FAIL: gnu.testlet.java.lang.Character.unicode: Character 35:UNDEFINED has wrong digit form of 5 for radix 30 instead of -1 (number 1)
FAIL: gnu.testlet.java.lang.Character.unicode: Character 35:UNDEFINED has wrong digit form of 5 for radix 31 instead of -1 (number 1)
FAIL: gnu.testlet.java.lang.Character.unicode: Character 35:UNDEFINED has wrong digit form of 5 for radix 32 instead of -1 (number 1)
FAIL: gnu.testlet.java.lang.Character.unicode: Character 35:UNDEFINED has wrong digit form of 5 for radix 33 instead of -1 (number 1)
FAIL: gnu.testlet.java.lang.Character.unicode: Character 35:UNDEFINED has wrong digit form of 5 for radix 34 instead of -1 (number 1)
FAIL: gnu.testlet.java.lang.Character.unicode: Character 35:UNDEFINED has wrong digit form of 5 for radix 35 instead of -1 (number 1)
FAIL: gnu.testlet.java.lang.Character.unicode: Character 35:UNDEFINED has wrong digit form of 5 for radix 36 instead of -1 (number 1)
FAIL: gnu.testlet.java.lang.Character.unicode: Character 35:UNDEFINED has wrong numeric value of 5 instead of 35 (number 1)
FAIL: gnu.testlet.java.lang.Character.unicode: Character 36:UNDEFINED incorectly reported as defined (number 1)
FAIL: gnu.testlet.java.lang.Character.unicode: Character 36:UNDEFINED is reported to be type Nd instead of Cn (number 1)
FAIL: gnu.testlet.java.lang.Character.unicode: Character 36:UNDEFINED incorectly reported as javaidentifierpart (number 1)
FAIL: gnu.testlet.java.lang.Character.unicode: Character 36:UNDEFINED incorectly reported as unicodeidentifierpart (number 1)
FAIL: gnu.testlet.java.lang.Character.unicode: Character 36:UNDEFINED has wrong digit form of 6 for radix 7 instead of -1 (number 1)
FAIL: gnu.testlet.java.lang.Character.unicode: Character 36:UNDEFINED has wrong digit form of 6 for radix 8 instead of -1 (number 1)
FAIL: gnu.testlet.java.lang.Character.unicode: Character 36:UNDEFINED has wrong digit form of 6 for radix 9 instead of -1 (number 1)
FAIL: gnu.testlet.java.lang.Character.unicode: Character 36:UNDEFINED has wrong digit form of 6 for radix 10 instead of -1 (number 1)
FAIL: gnu.testlet.java.lang.Character.unicode: Character 36:UNDEFINED has wrong digit form of 6 for radix 11 instead of -1 (number 1)
FAIL: gnu.testlet.java.lang.Character.unicode: Character 36:UNDEFINED has wrong digit form of 6 for radix 12 instead of -1 (number 1)
FAIL: gnu.testlet.java.lang.Character.unicode: Character 36:UNDEFINED has wrong digit form of 6 for radix 13 instead of -1 (number 1)
FAIL: gnu.testlet.java.lang.Character.unicode: Character 36:UNDEFINED has wrong digit form of 6 for radix 14 instead of -1 (number 1)
FAIL: gnu.testlet.java.lang.Character.unicode: Character 36:UNDEFINED has wrong digit form of 6 for radix 15 instead of -1 (number 1)
FAIL: gnu.testlet.java.lang.Character.unicode: Character 36:UNDEFINED has wrong digit form of 6 for radix 16 instead of -1 (number 1)
FAIL: gnu.testlet.java.lang.Character.unicode: Character 36:UNDEFINED has wrong digit form of 6 for radix 17 instead of -1 (number 1)
FAIL: gnu.testlet.java.lang.Character.unicode: Character 36:UNDEFINED has wrong digit form of 6 for radix 18 instead of -1 (number 1)
FAIL: gnu.testlet.java.lang.Character.unicode: Character 36:UNDEFINED has wrong digit form of 6 for radix 19 instead of -1 (number 1)
FAIL: gnu.testlet.java.lang.Character.unicode: Character 36:UNDEFINED has wrong digit form of 6 for radix 20 instead of -1 (number 1)
FAIL: gnu.testlet.java.lang.Character.unicode: Character 36:UNDEFINED has wrong digit form of 6 for radix 21 instead of -1 (number 1)
FAIL: gnu.testlet.java.lang.Character.unicode: Character 36:UNDEFINED has wrong digit form of 6 for radix 22 instead of -1 (number 1)
FAIL: gnu.testlet.java.lang.Character.unicode: Character 36:UNDEFINED has wrong digit form of 6 for radix 23 instead of -1 (number 1)
FAIL: gnu.testlet.java.lang.Character.unicode: Character 36:UNDEFINED has wrong digit form of 6 for radix 24 instead of -1 (number 1)
FAIL: gnu.testlet.java.lang.Character.unicode: Character 36:UNDEFINED has wrong digit form of 6 for radix 25 instead of -1 (number 1)
FAIL: gnu.testlet.java.lang.Character.unicode: Character 36:UNDEFINED has wrong digit form of 6 for radix 26 instead of -1 (number 1)
FAIL: gnu.testlet.java.lang.Character.unicode: Character 36:UNDEFINED has wrong digit form of 6 for radix 27 instead of -1 (number 1)
FAIL: gnu.testlet.java.lang.Character.unicode: Character 36:UNDEFINED has wrong digit form of 6 for radix 28 instead of -1 (number 1)
FAIL: gnu.testlet.java.lang.Character.unicode: Character 36:UNDEFINED has wrong digit form of 6 for radix 29 instead of -1 (number 1)
FAIL: gnu.testlet.java.lang.Character.unicode: Character 36:UNDEFINED has wrong digit form of 6 for radix 30 instead of -1 (number 1)
FAIL: gnu.testlet.java.lang.Character.unicode: Character 36:UNDEFINED has wrong digit form of 6 for radix 31 instead of -1 (number 1)
FAIL: gnu.testlet.java.lang.Character.unicode: Character 36:UNDEFINED has wrong digit form of 6 for radix 32 instead of -1 (number 1)
FAIL: gnu.testlet.java.lang.Character.unicode: Character 36:UNDEFINED has wrong digit form of 6 for radix 33 instead of -1 (number 1)
FAIL: gnu.testlet.java.lang.Character.unicode: Character 36:UNDEFINED has wrong digit form of 6 for radix 34 instead of -1 (number 1)
FAIL: gnu.testlet.java.lang.Character.unicode: Character 36:UNDEFINED has wrong digit form of 6 for radix 35 instead of -1 (number 1)
FAIL: gnu.testlet.java.lang.Character.unicode: Character 36:UNDEFINED has wrong digit form of 6 for radix 36 instead of -1 (number 1)
FAIL: gnu.testlet.java.lang.Character.unicode: Character 36:UNDEFINED has wrong numeric value of 6 instead of 35 (number 1)
FAIL: gnu.testlet.java.lang.Character.unicode: Character 37:UNDEFINED incorectly reported as defined (number 1)
FAIL: gnu.testlet.java.lang.Character.unicode: Character 37:UNDEFINED is reported to be type Nd instead of Cn (number 1)
FAIL: gnu.testlet.java.lang.Character.unicode: Character 37:UNDEFINED incorectly reported as javaidentifierpart (number 1)
FAIL: gnu.testlet.java.lang.Character.unicode: Character 37:UNDEFINED incorectly reported as unicodeidentifierpart (number 1)
FAIL: gnu.testlet.java.lang.Character.unicode: Character 37:UNDEFINED has wrong digit form of 7 for radix 8 instead of -1 (number 1)
FAIL: gnu.testlet.java.lang.Character.unicode: Character 37:UNDEFINED has wrong digit form of 7 for radix 9 instead of -1 (number 1)
FAIL: gnu.testlet.java.lang.Character.unicode: Character 37:UNDEFINED has wrong digit form of 7 for radix 10 instead of -1 (number 1)
FAIL: gnu.testlet.java.lang.Character.unicode: Character 37:UNDEFINED has wrong digit form of 7 for radix 11 instead of -1 (number 1)
FAIL: gnu.testlet.java.lang.Character.unicode: Character 37:UNDEFINED has wrong digit form of 7 for radix 12 instead of -1 (number 1)
FAIL: gnu.testlet.java.lang.Character.unicode: Character 37:UNDEFINED has wrong digit form of 7 for radix 13 instead of -1 (number 1)
FAIL: gnu.testlet.java.lang.Character.unicode: Character 37:UNDEFINED has wrong digit form of 7 for radix 14 instead of -1 (number 1)
FAIL: gnu.testlet.java.lang.Character.unicode: Character 37:UNDEFINED has wrong digit form of 7 for radix 15 instead of -1 (number 1)
FAIL: gnu.testlet.java.lang.Character.unicode: Character 37:UNDEFINED has wrong digit form of 7 for radix 16 instead of -1 (number 1)
FAIL: gnu.testlet.java.lang.Character.unicode: Character 37:UNDEFINED has wrong digit form of 7 for radix 17 instead of -1 (number 1)
FAIL: gnu.testlet.java.lang.Character.unicode: Character 37:UNDEFINED has wrong digit form of 7 for radix 18 instead of -1 (number 1)
FAIL: gnu.testlet.java.lang.Character.unicode: Character 37:UNDEFINED has wrong digit form of 7 for radix 19 instead of -1 (number 1)
FAIL: gnu.testlet.java.lang.Character.unicode: Character 37:UNDEFINED has wrong digit form of 7 for radix 20 instead of -1 (number 1)
FAIL: gnu.testlet.java.lang.Character.unicode: Character 37:UNDEFINED has wrong digit form of 7 for radix 21 instead of -1 (number 1)
FAIL: gnu.testlet.java.lang.Character.unicode: Character 37:UNDEFINED has wrong digit form of 7 for radix 22 instead of -1 (number 1)
FAIL: gnu.testlet.java.lang.Character.unicode: Character 37:UNDEFINED has wrong digit form of 7 for radix 23 instead of -1 (number 1)
FAIL: gnu.testlet.java.lang.Character.unicode: Character 37:UNDEFINED has wrong digit form of 7 for radix 24 instead of -1 (number 1)
FAIL: gnu.testlet.java.lang.Character.unicode: Character 37:UNDEFINED has wrong digit form of 7 for radix 25 instead of -1 (number 1)
FAIL: gnu.testlet.java.lang.Character.unicode: Character 37:UNDEFINED has wrong digit form of 7 for radix 26 instead of -1 (number 1)
FAIL: gnu.testlet.java.lang.Character.unicode: Character 37:UNDEFINED has wrong digit form of 7 for radix 27 instead of -1 (number 1)
FAIL: gnu.testlet.java.lang.Character.unicode: Character 37:UNDEFINED has wrong digit form of 7 for radix 28 instead of -1 (number 1)
FAIL: gnu.testlet.java.lang.Character.unicode: Character 37:UNDEFINED has wrong digit form of 7 for radix 29 instead of -1 (number 1)
FAIL: gnu.testlet.java.lang.Character.unicode: Character 37:UNDEFINED has wrong digit form of 7 for radix 30 instead of -1 (number 1)
FAIL: gnu.testlet.java.lang.Character.unicode: Character 37:UNDEFINED has wrong digit form of 7 for radix 31 instead of -1 (number 1)
FAIL: gnu.testlet.java.lang.Character.unicode: Character 37:UNDEFINED has wrong digit form of 7 for radix 32 instead of -1 (number 1)
FAIL: gnu.testlet.java.lang.Character.unicode: Character 37:UNDEFINED has wrong digit form of 7 for radix 33 instead of -1 (number 1)
FAIL: gnu.testlet.java.lang.Character.unicode: Character 37:UNDEFINED has wrong digit form of 7 for radix 34 instead of -1 (number 1)
FAIL: gnu.testlet.java.lang.Character.unicode: Character 37:UNDEFINED has wrong digit form of 7 for radix 35 instead of -1 (number 1)
FAIL: gnu.testlet.java.lang.Character.unicode: Character 37:UNDEFINED has wrong digit form of 7 for radix 36 instead of -1 (number 1)
FAIL: gnu.testlet.java.lang.Character.unicode: Character 37:UNDEFINED has wrong numeric value of 7 instead of 35 (number 1)
FAIL: gnu.testlet.java.lang.Character.unicode: Character 38:UNDEFINED incorectly reported as defined (number 1)
FAIL: gnu.testlet.java.lang.Character.unicode: Character 38:UNDEFINED is reported to be type Nd instead of Cn (number 1)
FAIL: gnu.testlet.java.lang.Character.unicode: Character 38:UNDEFINED incorectly reported as javaidentifierpart (number 1)
FAIL: gnu.testlet.java.lang.Character.unicode: Character 38:UNDEFINED incorectly reported as unicodeidentifierpart (number 1)
FAIL: gnu.testlet.java.lang.Character.unicode: Character 38:UNDEFINED has wrong digit form of 8 for radix 9 instead of -1 (number 1)
FAIL: gnu.testlet.java.lang.Character.unicode: Character 38:UNDEFINED has wrong digit form of 8 for radix 10 instead of -1 (number 1)
FAIL: gnu.testlet.java.lang.Character.unicode: Character 38:UNDEFINED has wrong digit form of 8 for radix 11 instead of -1 (number 1)
FAIL: gnu.testlet.java.lang.Character.unicode: Character 38:UNDEFINED has wrong digit form of 8 for radix 12 instead of -1 (number 1)
FAIL: gnu.testlet.java.lang.Character.unicode: Character 38:UNDEFINED has wrong digit form of 8 for radix 13 instead of -1 (number 1)
FAIL: gnu.testlet.java.lang.Character.unicode: Character 38:UNDEFINED has wrong digit form of 8 for radix 14 instead of -1 (number 1)
FAIL: gnu.testlet.java.lang.Character.unicode: Character 38:UNDEFINED has wrong digit form of 8 for radix 15 instead of -1 (number 1)
FAIL: gnu.testlet.java.lang.Character.unicode: Character 38:UNDEFINED has wrong digit form of 8 for radix 16 instead of -1 (number 1)
FAIL: gnu.testlet.java.lang.Character.unicode: Character 38:UNDEFINED has wrong digit form of 8 for radix 17 instead of -1 (number 1)
FAIL: gnu.testlet.java.lang.Character.unicode: Character 38:UNDEFINED has wrong digit form of 8 for radix 18 instead of -1 (number 1)
FAIL: gnu.testlet.java.lang.Character.unicode: Character 38:UNDEFINED has wrong digit form of 8 for radix 19 instead of -1 (number 1)
FAIL: gnu.testlet.java.lang.Character.unicode: Character 38:UNDEFINED has wrong digit form of 8 for radix 20 instead of -1 (number 1)
FAIL: gnu.testlet.java.lang.Character.unicode: Character 38:UNDEFINED has wrong digit form of 8 for radix 21 instead of -1 (number 1)
FAIL: gnu.testlet.java.lang.Character.unicode: Character 38:UNDEFINED has wrong digit form of 8 for radix 22 instead of -1 (number 1)
FAIL: gnu.testlet.java.lang.Character.unicode: Character 38:UNDEFINED has wrong digit form of 8 for radix 23 instead of -1 (number 1)
FAIL: gnu.testlet.java.lang.Character.unicode: Character 38:UNDEFINED has wrong digit form of 8 for radix 24 instead of -1 (number 1)
FAIL: gnu.testlet.java.lang.Character.unicode: Character 38:UNDEFINED has wrong digit form of 8 for radix 25 instead of -1 (number 1)
FAIL: gnu.testlet.java.lang.Character.unicode: Character 38:UNDEFINED has wrong digit form of 8 for radix 26 instead of -1 (number 1)
FAIL: gnu.testlet.java.lang.Character.unicode: Character 38:UNDEFINED has wrong digit form of 8 for radix 27 instead of -1 (number 1)
FAIL: gnu.testlet.java.lang.Character.unicode: Character 38:UNDEFINED has wrong digit form of 8 for radix 28 instead of -1 (number 1)
FAIL: gnu.testlet.java.lang.Character.unicode: Character 38:UNDEFINED has wrong digit form of 8 for radix 29 instead of -1 (number 1)
FAIL: gnu.testlet.java.lang.Character.unicode: Character 38:UNDEFINED has wrong digit form of 8 for radix 30 instead of -1 (number 1)
FAIL: gnu.testlet.java.lang.Character.unicode: Character 38:UNDEFINED has wrong digit form of 8 for radix 31 instead of -1 (number 1)
FAIL: gnu.testlet.java.lang.Character.unicode: Character 38:UNDEFINED has wrong digit form of 8 for radix 32 instead of -1 (number 1)
FAIL: gnu.testlet.java.lang.Character.unicode: Character 38:UNDEFINED has wrong digit form of 8 for radix 33 instead of -1 (number 1)
FAIL: gnu.testlet.java.lang.Character.unicode: Character 38:UNDEFINED has wrong digit form of 8 for radix 34 instead of -1 (number 1)
FAIL: gnu.testlet.java.lang.Character.unicode: Character 38:UNDEFINED has wrong digit form of 8 for radix 35 instead of -1 (number 1)
FAIL: gnu.testlet.java.lang.Character.unicode: Character 38:UNDEFINED has wrong digit form of 8 for radix 36 instead of -1 (number 1)
FAIL: gnu.testlet.java.lang.Character.unicode: Character 38:UNDEFINED has wrong numeric value of 8 instead of 35 (number 1)
FAIL: gnu.testlet.java.lang.Character.unicode: Character 39:UNDEFINED incorectly reported as defined (number 1)
FAIL: gnu.testlet.java.lang.Character.unicode: Character 39:UNDEFINED is reported to be type Nd instead of Cn (number 1)
FAIL: gnu.testlet.java.lang.Character.unicode: Character 39:UNDEFINED incorectly reported as javaidentifierpart (number 1)
FAIL: gnu.testlet.java.lang.Character.unicode: Character 39:UNDEFINED incorectly reported as unicodeidentifierpart (number 1)
FAIL: gnu.testlet.java.lang.Character.unicode: Character 39:UNDEFINED has wrong digit form of 9 for radix 10 instead of -1 (number 1)
FAIL: gnu.testlet.java.lang.Character.unicode: Character 39:UNDEFINED has wrong digit form of 9 for radix 11 instead of -1 (number 1)
FAIL: gnu.testlet.java.lang.Character.unicode: Character 39:UNDEFINED has wrong digit form of 9 for radix 12 instead of -1 (number 1)
FAIL: gnu.testlet.java.lang.Character.unicode: Character 39:UNDEFINED has wrong digit form of 9 for radix 13 instead of -1 (number 1)
FAIL: gnu.testlet.java.lang.Character.unicode: Character 39:UNDEFINED has wrong digit form of 9 for radix 14 instead of -1 (number 1)
FAIL: gnu.testlet.java.lang.Character.unicode: Character 39:UNDEFINED has wrong digit form of 9 for radix 15 instead of -1 (number 1)
FAIL: gnu.testlet.java.lang.Character.unicode: Character 39:UNDEFINED has wrong digit form of 9 for radix 16 instead of -1 (number 1)
FAIL: gnu.testlet.java.lang.Character.unicode: Character 39:UNDEFINED has wrong digit form of 9 for radix 17 instead of -1 (number 1)
FAIL: gnu.testlet.java.lang.Character.unicode: Character 39:UNDEFINED has wrong digit form of 9 for radix 18 instead of -1 (number 1)
FAIL: gnu.testlet.java.lang.Character.unicode: Character 39:UNDEFINED has wrong digit form of 9 for radix 19 instead of -1 (number 1)
FAIL: gnu.testlet.java.lang.Character.unicode: Character 39:UNDEFINED has wrong digit form of 9 for radix 20 instead of -1 (number 1)
FAIL: gnu.testlet.java.lang.Character.unicode: Character 39:UNDEFINED has wrong digit form of 9 for radix 21 instead of -1 (number 1)
FAIL: gnu.testlet.java.lang.Character.unicode: Character 39:UNDEFINED has wrong digit form of 9 for radix 22 instead of -1 (number 1)
FAIL: gnu.testlet.java.lang.Character.unicode: Character 39:UNDEFINED has wrong digit form of 9 for radix 23 instead of -1 (number 1)
FAIL: gnu.testlet.java.lang.Character.unicode: Character 39:UNDEFINED has wrong digit form of 9 for radix 24 instead of -1 (number 1)
FAIL: gnu.testlet.java.lang.Character.unicode: Character 39:UNDEFINED has wrong digit form of 9 for radix 25 instead of -1 (number 1)
FAIL: gnu.testlet.java.lang.Character.unicode: Character 39:UNDEFINED has wrong digit form of 9 for radix 26 instead of -1 (number 1)
FAIL: gnu.testlet.java.lang.Character.unicode: Character 39:UNDEFINED has wrong digit form of 9 for radix 27 instead of -1 (number 1)
FAIL: gnu.testlet.java.lang.Character.unicode: Character 39:UNDEFINED has wrong digit form of 9 for radix 28 instead of -1 (number 1)
FAIL: gnu.testlet.java.lang.Character.unicode: Character 39:UNDEFINED has wrong digit form of 9 for radix 29 instead of -1 (number 1)
FAIL: gnu.testlet.java.lang.Character.unicode: Character 39:UNDEFINED has wrong digit form of 9 for radix 30 instead of -1 (number 1)
FAIL: gnu.testlet.java.lang.Character.unicode: Character 39:UNDEFINED has wrong digit form of 9 for radix 31 instead of -1 (number 1)
FAIL: gnu.testlet.java.lang.Character.unicode: Character 39:UNDEFINED has wrong digit form of 9 for radix 32 instead of -1 (number 1)
FAIL: gnu.testlet.java.lang.Character.unicode: Character 39:UNDEFINED has wrong digit form of 9 for radix 33 instead of -1 (number 1)
FAIL: gnu.testlet.java.lang.Character.unicode: Character 39:UNDEFINED has wrong digit form of 9 for radix 34 instead of -1 (number 1)
FAIL: gnu.testlet.java.lang.Character.unicode: Character 39:UNDEFINED has wrong digit form of 9 for radix 35 instead of -1 (number 1)
FAIL: gnu.testlet.java.lang.Character.unicode: Character 39:UNDEFINED has wrong digit form of 9 for radix 36 instead of -1 (number 1)
FAIL: gnu.testlet.java.lang.Character.unicode: Character 39:UNDEFINED has wrong numeric value of 9 instead of 35 (number 1)
FAIL: gnu.testlet.java.lang.Character.unicode: Character 3a:UNDEFINED incorectly reported as defined (number 1)
FAIL: gnu.testlet.java.lang.Character.unicode: Character 3a:UNDEFINED is reported to be type Po instead of Cn (number 1)
FAIL: gnu.testlet.java.lang.Character.unicode: Character 3a:UNDEFINED has wrong numeric value of -1 instead of 35 (number 1)
FAIL: gnu.testlet.java.lang.Character.unicode: Character 3b:UNDEFINED incorectly reported as defined (number 1)
FAIL: gnu.testlet.java.lang.Character.unicode: Character 3b:UNDEFINED is reported to be type Po instead of Cn (number 1)
FAIL: gnu.testlet.java.lang.Character.unicode: Character 3b:UNDEFINED has wrong numeric value of -1 instead of 35 (number 1)
FAIL: gnu.testlet.java.lang.Character.unicode: Character 3c:UNDEFINED incorectly reported as defined (number 1)
FAIL: gnu.testlet.java.lang.Character.unicode: Character 3c:UNDEFINED is reported to be type Sm instead of Cn (number 1)
FAIL: gnu.testlet.java.lang.Character.unicode: Character 3c:UNDEFINED has wrong numeric value of -1 instead of 35 (number 1)
FAIL: gnu.testlet.java.lang.Character.unicode: Character 3d:UNDEFINED incorectly reported as defined (number 1)
FAIL: gnu.testlet.java.lang.Character.unicode: Character 3d:UNDEFINED is reported to be type Sm instead of Cn (number 1)
FAIL: gnu.testlet.java.lang.Character.unicode: Character 3d:UNDEFINED has wrong numeric value of -1 instead of 35 (number 1)
FAIL: gnu.testlet.java.lang.Character.unicode: Character 3e:UNDEFINED incorectly reported as defined (number 1)
FAIL: gnu.testlet.java.lang.Character.unicode: Character 3e:UNDEFINED is reported to be type Sm instead of Cn (number 1)
FAIL: gnu.testlet.java.lang.Character.unicode: Character 3e:UNDEFINED has wrong numeric value of -1 instead of 35 (number 1)
FAIL: gnu.testlet.java.lang.Character.unicode: Character 3f:UNDEFINED incorectly reported as defined (number 1)
FAIL: gnu.testlet.java.lang.Character.unicode: Character 3f:UNDEFINED is reported to be type Po instead of Cn (number 1)
FAIL: gnu.testlet.java.lang.Character.unicode: Character 3f:UNDEFINED has wrong numeric value of -1 instead of 35 (number 1)
FAIL: gnu.testlet.java.lang.Character.unicode: Character 40:UNDEFINED incorectly reported as defined (number 1)
FAIL: gnu.testlet.java.lang.Character.unicode: Character 40:UNDEFINED is reported to be type Po instead of Cn (number 1)
FAIL: gnu.testlet.java.lang.Character.unicode: Character 40:UNDEFINED has wrong numeric value of -1 instead of 35 (number 1)
FAIL: gnu.testlet.java.lang.Character.unicode: Character 41:UNDEFINED incorectly reported as uppercase (number 1)
FAIL: gnu.testlet.java.lang.Character.unicode: Character 41:UNDEFINED incorectly reported as defined (number 1)
FAIL: gnu.testlet.java.lang.Character.unicode: Character 41:UNDEFINED incorectly reported as letter (number 1)
FAIL: gnu.testlet.java.lang.Character.unicode: Character 41:UNDEFINED is reported to be type Lu instead of Cn (number 1)
FAIL: gnu.testlet.java.lang.Character.unicode: Character 41:UNDEFINED incorectly reported as javaindetifierstart (number 1)
FAIL: gnu.testlet.java.lang.Character.unicode: Character 41:UNDEFINED incorectly reported as javaidentifierpart (number 1)
FAIL: gnu.testlet.java.lang.Character.unicode: Character 41:UNDEFINED incorectly reported as unicodeidentifierstart (number 1)
FAIL: gnu.testlet.java.lang.Character.unicode: Character 41:UNDEFINED incorectly reported as unicodeidentifierpart (number 1)
FAIL: gnu.testlet.java.lang.Character.unicode: Character 41:UNDEFINED has wrong lowercase form of Character 61:UNDEFINED instead of Character 41:UNDEFINED (number 1)
FAIL: gnu.testlet.java.lang.Character.unicode: Character 41:UNDEFINED has wrong numeric value of 10 instead of 35 (number 1)
FAIL: gnu.testlet.java.lang.Character.unicode: Character 42:UNDEFINED incorectly reported as uppercase (number 1)
FAIL: gnu.testlet.java.lang.Character.unicode: Character 42:UNDEFINED incorectly reported as defined (number 1)
FAIL: gnu.testlet.java.lang.Character.unicode: Character 42:UNDEFINED incorectly reported as letter (number 1)
FAIL: gnu.testlet.java.lang.Character.unicode: Character 42:UNDEFINED is reported to be type Lu instead of Cn (number 1)
FAIL: gnu.testlet.java.lang.Character.unicode: Character 42:UNDEFINED incorectly reported as javaindetifierstart (number 1)
FAIL: gnu.testlet.java.lang.Character.unicode: Character 42:UNDEFINED incorectly reported as javaidentifierpart (number 1)
FAIL: gnu.testlet.java.lang.Character.unicode: Character 42:UNDEFINED incorectly reported as unicodeidentifierstart (number 1)
FAIL: gnu.testlet.java.lang.Character.unicode: Character 42:UNDEFINED incorectly reported as unicodeidentifierpart (number 1)
FAIL: gnu.testlet.java.lang.Character.unicode: Character 42:UNDEFINED has wrong lowercase form of Character 62:UNDEFINED instead of Character 42:UNDEFINED (number 1)
FAIL: gnu.testlet.java.lang.Character.unicode: Character 42:UNDEFINED has wrong numeric value of 11 instead of 35 (number 1)
FAIL: gnu.testlet.java.lang.Character.unicode: Character 43:UNDEFINED incorectly reported as uppercase (number 1)
FAIL: gnu.testlet.java.lang.Character.unicode: Character 43:UNDEFINED incorectly reported as defined (number 1)
FAIL: gnu.testlet.java.lang.Character.unicode: Character 43:UNDEFINED incorectly reported as letter (number 1)
FAIL: gnu.testlet.java.lang.Character.unicode: Character 43:UNDEFINED is reported to be type Lu instead of Cn (number 1)
FAIL: gnu.testlet.java.lang.Character.unicode: Character 43:UNDEFINED incorectly reported as javaindetifierstart (number 1)
FAIL: gnu.testlet.java.lang.Character.unicode: Character 43:UNDEFINED incorectly reported as javaidentifierpart (number 1)
FAIL: gnu.testlet.java.lang.Character.unicode: Character 43:UNDEFINED incorectly reported as unicodeidentifierstart (number 1)
FAIL: gnu.testlet.java.lang.Character.unicode: Character 43:UNDEFINED incorectly reported as unicodeidentifierpart (number 1)
FAIL: gnu.testlet.java.lang.Character.unicode: Character 43:UNDEFINED has wrong lowercase form of Character 63:UNDEFINED instead of Character 43:UNDEFINED (number 1)
FAIL: gnu.testlet.java.lang.Character.unicode: Character 43:UNDEFINED has wrong numeric value of 12 instead of 35 (number 1)
FAIL: gnu.testlet.java.lang.Character.unicode: Character 44:UNDEFINED incorectly reported as uppercase (number 1)
FAIL: gnu.testlet.java.lang.Character.unicode: Character 44:UNDEFINED incorectly reported as defined (number 1)
FAIL: gnu.testlet.java.lang.Character.unicode: Character 44:UNDEFINED incorectly reported as letter (number 1)
FAIL: gnu.testlet.java.lang.Character.unicode: Character 44:UNDEFINED is reported to be type Lu instead of Cn (number 1)
FAIL: gnu.testlet.java.lang.Character.unicode: Character 44:UNDEFINED incorectly reported as javaindetifierstart (number 1)
FAIL: gnu.testlet.java.lang.Character.unicode: Character 44:UNDEFINED incorectly reported as javaidentifierpart (number 1)
FAIL: gnu.testlet.java.lang.Character.unicode: Character 44:UNDEFINED incorectly reported as unicodeidentifierstart (number 1)
FAIL: gnu.testlet.java.lang.Character.unicode: Character 44:UNDEFINED incorectly reported as unicodeidentifierpart (number 1)
FAIL: gnu.testlet.java.lang.Character.unicode: Character 44:UNDEFINED has wrong lowercase form of Character 64:UNDEFINED instead of Character 44:UNDEFINED (number 1)
FAIL: gnu.testlet.java.lang.Character.unicode: Character 44:UNDEFINED has wrong numeric value of 13 instead of 35 (number 1)
FAIL: gnu.testlet.java.lang.Character.unicode: Character 45:UNDEFINED incorectly reported as uppercase (number 1)
FAIL: gnu.testlet.java.lang.Character.unicode: Character 45:UNDEFINED incorectly reported as defined (number 1)
FAIL: gnu.testlet.java.lang.Character.unicode: Character 45:UNDEFINED incorectly reported as letter (number 1)
FAIL: gnu.testlet.java.lang.Character.unicode: Character 45:UNDEFINED is reported to be type Lu instead of Cn (number 1)
FAIL: gnu.testlet.java.lang.Character.unicode: Character 45:UNDEFINED incorectly reported as javaindetifierstart (number 1)
FAIL: gnu.testlet.java.lang.Character.unicode: Character 45:UNDEFINED incorectly reported as javaidentifierpart (number 1)
FAIL: gnu.testlet.java.lang.Character.unicode: Character 45:UNDEFINED incorectly reported as unicodeidentifierstart (number 1)
FAIL: gnu.testlet.java.lang.Character.unicode: Character 45:UNDEFINED incorectly reported as unicodeidentifierpart (number 1)
FAIL: gnu.testlet.java.lang.Character.unicode: Character 45:UNDEFINED has wrong lowercase form of Character 65:UNDEFINED instead of Character 45:UNDEFINED (number 1)
FAIL: gnu.testlet.java.lang.Character.unicode: Character 45:UNDEFINED has wrong numeric value of 14 instead of 35 (number 1)
FAIL: gnu.testlet.java.lang.Character.unicode: Character 46:UNDEFINED incorectly reported as uppercase (number 1)
FAIL: gnu.testlet.java.lang.Character.unicode: Character 46:UNDEFINED incorectly reported as defined (number 1)
FAIL: gnu.testlet.java.lang.Character.unicode: Character 46:UNDEFINED incorectly reported as letter (number 1)
FAIL: gnu.testlet.java.lang.Character.unicode: Character 46:UNDEFINED is reported to be type Lu instead of Cn (number 1)
FAIL: gnu.testlet.java.lang.Character.unicode: Character 46:UNDEFINED incorectly reported as javaindetifierstart (number 1)
FAIL: gnu.testlet.java.lang.Character.unicode: Character 46:UNDEFINED incorectly reported as javaidentifierpart (number 1)
FAIL: gnu.testlet.java.lang.Character.unicode: Character 46:UNDEFINED incorectly reported as unicodeidentifierstart (number 1)
FAIL: gnu.testlet.java.lang.Character.unicode: Character 46:UNDEFINED incorectly reported as unicodeidentifierpart (number 1)
FAIL: gnu.testlet.java.lang.Character.unicode: Character 46:UNDEFINED has wrong lowercase form of Character 66:UNDEFINED instead of Character 46:UNDEFINED (number 1)
FAIL: gnu.testlet.java.lang.Character.unicode: Character 46:UNDEFINED has wrong numeric value of 15 instead of 35 (number 1)
FAIL: gnu.testlet.java.lang.Character.unicode: Character 47:UNDEFINED incorectly reported as uppercase (number 1)
FAIL: gnu.testlet.java.lang.Character.unicode: Character 47:UNDEFINED incorectly reported as defined (number 1)
FAIL: gnu.testlet.java.lang.Character.unicode: Character 47:UNDEFINED incorectly reported as letter (number 1)
FAIL: gnu.testlet.java.lang.Character.unicode: Character 47:UNDEFINED is reported to be type Lu instead of Cn (number 1)
FAIL: gnu.testlet.java.lang.Character.unicode: Character 47:UNDEFINED incorectly reported as javaindetifierstart (number 1)
FAIL: gnu.testlet.java.lang.Character.unicode: Character 47:UNDEFINED incorectly reported as javaidentifierpart (number 1)
FAIL: gnu.testlet.java.lang.Character.unicode: Character 47:UNDEFINED incorectly reported as unicodeidentifierstart (number 1)
FAIL: gnu.testlet.java.lang.Character.unicode: Character 47:UNDEFINED incorectly reported as unicodeidentifierpart (number 1)
FAIL: gnu.testlet.java.lang.Character.unicode: Character 47:UNDEFINED has wrong lowercase form of Character 67:UNDEFINED instead of Character 47:UNDEFINED (number 1)
FAIL: gnu.testlet.java.lang.Character.unicode: Character 47:UNDEFINED has wrong numeric value of 16 instead of 35 (number 1)
FAIL: gnu.testlet.java.lang.Character.unicode: Character 48:UNDEFINED incorectly reported as uppercase (number 1)
FAIL: gnu.testlet.java.lang.Character.unicode: Character 48:UNDEFINED incorectly reported as defined (number 1)
FAIL: gnu.testlet.java.lang.Character.unicode: Character 48:UNDEFINED incorectly reported as letter (number 1)
FAIL: gnu.testlet.java.lang.Character.unicode: Character 48:UNDEFINED is reported to be type Lu instead of Cn (number 1)
FAIL: gnu.testlet.java.lang.Character.unicode: Character 48:UNDEFINED incorectly reported as javaindetifierstart (number 1)
FAIL: gnu.testlet.java.lang.Character.unicode: Character 48:UNDEFINED incorectly reported as javaidentifierpart (number 1)
FAIL: gnu.testlet.java.lang.Character.unicode: Character 48:UNDEFINED incorectly reported as unicodeidentifierstart (number 1)
FAIL: gnu.testlet.java.lang.Character.unicode: Character 48:UNDEFINED incorectly reported as unicodeidentifierpart (number 1)
FAIL: gnu.testlet.java.lang.Character.unicode: Character 48:UNDEFINED has wrong lowercase form of Character 68:UNDEFINED instead of Character 48:UNDEFINED (number 1)
FAIL: gnu.testlet.java.lang.Character.unicode: Character 48:UNDEFINED has wrong numeric value of 17 instead of 35 (number 1)
FAIL: gnu.testlet.java.lang.Character.unicode: Character 49:UNDEFINED incorectly reported as uppercase (number 1)
FAIL: gnu.testlet.java.lang.Character.unicode: Character 49:UNDEFINED incorectly reported as defined (number 1)
FAIL: gnu.testlet.java.lang.Character.unicode: Character 49:UNDEFINED incorectly reported as letter (number 1)
FAIL: gnu.testlet.java.lang.Character.unicode: Character 49:UNDEFINED is reported to be type Lu instead of Cn (number 1)
FAIL: gnu.testlet.java.lang.Character.unicode: Character 49:UNDEFINED incorectly reported as javaindetifierstart (number 1)
FAIL: gnu.testlet.java.lang.Character.unicode: Character 49:UNDEFINED incorectly reported as javaidentifierpart (number 1)
FAIL: gnu.testlet.java.lang.Character.unicode: Character 49:UNDEFINED incorectly reported as unicodeidentifierstart (number 1)
FAIL: gnu.testlet.java.lang.Character.unicode: Character 49:UNDEFINED incorectly reported as unicodeidentifierpart (number 1)
FAIL: gnu.testlet.java.lang.Character.unicode: Character 49:UNDEFINED has wrong lowercase form of Character 69:UNDEFINED instead of Character 49:UNDEFINED (number 1)
FAIL: gnu.testlet.java.lang.Double.DoubleTest: Error: test_toString failed - 8 (number 1)
FAIL: gnu.testlet.java.lang.Double.DoubleTest: Error: test_equals failed CYGNUS: Double.equals - 8 (number 1)
FAIL: gnu.testlet.java.lang.Double.DoubleTest: Error: test_intValue returned wrong results CYGNUS: Float to int conversions - 1 (number 1)
FAIL: gnu.testlet.java.lang.Double.DoubleTest: Error: test_longValue returned wrong results CYGNUS: Float to int conversions - 1 (number 1)
FAIL: gnu.testlet.java.lang.Float.FloatTest: Error: test_Basics failed - 3 (number 1)
FAIL: gnu.testlet.java.lang.Float.FloatTest: Error: test_Basics failed - 4 (number 1)
FAIL: gnu.testlet.java.lang.Float.FloatTest: Error: test_toString failed - 8 (number 1)
FAIL: gnu.testlet.java.lang.Float.FloatTest: Error: test_equals failed - 8 (number 1)
FAIL: gnu.testlet.java.lang.Float.FloatTest: Error: test_intValue returned wrong results - 1 (number 1)
FAIL: gnu.testlet.java.lang.Math.MathTest: Error : test_atan2 failed - 5 (number 1)
FAIL: gnu.testlet.java.lang.Math.MathTest: Error : test_min failed - 15 (number 1)
FAIL: gnu.testlet.java.lang.Math.MathTest: Error : test_min failed - 17 (number 1)
FAIL: gnu.testlet.java.lang.Math.MathTest: Error : test_min failed - 18 (number 1)
FAIL: gnu.testlet.java.lang.Math.MathTest: Error : test_max failed - 15 (number 1)
FAIL: gnu.testlet.java.lang.Math.MathTest: Error : test_max failed - 17 (number 1)
FAIL: gnu.testlet.java.lang.Math.MathTest: Error : test_max failed - 18 (number 1)
FAIL: gnu.testlet.java.lang.Math.max (number 1)
FAIL: gnu.testlet.java.lang.Math.max (number 2)
FAIL: gnu.testlet.java.lang.Math.max (number 3)
FAIL: gnu.testlet.java.lang.Math.max (number 4)
FAIL: gnu.testlet.java.lang.Math.max (number 5)
FAIL: gnu.testlet.java.lang.Math.max (number 6)
FAIL: gnu.testlet.java.lang.Math.max (number 7)
FAIL: gnu.testlet.java.lang.Math.max (number 8)
FAIL: gnu.testlet.java.lang.Math.max (number 9)
FAIL: gnu.testlet.java.lang.Math.max (number 12)
FAIL: gnu.testlet.java.lang.Math.max (number 13)
FAIL: gnu.testlet.java.lang.Math.max (number 14)
FAIL: gnu.testlet.java.lang.Math.max (number 15)
FAIL: gnu.testlet.java.lang.Math.max (number 16)
FAIL: gnu.testlet.java.lang.Math.max (number 18)
FAIL: gnu.testlet.java.lang.Math.min (number 1)
FAIL: gnu.testlet.java.lang.Math.min (number 2)
FAIL: gnu.testlet.java.lang.Math.min (number 3)
FAIL: gnu.testlet.java.lang.Math.min (number 4)
FAIL: gnu.testlet.java.lang.Math.min (number 5)
FAIL: gnu.testlet.java.lang.Math.min (number 6)
FAIL: gnu.testlet.java.lang.Math.min (number 7)
FAIL: gnu.testlet.java.lang.Math.min (number 8)
FAIL: gnu.testlet.java.lang.Math.min (number 9)
FAIL: gnu.testlet.java.lang.Math.min (number 12)
FAIL: gnu.testlet.java.lang.Math.min (number 13)
FAIL: gnu.testlet.java.lang.Math.min (number 14)
FAIL: gnu.testlet.java.lang.Math.min (number 15)
FAIL: gnu.testlet.java.lang.Math.min (number 16)
FAIL: gnu.testlet.java.lang.Math.min (number 17)
FAIL: gnu.testlet.java.lang.Math.min (number 18)
FAIL: gnu.testlet.java.lang.Math.min (number 19)
FAIL: gnu.testlet.java.lang.Math.sin (number 1)
FAIL: gnu.testlet.java.lang.reflect.Constructor.newInstance: character arg (number 4)
FAIL: gnu.testlet.java.math.BigInteger.shift: shift (number 1)
FAIL: gnu.testlet.java.math.BigInteger.shift: shift (number 2)
FAIL: gnu.testlet.java.net.InetAddress.InetAddressTest: Error : test_Basics failed - 10 Should not throw UnknownHostException here (number 1)
FAIL: gnu.testlet.java.net.InetAddress.InetAddressTest: uncaught exception at "Error : test_Basics failed - 10 Should not throw UnknownHostException here " number 2: java.lang.NullPointerException
FAIL: gnu.testlet.java.net.ServerSocket.ServerSocketTest: Error : test_params failed - 4toString did not return proper values (number 1)
FAIL: gnu.testlet.java.net.Socket.SocketTest: Error : test_Basics failed - 7 exception should not have been thrown here (number 1)
FAIL: gnu.testlet.java.net.URL.URLTest: openConnection (number 1)
FAIL: gnu.testlet.java.text.SimpleDateFormat.Test: parsing regression (number 1)
=== libjava Summary ===
# of expected passes 7493
# of unexpected failures 736
# of unexpected successes 12
# of expected failures 30
# of untested testcases 22
=== objc tests ===
Running target unix
FAIL: objc/execute/IMP.m compilation, -O
FAIL: objc/execute/_cmd.m compilation, -O
FAIL: objc/execute/accessing_ivars.m compilation, -O
FAIL: objc/execute/bf-1.m compilation, -O
FAIL: objc/execute/bf-10.m compilation, -O
FAIL: objc/execute/bf-11.m compilation, -O
FAIL: objc/execute/bf-12.m compilation, -O
FAIL: objc/execute/bf-13.m compilation, -O
FAIL: objc/execute/bf-14.m compilation, -O
FAIL: objc/execute/bf-15.m compilation, -O
FAIL: objc/execute/bf-16.m compilation, -O
FAIL: objc/execute/bf-17.m compilation, -O
FAIL: objc/execute/bf-18.m compilation, -O
FAIL: objc/execute/bf-19.m compilation, -O
FAIL: objc/execute/bf-2.m compilation, -O
FAIL: objc/execute/bf-20.m compilation, -O
FAIL: objc/execute/bf-3.m compilation, -O
FAIL: objc/execute/bf-4.m compilation, -O
FAIL: objc/execute/bf-5.m compilation, -O
FAIL: objc/execute/bf-6.m compilation, -O
FAIL: objc/execute/bf-7.m compilation, -O
FAIL: objc/execute/bf-8.m compilation, -O
FAIL: objc/execute/bf-9.m compilation, -O
FAIL: objc/execute/bycopy-1.m compilation, -O
FAIL: objc/execute/bycopy-2.m compilation, -O
FAIL: objc/execute/bycopy-3.m compilation, -O
FAIL: objc/execute/class-1.m compilation, -O
FAIL: objc/execute/class-10.m compilation, -O
FAIL: objc/execute/class-11.m compilation, -O
FAIL: objc/execute/class-12.m compilation, -O
FAIL: objc/execute/class-13.m compilation, -O
FAIL: objc/execute/class-14.m compilation, -O
FAIL: objc/execute/class-2.m compilation, -O
FAIL: objc/execute/class-3.m compilation, -O
FAIL: objc/execute/class-4.m compilation, -O
FAIL: objc/execute/class-5.m compilation, -O
FAIL: objc/execute/class-6.m compilation, -O
FAIL: objc/execute/class-7.m compilation, -O
FAIL: objc/execute/class-8.m compilation, -O
FAIL: objc/execute/class-9.m compilation, -O
FAIL: objc/execute/compatibility_alias.m compilation, -O
FAIL: objc/execute/encode-1.m compilation, -O
FAIL: objc/execute/fdecl.m compilation, -O
FAIL: objc/execute/formal_protocol-1.m compilation, -O
FAIL: objc/execute/formal_protocol-2.m compilation, -O
FAIL: objc/execute/formal_protocol-3.m compilation, -O
FAIL: objc/execute/formal_protocol-4.m compilation, -O
FAIL: objc/execute/formal_protocol-5.m compilation, -O
FAIL: objc/execute/formal_protocol-6.m compilation, -O
FAIL: objc/execute/formal_protocol-7.m compilation, -O
FAIL: objc/execute/informal_protocol.m compilation, -O
FAIL: objc/execute/initialize.m compilation, -O
FAIL: objc/execute/load.m compilation, -O
FAIL: objc/execute/many_args_method.m compilation, -O
FAIL: objc/execute/nested-1.m compilation, -O
FAIL: objc/execute/nested-2.m compilation, -O
FAIL: objc/execute/nested-3.m compilation, -O
FAIL: objc/execute/no_clash.m compilation, -O
FAIL: objc/execute/np-1.m compilation, -O
FAIL: objc/execute/np-2.m compilation, -O
FAIL: objc/execute/paste.m compilation, -O
FAIL: objc/execute/private.m compilation, -O
FAIL: objc/execute/protocol.m compilation, -O
FAIL: objc/execute/redefining_self.m compilation, -O
FAIL: objc/execute/root_methods.m compilation, -O
FAIL: objc/execute/selector-1.m compilation, -O
FAIL: objc/execute/static-1.m compilation, -O
FAIL: objc/execute/static-2.m compilation, -O
FAIL: objc/execute/string1.m compilation, -O
FAIL: objc/execute/string2.m compilation, -O
FAIL: objc/execute/string3.m compilation, -O
FAIL: objc/execute/string4.m compilation, -O
FAIL: objc/execute/va_method.m compilation, -O
=== objc Summary ===
# of unexpected failures 73
# of untested testcases 73
/tmp/egcs/gcc/xgcc version 3.0 20010430 (prerelease)
Compiler version: 3.0 20010430 (prerelease)
Platform: sparc-sun-solaris2.6
BOOT_CFLAGS: -g -O9 -W -Wall
Counting all warnings,
there are 100 warnings in stage3 of this bootstrap.
Number of warnings per file:
29 gcc/combine.c
6 gcc/frame-dwarf2.c
6 gcc/cse.c
6 gcc/cp/pt.c
5 gcc/reload1.c
5 gcc/libgcc2.c
5 gcc/expr.c
5 gcc/cp/error.c
4 gcc/gcc.c
4 gcc/cp/call.c
4 gcc/config/sparc/sparc.c
2 gcc/reload.c
2 gcc/function.c
2 gcc/fold-const.c
2 gcc/alias.c
1 gcc/sched-deps.c
1 gcc/regmove.c
1 gcc/objc/lang-specs.h
1 gcc/java/jvspec.c
1 gcc/flow.c
1 gcc/final.c
1 gcc/f/lang-specs.h
1 gcc/expmed.c
1 gcc/dwarfout.c
1 gcc/cp/typeck2.c
1 gcc/cp/lang-specs.h
1 gcc/cp/init.c
1 gcc/cp/errfn.c
Number of warning types:
52 comparison between signed and unsigned
11 signed and unsigned type in conditional expression
10 `???' might be used uninitialized in this function
8 string length `???' is greater than the length `???' ISO C89 compilers are required to support
5 initialization from incompatible pointer type
5 (near initialization for `???')
3 missing braces around initializer
2 missing initializer
1 pointer targets in passing arg ??? of `???' differ in signedness
1 passing arg ??? of `???' discards qualifiers from pointer target type
1 implicit declaration of function `???'
1 function declaration isn't a prototype