This is the mail archive of the
gcc-testresults@gcc.gnu.org
mailing list for the GCC project.
Results for 3.1 20010501 (experimental) testsuite on i686-pc-linux-gnu
- To: gcc-testresults at gcc dot gnu dot org
- Subject: Results for 3.1 20010501 (experimental) testsuite on i686-pc-linux-gnu
- From: Michael Ritzert <michael dot ritzert at realtech dot de>
- Date: Wed, 2 May 2001 10:58:48 +0200
Native configuration is i686-pc-linux-gnu
=== libstdc++ tests ===
Running target unix
FAIL: 22_locale/members.cc (test for excess errors), static
FAIL: 22_locale/members.cc (test for excess errors), shared
FAIL: 22_locale/ctor_copy_dtor.cc (test for excess errors), static
FAIL: 22_locale/ctor_copy_dtor.cc (test for excess errors), shared
FAIL: 22_locale/static_members.cc (test for excess errors), static
FAIL: 22_locale/static_members.cc (test for excess errors), shared
FAIL: 22_locale/codecvt_unicode_char.cc (execution test), static
FAIL: 22_locale/codecvt_unicode_char.cc (execution test), shared
FAIL: 22_locale/numpunct_byname.cc (test for excess errors), static
FAIL: 22_locale/numpunct_byname.cc (test for excess errors), shared
FAIL: 22_locale/numpunct_char_members.cc (test for excess errors), static
FAIL: 22_locale/numpunct_char_members.cc (test for excess errors), shared
FAIL: 22_locale/operators.cc (test for excess errors), static
FAIL: 22_locale/operators.cc (test for excess errors), shared
FAIL: 22_locale/codecvt_unicode_wchar_t.cc (execution test), static
FAIL: 22_locale/codecvt_unicode_wchar_t.cc (execution test), shared
FAIL: 26_numerics/complex_value.cc (test for excess errors), static
FAIL: 26_numerics/complex_value.cc (test for excess errors), shared
FAIL: 21_strings/compare.cc (test for excess errors), static
FAIL: 21_strings/compare.cc (test for excess errors), shared
FAIL: 21_strings/ctor_copy_dtor.cc (execution test), static
FAIL: 21_strings/insert.cc (execution test), static
FAIL: 21_strings/inserters_extractors.cc (test for excess errors), static
FAIL: 21_strings/inserters_extractors.cc (test for excess errors), shared
FAIL: 27_io/istream_seeks.cc (test for excess errors), static
FAIL: 27_io/istream_seeks.cc (test for excess errors), shared
FAIL: 27_io/ostream_manip.cc (test for excess errors), static
FAIL: 27_io/ostream_manip.cc (test for excess errors), shared
FAIL: 27_io/istream_extractor_other.cc (test for excess errors), static
FAIL: 27_io/istream_extractor_other.cc (test for excess errors), shared
FAIL: 27_io/ostream_inserter_other.cc (test for excess errors), static
FAIL: 27_io/ostream_inserter_other.cc (test for excess errors), shared
FAIL: 27_io/istream_sentry.cc (test for excess errors), static
FAIL: 27_io/istream_sentry.cc (test for excess errors), shared
FAIL: 27_io/istream_unformatted.cc (test for excess errors), static
FAIL: 27_io/istream_unformatted.cc (test for excess errors), shared
FAIL: 27_io/ios_members.cc (execution test), static
FAIL: 27_io/ostream_seeks.cc (test for excess errors), static
FAIL: 27_io/ostream_seeks.cc (test for excess errors), shared
FAIL: 27_io/ios_base_storage.cc (test for excess errors), static
FAIL: 27_io/ios_base_storage.cc (test for excess errors), shared
FAIL: 27_io/ostream_unformatted.cc (test for excess errors), static
FAIL: 27_io/ostream_unformatted.cc (test for excess errors), shared
=== libstdc++ Summary ===
# of expected passes 335
# of unexpected failures 43
# of expected failures 16
/home/ritzert/compile/gcc/HEAD/gcc/libstdc++-v3 version 20010417
=== gcc tests ===
Running target unix
FAIL: gcc.c-torture/execute/20010114-2.c execution, -O1
FAIL: gcc.c-torture/execute/20010114-2.c execution, -O2
FAIL: gcc.c-torture/execute/20010114-2.c execution, -Os
FAIL: gcc.c-torture/execute/loop-2b.c execution, -O2
=== gcc Summary ===
# of expected passes 15258
# of unexpected failures 4
# of expected failures 84
# of unsupported tests 21
/home/ritzert/compile/gcc/HEAD/apathix.realtech.de-auto/gcc/xgcc version 3.1 20010501 (experimental)
=== g++ tests ===
Running target unix
FAIL: g++.ext/instantiate1.C not instantiated (test for errors, line 20)
XPASS: g++.other/crash27.C (test for excess errors)
=== g++ Summary ===
# of expected passes 6459
# of unexpected failures 1
# of unexpected successes 1
# of expected failures 102
# of untested testcases 9
/home/ritzert/compile/gcc/HEAD/apathix.realtech.de-auto/gcc/testsuite/../g++ version 3.1 20010501 (experimental)
Compiler version: 3.1 20010501 (experimental)
Platform: i686-pc-linux-gnu
configure flags: --host=i686-pc-linux-gnu --enable-languages=c++ --enable-threads --prefix=/opt/gcc